This is the mail archive of the gcc-testresults@gcc.gnu.org mailing list for the GCC project.


Index Nav: [Date Index] [Subject Index] [Author Index] [Thread Index]
Message Nav: [Date Prev] [Date Next] [Thread Prev] [Thread Next]
Other format: [Raw text]

Results for 4.6.3 (GCC) testsuite on x86_64-unknown-linux-gnu


LAST_UPDATED: Obtained from SVN: tags/gcc_4_6_3_release revision 184738

Native configuration is x86_64-unknown-linux-gnu

		=== gcc tests ===


Running target unix
FAIL: gcc.c-torture/compile/limits-exprparen.c  -O0  (internal compiler error)
FAIL: gcc.c-torture/compile/limits-exprparen.c  -O0  (test for excess errors)
FAIL: gcc.c-torture/compile/limits-exprparen.c  -O1  (internal compiler error)
FAIL: gcc.c-torture/compile/limits-exprparen.c  -O1  (test for excess errors)
FAIL: gcc.c-torture/compile/limits-exprparen.c  -O2  (internal compiler error)
FAIL: gcc.c-torture/compile/limits-exprparen.c  -O2  (test for excess errors)
FAIL: gcc.c-torture/compile/limits-exprparen.c  -O3 -fomit-frame-pointer  (internal compiler error)
FAIL: gcc.c-torture/compile/limits-exprparen.c  -O3 -fomit-frame-pointer  (test for excess errors)
FAIL: gcc.c-torture/compile/limits-exprparen.c  -O3 -g  (internal compiler error)
FAIL: gcc.c-torture/compile/limits-exprparen.c  -O3 -g  (test for excess errors)
FAIL: gcc.c-torture/compile/limits-exprparen.c  -Os  (internal compiler error)
FAIL: gcc.c-torture/compile/limits-exprparen.c  -Os  (test for excess errors)
FAIL: gcc.c-torture/compile/limits-exprparen.c  -O2 -flto -flto-partition=none  (internal compiler error)
FAIL: gcc.c-torture/compile/limits-exprparen.c  -O2 -flto -flto-partition=none  (test for excess errors)
FAIL: gcc.c-torture/compile/limits-exprparen.c  -O2 -flto  (internal compiler error)
FAIL: gcc.c-torture/compile/limits-exprparen.c  -O2 -flto  (test for excess errors)
FAIL: gcc.dg/vect/vect-104.c scan-tree-dump-times vect "possible dependence between data-refs" 1
FAIL: gcc.dg/vect/vect-6.c scan-tree-dump-times vect "Vectorizing an unaligned access" 0
FAIL: gcc.dg/vect/vect-all.c scan-tree-dump-times vect "Vectorizing an unaligned access" 0
FAIL: gcc.dg/vect/vect-outer-1.c scan-tree-dump-times vect "strided access in outer loop" 1
FAIL: gcc.dg/vect/vect-outer-1a.c scan-tree-dump-times vect "strided access in outer loop" 1
FAIL: gcc.dg/vect/vect-outer-1b.c scan-tree-dump-times vect "strided access in outer loop" 1
FAIL: gcc.dg/vect/vect-outer-2b.c scan-tree-dump-times vect "strided access in outer loop." 1
FAIL: gcc.dg/vect/vect-outer-3a.c scan-tree-dump-times vect "step doesn't divide the vector-size" 2
FAIL: gcc.dg/vect/vect-outer-3b.c scan-tree-dump-times vect "strided access in outer loop" 2
FAIL: gcc.dg/vect/vect-outer-5.c scan-tree-dump-times vect "zero step in outer loop." 1
FAIL: gcc.dg/vect/vect-reduc-dot-s8b.c scan-tree-dump-times vect "vect_recog_widen_mult_pattern: detected" 1
FAIL: gcc.dg/vect/no-vfa-vect-101.c scan-tree-dump-times vect "can't determine dependence" 1
FAIL: gcc.dg/vect/no-vfa-vect-102.c scan-tree-dump-times vect "possible dependence between data-refs" 1
FAIL: gcc.dg/vect/no-vfa-vect-102a.c scan-tree-dump-times vect "possible dependence between data-refs" 1
FAIL: gcc.dg/vect/no-vfa-vect-37.c scan-tree-dump-times vect "can't determine dependence between" 2
FAIL: gcc.dg/vect/no-vfa-vect-79.c scan-tree-dump-times vect "can't determine dependence between" 1
FAIL: gcc.target/i386/funcspec-3.c scan-assembler call\\t(.*)popcountdi2
FAIL: gcc.target/i386/isa-1.c execution test
FAIL: gcc.target/i386/isa-6.c execution test
FAIL: gcc.target/i386/isa-9.c execution test
FAIL: gcc.target/i386/opt-1.c scan-assembler prefetcht0
FAIL: gcc.target/i386/opt-2.c scan-assembler prefetcht0
FAIL: gcc.target/i386/pad-1.c scan-assembler rep
FAIL: gcc.target/i386/pad-2.c scan-assembler-times nop 8
FAIL: gcc.target/i386/pad-5b.c scan-assembler-times nop 4
FAIL: gcc.target/i386/pad-6b.c scan-assembler-times nop 6
FAIL: gcc.target/i386/pad-8.c scan-assembler-times nop 6
FAIL: gcc.target/i386/parity-1.c scan-assembler setnp
FAIL: gcc.target/i386/parity-2.c scan-assembler setnp
FAIL: gcc.target/i386/pr38824.c scan-assembler-not addps[^\\\\n]*%[er]
FAIL: gcc.target/i386/recip-vec-sqrtf.c scan-assembler-times rsqrtps 3
FAIL: gcc.target/i386/sse-19.c scan-assembler punpcklbw
FAIL: gcc.target/i386/sse2-init-v2di-2.c scan-assembler-times \\\\*vec_concatv2di_rex64_sse4_1/3 1
FAIL: gcc.target/i386/ssefp-1.c scan-assembler maxsd
FAIL: gcc.target/i386/ssefp-1.c scan-assembler minsd
FAIL: gcc.target/i386/ssefp-2.c scan-assembler maxsd
FAIL: gcc.target/i386/ssefp-2.c scan-assembler minsd
FAIL: gcc.target/i386/vecinit-1.c scan-assembler-not xor
FAIL: gcc.target/i386/vecinit-2.c scan-assembler-not xor

		=== gcc Summary ===

# of expected passes		78398
# of unexpected failures	55
# of expected failures		216
# of unsupported tests		1067
/usr/local/src/gcc463/gcc-4.6.3/host-x86_64-unknown-linux-gnu/gcc/xgcc  version 4.6.3 (GCC) 

		=== gfortran tests ===


Running target unix
FAIL: gfortran.dg/vect/pr19049.f90  -O  scan-tree-dump-times vect "complicated access pattern" 1
FAIL: gfortran.dg/vect/fast-math-mgrid-resid.f scan-tree-dump-times optimized "vect_var[^\\n]*\\+ " 13

		=== gfortran Summary ===

# of expected passes		39182
# of unexpected failures	2
# of expected failures		53
# of unsupported tests		78
/usr/local/src/gcc463/gcc-4.6.3/host-x86_64-unknown-linux-gnu/gcc/testsuite/gfortran/../../gfortran  version 4.6.3 (GCC) 

		=== g++ tests ===


Running target unix
XPASS: g++.dg/uninit-pred-3_b.C (test for excess errors)

		=== g++ Summary ===

# of expected passes		27696
# of unexpected successes	1
# of expected failures		168
# of unsupported tests		345
/usr/local/src/gcc463/gcc-4.6.3/host-x86_64-unknown-linux-gnu/gcc/testsuite/g++/../../g++  version 4.6.3 (GCC) 

		=== objc tests ===


Running target unix

		=== objc Summary ===

# of expected passes		2910
# of expected failures		16
# of unsupported tests		74
/usr/local/src/gcc463/gcc-4.6.3/host-x86_64-unknown-linux-gnu/gcc/xgcc  version 4.6.3 (GCC) 

		=== libffi tests ===


Running target unix

		=== libffi Summary ===

# of expected passes		1634
# of expected failures		10
# of unsupported tests		15
		=== libgomp tests ===


Running target unix
FAIL: libgomp.c/pr46886.c execution test
FAIL: libgomp.graphite/force-parallel-1.c execution test

		=== libgomp Summary ===

# of expected passes		2678
# of unexpected failures	2
		=== libjava tests ===


Running target unix

		=== libjava Summary ===

# of expected passes		2574
		=== libmudflap tests ===


Running target unix
ERROR: tcl error sourcing /home/darrell/build/gcc463/gcc-4.6.3/libmudflap/testsuite/libmudflap.c/cfrags.exp.
ERROR: couldn't execute "/xgcc": no such file or directory
ERROR: tcl error sourcing /home/darrell/build/gcc463/gcc-4.6.3/libmudflap/testsuite/libmudflap.c/externs.exp.
ERROR: couldn't execute "/xgcc": no such file or directory
ERROR: tcl error sourcing /home/darrell/build/gcc463/gcc-4.6.3/libmudflap/testsuite/libmudflap.c++/c++frags.exp.
ERROR: couldn't execute "/xgcc": no such file or directory
ERROR: tcl error sourcing /home/darrell/build/gcc463/gcc-4.6.3/libmudflap/testsuite/libmudflap.c++/ctors.exp.
ERROR: couldn't execute "/xgcc": no such file or directory
ERROR: tcl error sourcing /home/darrell/build/gcc463/gcc-4.6.3/libmudflap/testsuite/libmudflap.cth/cthfrags.exp.
ERROR: couldn't execute "/xgcc": no such file or directory

		=== libmudflap Summary ===

		=== libstdc++ tests ===


Running target unix
FAIL: libstdc++-abi/abi_check

		=== libstdc++ Summary ===

# of expected passes		7763
# of unexpected failures	1
# of expected failures		84
# of unsupported tests		393

Compiler version: 4.6.3 (GCC) 
Platform: x86_64-unknown-linux-gnu
configure flags: --prefix=/usr/local/compilers/gcc463 --bindir=/usr/local/compilers/gcc463/x86_64-pc-linux-gnu/gcc-bin/4.6.3 --includedir=/usr/local/compilers/gcc463/lib/gcc/x86_64-pc-linux-gnu/4.6.3/include --datadir=/usr/local/compilers/gcc463/share/gcc-data/x86_64-pc-linux-gnu/4.6.3 --mandir=/usr/local/compilers/gcc463/share/gcc-data/x86_64-pc-linux-gnu/4.6.3/man --infodir=/usr/local/compilers/gcc463/share/gcc-data/x86_64-pc-linux-gnu/4.6.3/info --with-gxx-include-dir=/usr/local/compilers/gcc463/lib/gcc/x86_64-pc-linux-gnu/4.6.3/include/g++-v4 --disable-altivec --disable-fixed-point --with-ppl --with-cloog --disable-ppl-version-check --with-cloog-include=/usr/include/cloog-ppl --enable-lto --disable-nls --disable-werror --enable-secureplt --disable-multilib --enable-libmudflap --enable-libgomp --with-python-dir=/usr/local/compilers/gcc463/share/gcc-data/x86_64-pc-linux-gnu/4.6.3/python --enable-threads=posix --enable-__cxa_atexit --enable-clocale=gnu --with-fpmath=avx --en
 able-plugin --with-build-config='bootstrap-time bootstrap-debug bootstrap-debug-big'


Index Nav: [Date Index] [Subject Index] [Author Index] [Thread Index]
Message Nav: [Date Prev] [Date Next] [Thread Prev] [Thread Next]