This is the mail archive of the
gcc-testresults@gcc.gnu.org
mailing list for the GCC project.
Results for 4.6.4 20120504 (prerelease) [gcc-4_6-branch revision 187133] (GCC) testsuite on sparc-sun-solaris2.8
- From: Rainer Orth <ro at CeBiTec dot Uni-Bielefeld dot DE>
- To: gcc-testresults at gcc dot gnu dot org
- Date: Mon, 7 May 2012 10:57:10 +0200 (MEST)
- Subject: Results for 4.6.4 20120504 (prerelease) [gcc-4_6-branch revision 187133] (GCC) testsuite on sparc-sun-solaris2.8
LAST_UPDATED: Fri May 4 15:28:24 UTC 2012 (revision 187133)
=== acats tests ===
=== acats Summary ===
# of expected passes 2321
# of unexpected failures 0
Native configuration is sparc-sun-solaris2.8
=== g++ tests ===
Running target unix
ERROR: g++.dg/cpp0x/variadic-value1.C: syntax error in target selector "target c++11" for " dg-do 2 run { target c++11 } "
UNRESOLVED: g++.dg/cpp0x/variadic-value1.C: syntax error in target selector "target c++11" for " dg-do 2 run { target c++11 } "
XPASS: g++.dg/uninit-pred-3_b.C (test for excess errors)
FAIL: g++.dg/lto/20091219 cp_lto_20091219_0.o-cp_lto_20091219_0.o link, -O3 -flto
UNRESOLVED: g++.dg/lto/20091219 cp_lto_20091219_0.o-cp_lto_20091219_0.o execute -O3 -flto
FAIL: g++.dg/torture/pr31863.C -O2 -flto (test for excess errors)
=== g++ Summary for unix ===
# of expected passes 26455
# of unexpected failures 2
# of unexpected successes 1
# of expected failures 170
# of unresolved testcases 2
# of unsupported tests 504
Running target unix/-m64
WARNING: program timed out.
FAIL: g++.dg/compat/init/init-ref2 cp_compat_main_tst.o compile
UNRESOLVED: g++.dg/compat/init/init-ref2 cp_compat_x_tst.o-cp_compat_y_tst.o link
UNRESOLVED: g++.dg/compat/init/init-ref2 cp_compat_x_tst.o-cp_compat_y_tst.o execute
ERROR: g++.dg/cpp0x/variadic-value1.C: syntax error in target selector "target c++11" for " dg-do 2 run { target c++11 } "
UNRESOLVED: g++.dg/cpp0x/variadic-value1.C: syntax error in target selector "target c++11" for " dg-do 2 run { target c++11 } "
XPASS: g++.dg/uninit-pred-3_b.C (test for excess errors)
FAIL: g++.dg/lto/20091219 cp_lto_20091219_0.o-cp_lto_20091219_0.o link, -O3 -flto
UNRESOLVED: g++.dg/lto/20091219 cp_lto_20091219_0.o-cp_lto_20091219_0.o execute -O3 -flto
FAIL: g++.dg/torture/pr31863.C -O2 -flto (test for excess errors)
=== g++ Summary for unix/-m64 ===
# of expected passes 27064
# of unexpected failures 3
# of unexpected successes 1
# of expected failures 170
# of unresolved testcases 4
# of unsupported tests 501
=== g++ Summary ===
# of expected passes 53519
# of unexpected failures 5
# of unexpected successes 2
# of expected failures 340
# of unresolved testcases 6
# of unsupported tests 1005
/var/gcc/regression/gcc-4.6-branch/8-gcc/build/gcc/testsuite/g++/../../g++ version 4.6.4 20120504 (prerelease) [gcc-4_6-branch revision 187133] (GCC)
=== gcc tests ===
Running target unix
WARNING: program timed out.
FAIL: gcc.c-torture/compile/limits-fndefn.c -O3 -g (test for excess errors)
WARNING: program timed out.
FAIL: gcc.c-torture/compile/limits-pointer.c -Os (test for excess errors)
FAIL: gcc.c-torture/execute/pr39501.c compilation, -O1
UNRESOLVED: gcc.c-torture/execute/pr39501.c execution, -O1
WARNING: program timed out.
FAIL: gcc.dg/lto/20110201-1 c_lto_20110201-1_0.o-c_lto_20110201-1_0.o link, -O0 -flto
UNRESOLVED: gcc.dg/lto/20110201-1 c_lto_20110201-1_0.o-c_lto_20110201-1_0.o execute -O0 -flto
=== gcc Summary for unix ===
# of expected passes 70466
# of unexpected failures 4
# of expected failures 235
# of unresolved testcases 2
# of unsupported tests 1241
Running target unix/-m64
WARNING: program timed out.
FAIL: gcc.c-torture/execute/builtins/strcat-chk.c compilation, -O3 -fomit-frame-pointer
UNRESOLVED: gcc.c-torture/execute/builtins/strcat-chk.c execution, -O3 -fomit-frame-pointer
WARNING: program timed out.
FAIL: gcc.c-torture/execute/builtins/strncat-chk.c compilation, -O2 -flto -flto-partition=none
UNRESOLVED: gcc.c-torture/execute/builtins/strncat-chk.c execution, -O2 -flto -flto-partition=none
FAIL: gcc.c-torture/execute/20010409-1.c compilation, -Os
UNRESOLVED: gcc.c-torture/execute/20010409-1.c execution, -Os
FAIL: gcc.c-torture/execute/20011217-1.c compilation, -O0
UNRESOLVED: gcc.c-torture/execute/20011217-1.c execution, -O0
WARNING: program timed out.
WARNING: program timed out.
WARNING: program timed out.
FAIL: gcc.dg/cpp/cmdlne-dM-dD.c (test for excess errors)
WARNING: program timed out.
FAIL: gcc.dg/debug/const-1.c -gdwarf-2 -O (test for excess errors)
=== gcc Summary for unix/-m64 ===
# of expected passes 71049
# of unexpected failures 6
# of expected failures 227
# of unresolved testcases 4
# of unsupported tests 1243
=== gcc Summary ===
# of expected passes 141515
# of unexpected failures 10
# of expected failures 462
# of unresolved testcases 6
# of unsupported tests 2484
/var/gcc/regression/gcc-4.6-branch/8-gcc/build/gcc/xgcc version 4.6.4 20120504 (prerelease) [gcc-4_6-branch revision 187133] (GCC)
=== gfortran tests ===
Running target unix
FAIL: gfortran.dg/widechar_intrinsics_10.f90 -O1 (test for excess errors)
WARNING: gfortran.dg/widechar_intrinsics_10.f90 -O1 compilation failed to produce executable
FAIL: gfortran.dg/x_slash_1.f -O3 -fomit-frame-pointer (test for excess errors)
WARNING: gfortran.dg/x_slash_1.f -O3 -fomit-frame-pointer compilation failed to produce executable
WARNING: program timed out.
WARNING: program timed out.
=== gfortran Summary for unix ===
# of expected passes 38402
# of unexpected failures 2
# of expected failures 43
# of unsupported tests 396
Running target unix/-m64
FAIL: gfortran.dg/any_all_1.f90 -O3 -fomit-frame-pointer -funroll-loops (test for excess errors)
WARNING: gfortran.dg/any_all_1.f90 -O3 -fomit-frame-pointer -funroll-loops compilation failed to produce executable
FAIL: gfortran.dg/default_format_1.f90 -O2 (test for excess errors)
WARNING: gfortran.dg/default_format_1.f90 -O2 compilation failed to produce executable
FAIL: gfortran.dg/derived_init_1.f90 -O3 -g (test for excess errors)
WARNING: program timed out.
WARNING: program timed out.
WARNING: program timed out.
WARNING: program timed out.
WARNING: program timed out.
FAIL: gfortran.fortran-torture/execute/where21.f90 compilation, -O2 -fomit-frame-pointer -finline-functions
=== gfortran Summary for unix/-m64 ===
# of expected passes 38685
# of unexpected failures 4
# of expected failures 43
# of untested testcases 1
# of unsupported tests 252
=== gfortran Summary ===
# of expected passes 77087
# of unexpected failures 6
# of expected failures 86
# of untested testcases 1
# of unsupported tests 648
/var/gcc/regression/gcc-4.6-branch/8-gcc/build/gcc/testsuite/gfortran/../../gfortran version 4.6.4 20120504 (prerelease) [gcc-4_6-branch revision 187133] (GCC)
=== gnat tests ===
Running target unix
=== gnat Summary for unix ===
# of expected passes 873
# of expected failures 10
# of unsupported tests 4
Running target unix/-m64
=== gnat Summary for unix/-m64 ===
# of expected passes 873
# of expected failures 10
# of unsupported tests 4
=== gnat Summary ===
# of expected passes 1746
# of expected failures 20
# of unsupported tests 8
/var/gcc/regression/gcc-4.6-branch/8-gcc/build/gcc/gnatmake version 4.6.4 20120504 (prerelease) [gcc-4_6-branch revision 187133]
=== objc tests ===
Running target unix
=== objc Summary for unix ===
# of expected passes 2916
# of expected failures 10
# of unsupported tests 74
Running target unix/-m64
=== objc Summary for unix/-m64 ===
# of expected passes 2916
# of expected failures 10
# of unsupported tests 74
=== objc Summary ===
# of expected passes 5832
# of expected failures 20
# of unsupported tests 148
/var/gcc/regression/gcc-4.6-branch/8-gcc/build/gcc/xgcc version 4.6.4 20120504 (prerelease) [gcc-4_6-branch revision 187133] (GCC)
=== libffi tests ===
Running target unix
=== libffi Summary for unix ===
# of expected passes 1634
# of expected failures 10
# of unsupported tests 15
Running target unix/-m64
=== libffi Summary for unix/-m64 ===
# of expected passes 1634
# of expected failures 10
# of unsupported tests 15
=== libffi Summary ===
# of expected passes 3268
# of expected failures 20
# of unsupported tests 30
=== libgomp tests ===
Running target unix
=== libgomp Summary for unix ===
# of expected passes 2614
# of unsupported tests 10
Running target unix/-m64
WARNING: program timed out.
FAIL: libgomp.fortran/threadprivate1.f90 -O1 (test for excess errors)
WARNING: libgomp.fortran/threadprivate1.f90 -O1 compilation failed to produce executable
WARNING: program timed out.
FAIL: libgomp.fortran/vla3.f90 -O3 -fomit-frame-pointer (test for excess errors)
WARNING: libgomp.fortran/vla3.f90 -O3 -fomit-frame-pointer compilation failed to produce executable
=== libgomp Summary for unix/-m64 ===
# of expected passes 2610
# of unexpected failures 2
# of unsupported tests 10
=== libgomp Summary ===
# of expected passes 5224
# of unexpected failures 2
# of unsupported tests 20
=== libjava tests ===
Running target unix
FAIL: InvokeInterface execution - source compiled test
FAIL: InvokeInterface -O3 execution - source compiled test
=== libjava Summary for unix ===
# of expected passes 2570
# of unexpected failures 2
# of untested testcases 2
Running target unix/-m64
FAIL: InvokeInterface execution - source compiled test
FAIL: InvokeInterface -O3 execution - source compiled test
WARNING: program timed out.
FAIL: PR29013 -O3 compilation from source
WARNING: program timed out.
FAIL: Process_1 compilation from source
=== libjava Summary for unix/-m64 ===
# of expected passes 2564
# of unexpected failures 4
# of untested testcases 6
=== libjava Summary ===
# of expected passes 5134
# of unexpected failures 6
# of untested testcases 8
=== libstdc++ tests ===
Running target unix
FAIL: 27_io/ios_base/callbacks/1.cc (test for excess errors)
WARNING: 27_io/ios_base/callbacks/1.cc compilation failed to produce executable
WARNING: program timed out.
WARNING: program timed out.
FAIL: tr1/6_containers/unordered_map/swap/1.cc (test for excess errors)
WARNING: tr1/6_containers/unordered_map/swap/1.cc compilation failed to produce executable
=== libstdc++ Summary for unix ===
# of expected passes 6905
# of unexpected failures 2
# of expected failures 84
# of unsupported tests 743
Running target unix/-m64
FAIL: 22_locale/numpunct/members/char/cache_2.cc (test for excess errors)
FAIL: ext/pb_ds/regression/hash_no_data_map_rand.cc (test for excess errors)
WARNING: ext/pb_ds/regression/hash_no_data_map_rand.cc compilation failed to produce executable
WARNING: program timed out.
WARNING: program timed out.
=== libstdc++ Summary for unix/-m64 ===
# of expected passes 6906
# of unexpected failures 2
# of expected failures 84
# of unsupported tests 743
=== libstdc++ Summary ===
# of expected passes 13811
# of unexpected failures 4
# of expected failures 168
# of unsupported tests 1486
Compiler version: 4.6.4 20120504 (prerelease) [gcc-4_6-branch revision 187133] (GCC)
Platform: sparc-sun-solaris2.8
configure flags: --prefix=/vol/gcc --target=sparc-sun-solaris2.8 --with-gmp-include=/vol/gcc/include --with-gmp-lib=/vol/gcc/lib --with-mpfr-include=/vol/gcc/include --with-mpfr-lib=/vol/gcc/lib --with-mpc-include=/vol/gcc/include --with-mpc-lib=/vol/gcc/lib --enable-languages=all,ada --without-ppl --without-cloog
BOOT_CFLAGS=-g -O2