This is the mail archive of the gcc-testresults@gcc.gnu.org mailing list for the GCC project.


Index Nav: [Date Index] [Subject Index] [Author Index] [Thread Index]
Message Nav: [Date Prev] [Date Next] [Thread Prev] [Thread Next]
Other format: [Raw text]

Results for 4.8.0 20120506 (experimental) [trunk revision 187203] (GCC) testsuite on x86_64-unknown-linux-gnu


LAST_UPDATED: Sun May  6 08:25:55 UTC 2012 (revision 187203)

Native configuration is x86_64-unknown-linux-gnu

		=== g++ tests ===


Running target unix

		=== g++ Summary for unix ===

# of expected passes		41766
# of expected failures		280
# of unsupported tests		366

Running target unix/-m32

		=== g++ Summary for unix/-m32 ===

# of expected passes		40679
# of expected failures		280
# of unsupported tests		298

		=== g++ Summary ===

# of expected passes		82445
# of expected failures		560
# of unsupported tests		664
/nightly/gcc.svn/test-intel64corei7avx/gcc-build-trunk/bld/gcc/testsuite/g++/../../g++  version 4.8.0 20120506 (experimental) [trunk revision 187203] (GCC) 

		=== gcc tests ===


Running target unix
XPASS: gcc.dg/Wstrict-overflow-18.c  (test for bogus messages, line 20)
XPASS: gcc.dg/inline_3.c (test for excess errors)
XPASS: gcc.dg/inline_4.c (test for excess errors)
XPASS: gcc.dg/unroll_2.c (test for excess errors)
XPASS: gcc.dg/unroll_3.c (test for excess errors)
XPASS: gcc.dg/unroll_4.c (test for excess errors)
XPASS: gcc.dg/guality/example.c  -O0  execution test
XPASS: gcc.dg/guality/example.c  -O1  execution test
XPASS: gcc.dg/guality/example.c  -O2  execution test
XPASS: gcc.dg/guality/example.c  -O2 -flto -flto-partition=none  execution test
XPASS: gcc.dg/guality/example.c  -O2 -flto  execution test
XPASS: gcc.dg/guality/guality.c  -O0  execution test
XPASS: gcc.dg/guality/guality.c  -O1  execution test
XPASS: gcc.dg/guality/guality.c  -O2  execution test
XPASS: gcc.dg/guality/guality.c  -O3 -fomit-frame-pointer  execution test
XPASS: gcc.dg/guality/guality.c  -O3 -g  execution test
XPASS: gcc.dg/guality/guality.c  -Os  execution test
XPASS: gcc.dg/guality/guality.c  -O2 -flto -flto-partition=none  execution test
XPASS: gcc.dg/guality/guality.c  -O2 -flto  execution test
XPASS: gcc.dg/guality/inline-params.c  -O2  execution test
XPASS: gcc.dg/guality/inline-params.c  -O3 -fomit-frame-pointer  execution test
XPASS: gcc.dg/guality/inline-params.c  -O3 -g  execution test
XPASS: gcc.dg/guality/inline-params.c  -Os  execution test
XPASS: gcc.dg/guality/inline-params.c  -O2 -flto -flto-partition=none  execution test
XPASS: gcc.dg/guality/inline-params.c  -O2 -flto  execution test
XPASS: gcc.dg/guality/pr41353-1.c  -O0  line 28 j == 28 + 37
XPASS: gcc.dg/guality/pr41353-1.c  -O1  line 28 j == 28 + 37
XPASS: gcc.dg/guality/pr41353-1.c  -O2  line 28 j == 28 + 37
XPASS: gcc.dg/guality/pr41353-1.c  -O3 -fomit-frame-pointer  line 28 j == 28 + 37
XPASS: gcc.dg/guality/pr41353-1.c  -O3 -g  line 28 j == 28 + 37
XPASS: gcc.dg/guality/pr41353-1.c  -Os  line 28 j == 28 + 37
XPASS: gcc.dg/guality/pr41353-1.c  -O2 -flto -flto-partition=none  line 28 j == 28 + 37
XPASS: gcc.dg/guality/pr41353-1.c  -O2 -flto  line 28 j == 28 + 37
XPASS: gcc.dg/guality/pr41447-1.c  -O0  execution test
XPASS: gcc.dg/guality/pr41447-1.c  -O1  execution test
XPASS: gcc.dg/guality/pr41447-1.c  -O2  execution test
XPASS: gcc.dg/guality/pr41447-1.c  -O3 -fomit-frame-pointer  execution test
XPASS: gcc.dg/guality/pr41447-1.c  -O3 -g  execution test
XPASS: gcc.dg/guality/pr41447-1.c  -Os  execution test
XPASS: gcc.dg/guality/pr41447-1.c  -O2 -flto -flto-partition=none  execution test
XPASS: gcc.dg/guality/pr41447-1.c  -O2 -flto  execution test
XPASS: gcc.dg/guality/pr41616-1.c  -O0  execution test
XPASS: gcc.dg/guality/pr41616-1.c  -O1  execution test
XPASS: gcc.dg/guality/pr41616-1.c  -O2  execution test
XPASS: gcc.dg/guality/pr41616-1.c  -O3 -fomit-frame-pointer  execution test
XPASS: gcc.dg/guality/pr41616-1.c  -O3 -g  execution test
XPASS: gcc.dg/guality/pr41616-1.c  -Os  execution test
XPASS: gcc.dg/guality/pr41616-1.c  -O2 -flto -flto-partition=none  execution test
XPASS: gcc.dg/guality/pr41616-1.c  -O2 -flto  execution test
FAIL: gcc.dg/torture/pr51106-2.c  -O0  (internal compiler error)
FAIL: gcc.dg/torture/pr51106-2.c  -O0  (test for excess errors)
FAIL: gcc.dg/torture/pr51106-2.c  -O1  (internal compiler error)
FAIL: gcc.dg/torture/pr51106-2.c  -O1  (test for excess errors)
FAIL: gcc.dg/torture/pr51106-2.c  -O2  (internal compiler error)
FAIL: gcc.dg/torture/pr51106-2.c  -O2  (test for excess errors)
FAIL: gcc.dg/torture/pr51106-2.c  -O3 -fomit-frame-pointer  (internal compiler error)
FAIL: gcc.dg/torture/pr51106-2.c  -O3 -fomit-frame-pointer  (test for excess errors)
FAIL: gcc.dg/torture/pr51106-2.c  -O3 -g  (internal compiler error)
FAIL: gcc.dg/torture/pr51106-2.c  -O3 -g  (test for excess errors)
FAIL: gcc.dg/torture/pr51106-2.c  -Os  (internal compiler error)
FAIL: gcc.dg/torture/pr51106-2.c  -Os  (test for excess errors)
FAIL: gcc.dg/torture/pr51106-2.c  -O2 -flto -flto-partition=none  (internal compiler error)
FAIL: gcc.dg/torture/pr51106-2.c  -O2 -flto -flto-partition=none  (test for excess errors)
FAIL: gcc.dg/torture/pr51106-2.c  -O2 -flto  (internal compiler error)
FAIL: gcc.dg/torture/pr51106-2.c  -O2 -flto  (test for excess errors)
FAIL: gcc.dg/vect/vect-109.c scan-tree-dump-times vect "Vectorizing an unaligned access" 3
FAIL: gcc.dg/vect/vect-119.c scan-tree-dump-times vect "Detected interleaving of size 2" 1
FAIL: gcc.dg/vect/vect-35-big-array.c scan-tree-dump-times vect "can't determine dependence between" 1
FAIL: gcc.dg/vect/vect-91.c scan-tree-dump-times vect "accesses have the same alignment." 2
FAIL: gcc.dg/vect/vect-91.c scan-tree-dump-times vect "Alignment of access forced using peeling" 3
XPASS: gcc.dg/vect/vect-multitypes-4.c scan-tree-dump-times vect "Vectorizing an unaligned access" 8
FAIL: gcc.dg/vect/vect-multitypes-4.c scan-tree-dump-times vect "Vectorizing an unaligned access" 4
FAIL: gcc.dg/vect/vect-multitypes-6.c scan-tree-dump-times vect "Vectorizing an unaligned access" 6
FAIL: gcc.dg/vect/vect-outer-4c-big-array.c scan-tree-dump-times vect "zero step in outer loop." 1
FAIL: gcc.dg/vect/vect-over-widen-1.c scan-tree-dump-times vect "vect_recog_over_widening_pattern: detected" 8
FAIL: gcc.dg/vect/vect-over-widen-4.c scan-tree-dump-times vect "vect_recog_over_widening_pattern: detected" 8
FAIL: gcc.dg/vect/vect-peel-1.c scan-tree-dump-times vect "Alignment of access forced using peeling" 1
XPASS: gcc.dg/vect/vect-peel-3.c scan-tree-dump-times vect "Alignment of access forced using peeling" 1
FAIL: gcc.dg/vect/vect-peel-4.c scan-tree-dump-times vect "Vectorizing an unaligned access" 1
FAIL: gcc.dg/vect/vect-reduc-dot-s16a.c scan-tree-dump-times vect "vect_recog_dot_prod_pattern: detected" 1
FAIL: gcc.dg/vect/vect-reduc-dot-s8a.c scan-tree-dump-times vect "vect_recog_dot_prod_pattern: detected" 1
FAIL: gcc.dg/vect/vect-reduc-dot-s8a.c scan-tree-dump-times vect "vect_recog_widen_mult_pattern: detected" 1
FAIL: gcc.dg/vect/vect-reduc-dot-u8a.c scan-tree-dump-times vect "vect_recog_dot_prod_pattern: detected" 1
FAIL: gcc.dg/vect/vect-reduc-dot-u8b.c scan-tree-dump-times vect "vect_recog_dot_prod_pattern: detected" 1
FAIL: gcc.dg/vect/vect-reduc-pattern-1a.c scan-tree-dump-times vect "vect_recog_widen_sum_pattern: detected" 1
FAIL: gcc.dg/vect/vect-reduc-pattern-1b-big-array.c scan-tree-dump-times vect "vect_recog_widen_sum_pattern: detected" 1
FAIL: gcc.dg/vect/vect-reduc-pattern-1c-big-array.c scan-tree-dump-times vect "vect_recog_widen_sum_pattern: detected" 1
FAIL: gcc.dg/vect/vect-reduc-pattern-2a.c scan-tree-dump-times vect "vect_recog_widen_sum_pattern: detected" 1
FAIL: gcc.dg/vect/vect-reduc-pattern-2b-big-array.c scan-tree-dump-times vect "vect_recog_widen_sum_pattern: detected" 1
FAIL: gcc.dg/vect/vect-widen-mult-const-s16.c scan-tree-dump-times vect "vect_recog_widen_mult_pattern: detected" 2
FAIL: gcc.dg/vect/vect-widen-mult-const-u16.c scan-tree-dump-times vect "vect_recog_widen_mult_pattern: detected" 2
FAIL: gcc.dg/vect/vect-widen-mult-half-u8.c scan-tree-dump-times vect "vect_recog_widen_mult_pattern: detected" 2
FAIL: gcc.dg/vect/vect-widen-mult-half.c scan-tree-dump-times vect "vect_recog_widen_mult_pattern: detected" 1
FAIL: gcc.dg/vect/vect-widen-mult-sum.c scan-tree-dump-times vect "vect_recog_widen_mult_pattern: detected" 1
FAIL: gcc.dg/vect/vect-widen-mult-u16.c scan-tree-dump-times vect "vect_recog_widen_mult_pattern: detected" 1
FAIL: gcc.dg/vect/slp-perm-9.c scan-tree-dump-times vect "vectorized 1 loops" 2
FAIL: gcc.dg/vect/slp-perm-9.c scan-tree-dump-times vect "vectorizing stmts using SLP" 1
FAIL: gcc.dg/vect/slp-reduc-6.c scan-tree-dump-times vect "different interleaving chains in one node" 1
FAIL: gcc.dg/vect/slp-widen-mult-half.c scan-tree-dump-times vect "vect_recog_widen_mult_pattern: detected" 2
FAIL: gcc.dg/vect/bb-slp-pattern-1.c scan-tree-dump-times slp "vect_recog_widen_mult_pattern: detected" 8
FAIL: gcc.dg/vect/vect-109.c -flto scan-tree-dump-times vect "Vectorizing an unaligned access" 3
FAIL: gcc.dg/vect/vect-119.c -flto scan-tree-dump-times vect "Detected interleaving of size 2" 1
FAIL: gcc.dg/vect/vect-35-big-array.c -flto scan-tree-dump-times vect "can't determine dependence between" 1
FAIL: gcc.dg/vect/vect-91.c -flto scan-tree-dump-times vect "accesses have the same alignment." 2
FAIL: gcc.dg/vect/vect-91.c -flto scan-tree-dump-times vect "Alignment of access forced using peeling" 3
XPASS: gcc.dg/vect/vect-multitypes-4.c -flto scan-tree-dump-times vect "Vectorizing an unaligned access" 8
FAIL: gcc.dg/vect/vect-multitypes-4.c -flto scan-tree-dump-times vect "Vectorizing an unaligned access" 4
FAIL: gcc.dg/vect/vect-multitypes-6.c -flto scan-tree-dump-times vect "Vectorizing an unaligned access" 6
FAIL: gcc.dg/vect/vect-outer-4c-big-array.c -flto scan-tree-dump-times vect "zero step in outer loop." 1
FAIL: gcc.dg/vect/vect-over-widen-1.c -flto scan-tree-dump-times vect "vect_recog_over_widening_pattern: detected" 8
FAIL: gcc.dg/vect/vect-over-widen-4.c -flto scan-tree-dump-times vect "vect_recog_over_widening_pattern: detected" 8
FAIL: gcc.dg/vect/vect-peel-1.c -flto scan-tree-dump-times vect "Alignment of access forced using peeling" 1
XPASS: gcc.dg/vect/vect-peel-3.c -flto scan-tree-dump-times vect "Alignment of access forced using peeling" 1
FAIL: gcc.dg/vect/vect-peel-4.c -flto scan-tree-dump-times vect "Vectorizing an unaligned access" 1
FAIL: gcc.dg/vect/vect-reduc-dot-s16a.c -flto scan-tree-dump-times vect "vect_recog_dot_prod_pattern: detected" 1
FAIL: gcc.dg/vect/vect-reduc-dot-s8a.c -flto scan-tree-dump-times vect "vect_recog_dot_prod_pattern: detected" 1
FAIL: gcc.dg/vect/vect-reduc-dot-s8a.c -flto scan-tree-dump-times vect "vect_recog_widen_mult_pattern: detected" 1
FAIL: gcc.dg/vect/vect-reduc-dot-u8a.c -flto scan-tree-dump-times vect "vect_recog_dot_prod_pattern: detected" 1
FAIL: gcc.dg/vect/vect-reduc-dot-u8b.c -flto scan-tree-dump-times vect "vect_recog_dot_prod_pattern: detected" 1
FAIL: gcc.dg/vect/vect-reduc-pattern-1a.c -flto scan-tree-dump-times vect "vect_recog_widen_sum_pattern: detected" 1
FAIL: gcc.dg/vect/vect-reduc-pattern-1b-big-array.c -flto scan-tree-dump-times vect "vect_recog_widen_sum_pattern: detected" 1
FAIL: gcc.dg/vect/vect-reduc-pattern-1c-big-array.c -flto scan-tree-dump-times vect "vect_recog_widen_sum_pattern: detected" 1
FAIL: gcc.dg/vect/vect-reduc-pattern-2a.c -flto scan-tree-dump-times vect "vect_recog_widen_sum_pattern: detected" 1
FAIL: gcc.dg/vect/vect-reduc-pattern-2b-big-array.c -flto scan-tree-dump-times vect "vect_recog_widen_sum_pattern: detected" 1
FAIL: gcc.dg/vect/vect-widen-mult-const-s16.c -flto scan-tree-dump-times vect "vect_recog_widen_mult_pattern: detected" 2
FAIL: gcc.dg/vect/vect-widen-mult-const-u16.c -flto scan-tree-dump-times vect "vect_recog_widen_mult_pattern: detected" 2
FAIL: gcc.dg/vect/vect-widen-mult-half-u8.c -flto scan-tree-dump-times vect "vect_recog_widen_mult_pattern: detected" 2
FAIL: gcc.dg/vect/vect-widen-mult-half.c -flto scan-tree-dump-times vect "vect_recog_widen_mult_pattern: detected" 1
FAIL: gcc.dg/vect/vect-widen-mult-sum.c -flto scan-tree-dump-times vect "vect_recog_widen_mult_pattern: detected" 1
FAIL: gcc.dg/vect/vect-widen-mult-u16.c -flto scan-tree-dump-times vect "vect_recog_widen_mult_pattern: detected" 1
FAIL: gcc.dg/vect/slp-perm-9.c -flto scan-tree-dump-times vect "vectorized 1 loops" 2
FAIL: gcc.dg/vect/slp-perm-9.c -flto scan-tree-dump-times vect "vectorizing stmts using SLP" 1
FAIL: gcc.dg/vect/slp-reduc-6.c -flto scan-tree-dump-times vect "different interleaving chains in one node" 1
FAIL: gcc.dg/vect/slp-widen-mult-half.c -flto scan-tree-dump-times vect "vect_recog_widen_mult_pattern: detected" 2
FAIL: gcc.dg/vect/bb-slp-pattern-1.c -flto scan-tree-dump-times slp "vect_recog_widen_mult_pattern: detected" 8
FAIL: gcc.dg/vect/no-vfa-vect-depend-1.c scan-tree-dump-times vect "dependence distance negative" 1
FAIL: gcc.dg/vect/no-vfa-vect-dv-2.c scan-tree-dump-times vect "accesses have the same alignment." 1
FAIL: gcc.dg/vect/wrapv-vect-reduc-dot-s8b.c scan-tree-dump-times vect "vect_recog_dot_prod_pattern: detected" 1
FAIL: gcc.dg/vect/wrapv-vect-reduc-dot-s8b.c scan-tree-dump-times vect "vect_recog_widen_mult_pattern: detected" 1
FAIL: gcc.dg/vect/no-scevccp-vect-iv-3.c scan-tree-dump-times vect "vect_recog_widen_sum_pattern: detected" 1
FAIL: gcc.dg/vect/no-scevccp-outer-7.c scan-tree-dump-times vect "vect_recog_widen_mult_pattern: detected" 1

		=== gcc Summary for unix ===

# of expected passes		92002
# of unexpected failures	101
# of unexpected successes	10
# of expected failures		354
# of unsupported tests		2014

Running target unix/-m32
XPASS: gcc.dg/Wstrict-overflow-18.c  (test for bogus messages, line 20)
XPASS: gcc.dg/inline_3.c (test for excess errors)
XPASS: gcc.dg/inline_4.c (test for excess errors)
FAIL: gcc.dg/lower-subreg-1.c scan-rtl-dump subreg1 "Splitting reg"
XPASS: gcc.dg/unroll_2.c (test for excess errors)
XPASS: gcc.dg/unroll_3.c (test for excess errors)
XPASS: gcc.dg/unroll_4.c (test for excess errors)
XPASS: gcc.dg/guality/example.c  -O0  execution test
XPASS: gcc.dg/guality/example.c  -O1  execution test
XPASS: gcc.dg/guality/example.c  -O2  execution test
XPASS: gcc.dg/guality/example.c  -Os  execution test
XPASS: gcc.dg/guality/example.c  -O2 -flto -flto-partition=none  execution test
XPASS: gcc.dg/guality/example.c  -O2 -flto  execution test
XPASS: gcc.dg/guality/guality.c  -O0  execution test
XPASS: gcc.dg/guality/guality.c  -O1  execution test
XPASS: gcc.dg/guality/guality.c  -O2  execution test
XPASS: gcc.dg/guality/guality.c  -O3 -fomit-frame-pointer  execution test
XPASS: gcc.dg/guality/guality.c  -O3 -g  execution test
XPASS: gcc.dg/guality/guality.c  -Os  execution test
XPASS: gcc.dg/guality/guality.c  -O2 -flto -flto-partition=none  execution test
XPASS: gcc.dg/guality/guality.c  -O2 -flto  execution test
XPASS: gcc.dg/guality/inline-params.c  -O2  execution test
XPASS: gcc.dg/guality/inline-params.c  -O3 -fomit-frame-pointer  execution test
XPASS: gcc.dg/guality/inline-params.c  -O3 -g  execution test
XPASS: gcc.dg/guality/inline-params.c  -Os  execution test
XPASS: gcc.dg/guality/inline-params.c  -O2 -flto -flto-partition=none  execution test
XPASS: gcc.dg/guality/inline-params.c  -O2 -flto  execution test
XPASS: gcc.dg/guality/pr41353-1.c  -O0  line 28 j == 28 + 37
XPASS: gcc.dg/guality/pr41353-1.c  -O1  line 28 j == 28 + 37
XPASS: gcc.dg/guality/pr41353-1.c  -O2  line 28 j == 28 + 37
XPASS: gcc.dg/guality/pr41353-1.c  -O3 -fomit-frame-pointer  line 28 j == 28 + 37
XPASS: gcc.dg/guality/pr41353-1.c  -O3 -g  line 28 j == 28 + 37
XPASS: gcc.dg/guality/pr41353-1.c  -Os  line 28 j == 28 + 37
XPASS: gcc.dg/guality/pr41353-1.c  -O2 -flto -flto-partition=none  line 28 j == 28 + 37
XPASS: gcc.dg/guality/pr41353-1.c  -O2 -flto  line 28 j == 28 + 37
XPASS: gcc.dg/guality/pr41447-1.c  -O0  execution test
XPASS: gcc.dg/guality/pr41447-1.c  -O1  execution test
XPASS: gcc.dg/guality/pr41447-1.c  -Os  execution test
XPASS: gcc.dg/guality/pr41616-1.c  -O0  execution test
XPASS: gcc.dg/guality/pr41616-1.c  -O1  execution test
XPASS: gcc.dg/guality/pr41616-1.c  -O2  execution test
XPASS: gcc.dg/guality/pr41616-1.c  -O3 -fomit-frame-pointer  execution test
XPASS: gcc.dg/guality/pr41616-1.c  -O3 -g  execution test
XPASS: gcc.dg/guality/pr41616-1.c  -Os  execution test
XPASS: gcc.dg/guality/pr41616-1.c  -O2 -flto -flto-partition=none  execution test
XPASS: gcc.dg/guality/pr41616-1.c  -O2 -flto  execution test
FAIL: gcc.dg/pch/save-temps-1.c  -O0 -g assembly comparison
FAIL: gcc.dg/pch/save-temps-1.c   -O3 -g  assembly comparison
FAIL: gcc.dg/torture/pr51106-2.c  -O0  (internal compiler error)
FAIL: gcc.dg/torture/pr51106-2.c  -O0  (test for excess errors)
FAIL: gcc.dg/torture/pr51106-2.c  -O1  (internal compiler error)
FAIL: gcc.dg/torture/pr51106-2.c  -O1  (test for excess errors)
FAIL: gcc.dg/torture/pr51106-2.c  -O2  (internal compiler error)
FAIL: gcc.dg/torture/pr51106-2.c  -O2  (test for excess errors)
FAIL: gcc.dg/torture/pr51106-2.c  -O3 -fomit-frame-pointer  (internal compiler error)
FAIL: gcc.dg/torture/pr51106-2.c  -O3 -fomit-frame-pointer  (test for excess errors)
FAIL: gcc.dg/torture/pr51106-2.c  -O3 -g  (internal compiler error)
FAIL: gcc.dg/torture/pr51106-2.c  -O3 -g  (test for excess errors)
FAIL: gcc.dg/torture/pr51106-2.c  -Os  (internal compiler error)
FAIL: gcc.dg/torture/pr51106-2.c  -Os  (test for excess errors)
FAIL: gcc.dg/torture/pr51106-2.c  -O2 -flto -flto-partition=none  (internal compiler error)
FAIL: gcc.dg/torture/pr51106-2.c  -O2 -flto -flto-partition=none  (test for excess errors)
FAIL: gcc.dg/torture/pr51106-2.c  -O2 -flto  (internal compiler error)
FAIL: gcc.dg/torture/pr51106-2.c  -O2 -flto  (test for excess errors)
FAIL: gcc.dg/torture/tls/run-ld.c  -O1  -pie -fpie  execution test
FAIL: gcc.dg/torture/tls/run-ld.c  -O2  -pie -fpie  execution test
FAIL: gcc.dg/torture/tls/run-ld.c  -O3 -fomit-frame-pointer  -pie -fpie  execution test
FAIL: gcc.dg/torture/tls/run-ld.c  -O3 -g  -pie -fpie  execution test
FAIL: gcc.dg/torture/tls/run-ld.c  -Os  -pie -fpie  execution test
FAIL: gcc.dg/torture/tls/run-ld.c  -O1  -pie -fPIE  execution test
FAIL: gcc.dg/torture/tls/run-ld.c  -O2  -pie -fPIE  execution test
FAIL: gcc.dg/torture/tls/run-ld.c  -O3 -fomit-frame-pointer  -pie -fPIE  execution test
FAIL: gcc.dg/torture/tls/run-ld.c  -O3 -g  -pie -fPIE  execution test
FAIL: gcc.dg/torture/tls/run-ld.c  -Os  -pie -fPIE  execution test
FAIL: gcc.dg/vect/vect-109.c scan-tree-dump-times vect "Vectorizing an unaligned access" 3
FAIL: gcc.dg/vect/vect-119.c scan-tree-dump-times vect "Detected interleaving of size 2" 1
FAIL: gcc.dg/vect/vect-35-big-array.c scan-tree-dump-times vect "can't determine dependence between" 1
FAIL: gcc.dg/vect/vect-91.c scan-tree-dump-times vect "accesses have the same alignment." 2
FAIL: gcc.dg/vect/vect-91.c scan-tree-dump-times vect "Alignment of access forced using peeling" 3
XPASS: gcc.dg/vect/vect-multitypes-4.c scan-tree-dump-times vect "Vectorizing an unaligned access" 8
FAIL: gcc.dg/vect/vect-multitypes-4.c scan-tree-dump-times vect "Vectorizing an unaligned access" 4
FAIL: gcc.dg/vect/vect-multitypes-6.c scan-tree-dump-times vect "Vectorizing an unaligned access" 6
FAIL: gcc.dg/vect/vect-outer-4c-big-array.c scan-tree-dump-times vect "zero step in outer loop." 1
FAIL: gcc.dg/vect/vect-over-widen-1.c scan-tree-dump-times vect "vect_recog_over_widening_pattern: detected" 8
FAIL: gcc.dg/vect/vect-over-widen-4.c scan-tree-dump-times vect "vect_recog_over_widening_pattern: detected" 8
FAIL: gcc.dg/vect/vect-peel-1.c scan-tree-dump-times vect "Alignment of access forced using peeling" 1
XPASS: gcc.dg/vect/vect-peel-3.c scan-tree-dump-times vect "Alignment of access forced using peeling" 1
FAIL: gcc.dg/vect/vect-peel-4.c scan-tree-dump-times vect "Vectorizing an unaligned access" 1
FAIL: gcc.dg/vect/vect-reduc-dot-s16a.c scan-tree-dump-times vect "vect_recog_dot_prod_pattern: detected" 1
FAIL: gcc.dg/vect/vect-reduc-dot-s8a.c scan-tree-dump-times vect "vect_recog_dot_prod_pattern: detected" 1
FAIL: gcc.dg/vect/vect-reduc-dot-s8a.c scan-tree-dump-times vect "vect_recog_widen_mult_pattern: detected" 1
FAIL: gcc.dg/vect/vect-reduc-dot-u8a.c scan-tree-dump-times vect "vect_recog_dot_prod_pattern: detected" 1
FAIL: gcc.dg/vect/vect-reduc-dot-u8b.c scan-tree-dump-times vect "vect_recog_dot_prod_pattern: detected" 1
FAIL: gcc.dg/vect/vect-reduc-pattern-1a.c scan-tree-dump-times vect "vect_recog_widen_sum_pattern: detected" 1
FAIL: gcc.dg/vect/vect-reduc-pattern-1b-big-array.c scan-tree-dump-times vect "vect_recog_widen_sum_pattern: detected" 1
FAIL: gcc.dg/vect/vect-reduc-pattern-1c-big-array.c scan-tree-dump-times vect "vect_recog_widen_sum_pattern: detected" 1
FAIL: gcc.dg/vect/vect-reduc-pattern-2a.c scan-tree-dump-times vect "vect_recog_widen_sum_pattern: detected" 1
FAIL: gcc.dg/vect/vect-reduc-pattern-2b-big-array.c scan-tree-dump-times vect "vect_recog_widen_sum_pattern: detected" 1
FAIL: gcc.dg/vect/vect-widen-mult-const-s16.c scan-tree-dump-times vect "vect_recog_widen_mult_pattern: detected" 2
FAIL: gcc.dg/vect/vect-widen-mult-const-u16.c scan-tree-dump-times vect "vect_recog_widen_mult_pattern: detected" 2
FAIL: gcc.dg/vect/vect-widen-mult-half-u8.c scan-tree-dump-times vect "vect_recog_widen_mult_pattern: detected" 2
FAIL: gcc.dg/vect/vect-widen-mult-half.c scan-tree-dump-times vect "vect_recog_widen_mult_pattern: detected" 1
FAIL: gcc.dg/vect/vect-widen-mult-sum.c scan-tree-dump-times vect "vect_recog_widen_mult_pattern: detected" 1
FAIL: gcc.dg/vect/vect-widen-mult-u16.c scan-tree-dump-times vect "vect_recog_widen_mult_pattern: detected" 1
FAIL: gcc.dg/vect/slp-perm-9.c scan-tree-dump-times vect "vectorized 1 loops" 2
FAIL: gcc.dg/vect/slp-perm-9.c scan-tree-dump-times vect "vectorizing stmts using SLP" 1
FAIL: gcc.dg/vect/slp-reduc-6.c scan-tree-dump-times vect "different interleaving chains in one node" 1
FAIL: gcc.dg/vect/slp-widen-mult-half.c scan-tree-dump-times vect "vect_recog_widen_mult_pattern: detected" 2
FAIL: gcc.dg/vect/bb-slp-pattern-1.c scan-tree-dump-times slp "vect_recog_widen_mult_pattern: detected" 8
FAIL: gcc.dg/vect/vect-109.c -flto scan-tree-dump-times vect "Vectorizing an unaligned access" 3
FAIL: gcc.dg/vect/vect-119.c -flto scan-tree-dump-times vect "Detected interleaving of size 2" 1
FAIL: gcc.dg/vect/vect-35-big-array.c -flto scan-tree-dump-times vect "can't determine dependence between" 1
FAIL: gcc.dg/vect/vect-91.c -flto scan-tree-dump-times vect "accesses have the same alignment." 2
FAIL: gcc.dg/vect/vect-91.c -flto scan-tree-dump-times vect "Alignment of access forced using peeling" 3
XPASS: gcc.dg/vect/vect-multitypes-4.c -flto scan-tree-dump-times vect "Vectorizing an unaligned access" 8
FAIL: gcc.dg/vect/vect-multitypes-4.c -flto scan-tree-dump-times vect "Vectorizing an unaligned access" 4
FAIL: gcc.dg/vect/vect-multitypes-6.c -flto scan-tree-dump-times vect "Vectorizing an unaligned access" 6
FAIL: gcc.dg/vect/vect-outer-4c-big-array.c -flto scan-tree-dump-times vect "zero step in outer loop." 1
FAIL: gcc.dg/vect/vect-over-widen-1.c -flto scan-tree-dump-times vect "vect_recog_over_widening_pattern: detected" 8
FAIL: gcc.dg/vect/vect-over-widen-4.c -flto scan-tree-dump-times vect "vect_recog_over_widening_pattern: detected" 8
FAIL: gcc.dg/vect/vect-peel-1.c -flto scan-tree-dump-times vect "Alignment of access forced using peeling" 1
XPASS: gcc.dg/vect/vect-peel-3.c -flto scan-tree-dump-times vect "Alignment of access forced using peeling" 1
FAIL: gcc.dg/vect/vect-peel-4.c -flto scan-tree-dump-times vect "Vectorizing an unaligned access" 1
FAIL: gcc.dg/vect/vect-reduc-dot-s16a.c -flto scan-tree-dump-times vect "vect_recog_dot_prod_pattern: detected" 1
FAIL: gcc.dg/vect/vect-reduc-dot-s8a.c -flto scan-tree-dump-times vect "vect_recog_dot_prod_pattern: detected" 1
FAIL: gcc.dg/vect/vect-reduc-dot-s8a.c -flto scan-tree-dump-times vect "vect_recog_widen_mult_pattern: detected" 1
FAIL: gcc.dg/vect/vect-reduc-dot-u8a.c -flto scan-tree-dump-times vect "vect_recog_dot_prod_pattern: detected" 1
FAIL: gcc.dg/vect/vect-reduc-dot-u8b.c -flto scan-tree-dump-times vect "vect_recog_dot_prod_pattern: detected" 1
FAIL: gcc.dg/vect/vect-reduc-pattern-1a.c -flto scan-tree-dump-times vect "vect_recog_widen_sum_pattern: detected" 1
FAIL: gcc.dg/vect/vect-reduc-pattern-1b-big-array.c -flto scan-tree-dump-times vect "vect_recog_widen_sum_pattern: detected" 1
FAIL: gcc.dg/vect/vect-reduc-pattern-1c-big-array.c -flto scan-tree-dump-times vect "vect_recog_widen_sum_pattern: detected" 1
FAIL: gcc.dg/vect/vect-reduc-pattern-2a.c -flto scan-tree-dump-times vect "vect_recog_widen_sum_pattern: detected" 1
FAIL: gcc.dg/vect/vect-reduc-pattern-2b-big-array.c -flto scan-tree-dump-times vect "vect_recog_widen_sum_pattern: detected" 1
FAIL: gcc.dg/vect/vect-widen-mult-const-s16.c -flto scan-tree-dump-times vect "vect_recog_widen_mult_pattern: detected" 2
FAIL: gcc.dg/vect/vect-widen-mult-const-u16.c -flto scan-tree-dump-times vect "vect_recog_widen_mult_pattern: detected" 2
FAIL: gcc.dg/vect/vect-widen-mult-half-u8.c -flto scan-tree-dump-times vect "vect_recog_widen_mult_pattern: detected" 2
FAIL: gcc.dg/vect/vect-widen-mult-half.c -flto scan-tree-dump-times vect "vect_recog_widen_mult_pattern: detected" 1
FAIL: gcc.dg/vect/vect-widen-mult-sum.c -flto scan-tree-dump-times vect "vect_recog_widen_mult_pattern: detected" 1
FAIL: gcc.dg/vect/vect-widen-mult-u16.c -flto scan-tree-dump-times vect "vect_recog_widen_mult_pattern: detected" 1
FAIL: gcc.dg/vect/slp-perm-9.c -flto scan-tree-dump-times vect "vectorized 1 loops" 2
FAIL: gcc.dg/vect/slp-perm-9.c -flto scan-tree-dump-times vect "vectorizing stmts using SLP" 1
FAIL: gcc.dg/vect/slp-reduc-6.c -flto scan-tree-dump-times vect "different interleaving chains in one node" 1
FAIL: gcc.dg/vect/slp-widen-mult-half.c -flto scan-tree-dump-times vect "vect_recog_widen_mult_pattern: detected" 2
FAIL: gcc.dg/vect/bb-slp-pattern-1.c -flto scan-tree-dump-times slp "vect_recog_widen_mult_pattern: detected" 8
FAIL: gcc.dg/vect/no-vfa-vect-depend-1.c scan-tree-dump-times vect "dependence distance negative" 1
FAIL: gcc.dg/vect/no-vfa-vect-dv-2.c scan-tree-dump-times vect "accesses have the same alignment." 1
FAIL: gcc.dg/vect/wrapv-vect-reduc-dot-s8b.c scan-tree-dump-times vect "vect_recog_dot_prod_pattern: detected" 1
FAIL: gcc.dg/vect/wrapv-vect-reduc-dot-s8b.c scan-tree-dump-times vect "vect_recog_widen_mult_pattern: detected" 1
FAIL: gcc.dg/vect/no-scevccp-vect-iv-3.c scan-tree-dump-times vect "vect_recog_widen_sum_pattern: detected" 1
FAIL: gcc.dg/vect/no-scevccp-outer-7.c scan-tree-dump-times vect "vect_recog_widen_mult_pattern: detected" 1
FAIL: gcc.target/i386/movbe-2.c scan-assembler-times movbe[ \\t] 4

		=== gcc Summary for unix/-m32 ===

# of expected passes		41281
# of unexpected failures	89
# of unexpected successes	10
# of expected failures		234
# of unsupported tests		519

		=== gcc Summary ===

# of expected passes		133283
# of unexpected failures	190
# of unexpected successes	20
# of expected failures		588
# of unsupported tests		2533
/nightly/gcc.svn/test-intel64corei7avx/gcc-build-trunk/bld/gcc/xgcc  version 4.8.0 20120506 (experimental) [trunk revision 187203] (GCC) 

		=== gfortran tests ===


Running target unix
FAIL: gfortran.dg/lto/pr45586-2 f_lto_pr45586-2_0.o-f_lto_pr45586-2_0.o link, -O0 -flto -flto-partition=none  (internal compiler error)
UNRESOLVED: gfortran.dg/lto/pr45586-2 f_lto_pr45586-2_0.o-f_lto_pr45586-2_0.o execute -O0 -flto -flto-partition=none 
FAIL: gfortran.dg/lto/pr45586-2 f_lto_pr45586-2_0.o-f_lto_pr45586-2_0.o link, -O0 -flto -flto-partition=1to1  (internal compiler error)
UNRESOLVED: gfortran.dg/lto/pr45586-2 f_lto_pr45586-2_0.o-f_lto_pr45586-2_0.o execute -O0 -flto -flto-partition=1to1 
FAIL: gfortran.dg/lto/pr45586-2 f_lto_pr45586-2_0.o-f_lto_pr45586-2_0.o link, -O0 -flto  (internal compiler error)
UNRESOLVED: gfortran.dg/lto/pr45586-2 f_lto_pr45586-2_0.o-f_lto_pr45586-2_0.o execute -O0 -flto 
FAIL: gfortran.dg/lto/pr45586 f_lto_pr45586_0.o-f_lto_pr45586_0.o link, -O0 -flto -flto-partition=none  (internal compiler error)
UNRESOLVED: gfortran.dg/lto/pr45586 f_lto_pr45586_0.o-f_lto_pr45586_0.o execute -O0 -flto -flto-partition=none 
FAIL: gfortran.dg/lto/pr45586 f_lto_pr45586_0.o-f_lto_pr45586_0.o link, -O0 -flto -flto-partition=1to1  (internal compiler error)
UNRESOLVED: gfortran.dg/lto/pr45586 f_lto_pr45586_0.o-f_lto_pr45586_0.o execute -O0 -flto -flto-partition=1to1 
FAIL: gfortran.dg/lto/pr45586 f_lto_pr45586_0.o-f_lto_pr45586_0.o link, -O0 -flto  (internal compiler error)
UNRESOLVED: gfortran.dg/lto/pr45586 f_lto_pr45586_0.o-f_lto_pr45586_0.o execute -O0 -flto 
FAIL: gfortran.dg/vect/fast-math-mgrid-resid.f scan-tree-dump-times optimized "vect_var[^\\n]*\\+ " 13

		=== gfortran Summary for unix ===

# of expected passes		39873
# of expected failures		39
# of unsupported tests		37

Running target unix/-m32
FAIL: gfortran.dg/lto/pr45586-2 f_lto_pr45586-2_0.o-f_lto_pr45586-2_0.o link, -O0 -flto -flto-partition=none  (internal compiler error)
UNRESOLVED: gfortran.dg/lto/pr45586-2 f_lto_pr45586-2_0.o-f_lto_pr45586-2_0.o execute -O0 -flto -flto-partition=none 
FAIL: gfortran.dg/lto/pr45586-2 f_lto_pr45586-2_0.o-f_lto_pr45586-2_0.o link, -O0 -flto -flto-partition=1to1  (internal compiler error)
UNRESOLVED: gfortran.dg/lto/pr45586-2 f_lto_pr45586-2_0.o-f_lto_pr45586-2_0.o execute -O0 -flto -flto-partition=1to1 
FAIL: gfortran.dg/lto/pr45586-2 f_lto_pr45586-2_0.o-f_lto_pr45586-2_0.o link, -O0 -flto  (internal compiler error)
UNRESOLVED: gfortran.dg/lto/pr45586-2 f_lto_pr45586-2_0.o-f_lto_pr45586-2_0.o execute -O0 -flto 
FAIL: gfortran.dg/lto/pr45586 f_lto_pr45586_0.o-f_lto_pr45586_0.o link, -O0 -flto -flto-partition=none  (internal compiler error)
UNRESOLVED: gfortran.dg/lto/pr45586 f_lto_pr45586_0.o-f_lto_pr45586_0.o execute -O0 -flto -flto-partition=none 
FAIL: gfortran.dg/lto/pr45586 f_lto_pr45586_0.o-f_lto_pr45586_0.o link, -O0 -flto -flto-partition=1to1  (internal compiler error)
UNRESOLVED: gfortran.dg/lto/pr45586 f_lto_pr45586_0.o-f_lto_pr45586_0.o execute -O0 -flto -flto-partition=1to1 
FAIL: gfortran.dg/lto/pr45586 f_lto_pr45586_0.o-f_lto_pr45586_0.o link, -O0 -flto  (internal compiler error)
UNRESOLVED: gfortran.dg/lto/pr45586 f_lto_pr45586_0.o-f_lto_pr45586_0.o execute -O0 -flto 
FAIL: gfortran.dg/vect/fast-math-mgrid-resid.f scan-tree-dump-times optimized "vect_var[^\\n]*\\+ " 13

		=== gfortran Summary for unix/-m32 ===

# of expected passes		39567
# of expected failures		39
# of unsupported tests		186

		=== gfortran Summary ===

# of expected passes		79440
# of expected failures		78
# of unsupported tests		223
/nightly/gcc.svn/test-intel64corei7avx/gcc-build-trunk/bld/gcc/testsuite/gfortran/../../gfortran  version 4.8.0 20120506 (experimental) [trunk revision 187203] (GCC) 

		=== objc tests ===


Running target unix

		=== objc Summary for unix ===

# of expected passes		1304
# of expected failures		6

Running target unix/-m32

		=== objc Summary for unix/-m32 ===

# of expected passes		1304
# of expected failures		6

		=== objc Summary ===

# of expected passes		2608
# of expected failures		12
/nightly/gcc.svn/test-intel64corei7avx/gcc-build-trunk/bld/gcc/xgcc  version 4.8.0 20120506 (experimental) [trunk revision 187203] (GCC) 

		=== boehm-gc tests ===


Running target unix/-m32

		=== boehm-gc Summary for unix/-m32 ===

# of expected passes		4

Running target unix

		=== boehm-gc Summary for unix ===

# of expected passes		4

		=== boehm-gc Summary ===

# of expected passes		24
# of unsupported tests		2
		=== libatomic tests ===


Running target unix/-m32

		=== libatomic Summary for unix/-m32 ===

# of expected passes		44
# of unsupported tests		5

Running target unix

		=== libatomic Summary for unix ===

# of expected passes		54

		=== libatomic Summary ===

# of expected passes		98
# of unsupported tests		5
		=== libffi tests ===


Running target unix/-m32

		=== libffi Summary for unix/-m32 ===

# of expected passes		24

Running target unix

		=== libffi Summary for unix ===

# of expected passes		24

		=== libffi Summary ===

# of expected passes		3318
# of unsupported tests		110
		=== libgomp tests ===


Running target unix/-m32

		=== libgomp Summary for unix/-m32 ===

# of expected passes		46

Running target unix

		=== libgomp Summary for unix ===

# of expected passes		46

		=== libgomp Summary ===

# of expected passes		5996
		=== libitm tests ===


Running target unix/-m32

		=== libitm Summary for unix/-m32 ===

# of expected passes		4
# of expected failures		1
# of unsupported tests		1

Running target unix

		=== libitm Summary for unix ===

# of expected passes		4
# of expected failures		1
# of unsupported tests		1

		=== libitm Summary ===

# of expected passes		52
# of expected failures		6
# of unsupported tests		2
		=== libjava tests ===


Running target unix/-m32

		=== libjava Summary for unix/-m32 ===


Running target unix

		=== libjava Summary for unix ===


		=== libjava Summary ===

# of expected passes		5148
		=== libmudflap tests ===


Running target unix/-m32

		=== libmudflap Summary for unix/-m32 ===

# of expected passes		264

Running target unix
FAIL: libmudflap.c++/pass55-frag.cxx execution test
FAIL: libmudflap.c++/pass55-frag.cxx ( -O) execution test
FAIL: libmudflap.c++/pass55-frag.cxx (-O2) execution test
FAIL: libmudflap.c++/pass55-frag.cxx (-O3) execution test

		=== libmudflap Summary for unix ===

# of expected passes		264

		=== libmudflap Summary ===

# of expected passes		2868
# of unexpected failures	4
		=== libstdc++ tests ===


Running target unix
FAIL: 22_locale/messages/members/char/1.cc execution test
FAIL: 22_locale/messages/members/char/2.cc execution test
FAIL: 22_locale/messages/members/char/wrapped_env.cc execution test
FAIL: 22_locale/messages/members/char/wrapped_locale.cc execution test
FAIL: 22_locale/messages_byname/named_equivalence.cc execution test

		=== libstdc++ Summary for unix ===

# of expected passes		8885
# of unexpected failures	5
# of expected failures		43
# of unsupported tests		173

Running target unix/-m32
FAIL: 20_util/function/cons/callable.cc (test for excess errors)
FAIL: 22_locale/messages/members/char/1.cc execution test
FAIL: 22_locale/messages/members/char/2.cc execution test
FAIL: 22_locale/messages/members/char/wrapped_env.cc execution test
FAIL: 22_locale/messages/members/char/wrapped_locale.cc execution test
FAIL: 22_locale/messages_byname/named_equivalence.cc execution test

		=== libstdc++ Summary for unix/-m32 ===

# of expected passes		8884
# of unexpected failures	6
# of expected failures		43
# of unsupported tests		173

		=== libstdc++ Summary ===

# of expected passes		17769
# of unexpected failures	11
# of expected failures		86
# of unsupported tests		346

Compiler version: 4.8.0 20120506 (experimental) [trunk revision 187203] (GCC) 
Platform: x86_64-unknown-linux-gnu
configure flags: --with-arch=corei7-avx --with-cpu=corei7-avx --prefix=/usr/local --enable-clocale=gnu --with-system-zlib --enable-shared --with-demangler-in-ld --enable-cloog-backend=isl --with-ppl-include=/opt/gnu/include --with-ppl-lib=/opt/gnu/lib64 --with-cloog-include=/opt/gnu/include --with-cloog-lib=/opt/gnu/lib64 --with-fpmath=sse --enable-languages=c,c++,fortran,java,lto,objc


Index Nav: [Date Index] [Subject Index] [Author Index] [Thread Index]
Message Nav: [Date Prev] [Date Next] [Thread Prev] [Thread Next]