This is the mail archive of the
gcc-testresults@gcc.gnu.org
mailing list for the GCC project.
Results for 4.7.0 (GCC) testsuite on i386-pc-solaris2.8
- From: "Tom G. Christensen" <tgc at jupiterrise dot com>
- To: gcc-testresults at gcc dot gnu dot org
- Date: Sun, 06 May 2012 08:25:54 +0200
- Subject: Results for 4.7.0 (GCC) testsuite on i386-pc-solaris2.8
Built with:
GNU as 2.22
Sun ld 5.8-1.302 (109148-42)
gmp 5.0.4
mpfr 3.1.0p7
mpc 0.9
CONFIG_SHELL=/bin/ksh
Bootstrap compiler:
Using built-in specs.
COLLECT_GCC=/usr/tgcware/gcc46/bin/gcc
COLLECT_LTO_WRAPPER=/usr/tgcware/libexec/gcc/i386-pc-solaris2.8/4.6.3/lto-wrapper
Target: i386-pc-solaris2.8
Configured with: ../gcc-4.6.3/configure --prefix=/usr/tgcware --with-local-prefix=/usr/tgcware/gcc46 --bindir=/usr/tgcware/gcc46/bin --mandir=/usr/tgcware/gcc46/man --infodir=/usr/tgcware/gcc46/info --with-libiconv-prefix=/usr/tgcware --with-gmp=/usr/tgcware --with-mpfr=/usr/tgcware --with-mpc=/usr/tgcware --disable-nls --enable-shared --enable-threads=posix --without-gnu-ld --with-ld=/usr/ccs/bin/ld --with-gnu-as --with-as=/usr/tgcware/bin/gas --enable-languages=all,ada,obj-c++ --with-x --with-java-awt=xlib --with-system-zlib --with-arch-32=i686 --with-tune-32=i686
Thread model: posix
gcc version 4.6.3 (GCC)
LAST_UPDATED: Obtained from SVN: tags/gcc_4_7_0_release revision 185675
=== acats tests ===
=== acats Summary ===
# of expected passes 2320
# of unexpected failures 0
Native configuration is i386-pc-solaris2.8
=== g++ tests ===
Running target unix
=== g++ Summary ===
# of expected passes 46976
# of expected failures 290
# of unsupported tests 395
/export/home/tgc/buildpkg/gcc47/src/all_native/gcc/testsuite/g++/../../g++ version 4.7.0 (GCC)
=== gcc tests ===
Running target unix
FAIL: gcc.dg/lto/20090210 c_lto_20090210_0.o-c_lto_20090210_1.o execute -O2 -flto -flto-partition=none
FAIL: gcc.dg/lto/20090210 c_lto_20090210_0.o-c_lto_20090210_1.o execute -O2 -flto -flto-partition=1to1
FAIL: gcc.dg/lto/20090210 c_lto_20090210_0.o-c_lto_20090210_1.o execute -O2 -flto
FAIL: gcc.dg/torture/tls/run-ld.c -O1 execution test
FAIL: gcc.dg/torture/tls/run-ld.c -O2 execution test
FAIL: gcc.dg/torture/tls/run-ld.c -O3 -fomit-frame-pointer execution test
FAIL: gcc.dg/torture/tls/run-ld.c -O3 -g execution test
FAIL: gcc.dg/torture/tls/run-ld.c -Os execution test
FAIL: gcc.dg/torture/tls/run-ld.c -O1 -fpic execution test
FAIL: gcc.dg/torture/tls/run-ld.c -O2 -fpic execution test
FAIL: gcc.dg/torture/tls/run-ld.c -O3 -fomit-frame-pointer -fpic execution test
FAIL: gcc.dg/torture/tls/run-ld.c -O3 -g -fpic execution test
FAIL: gcc.dg/torture/tls/run-ld.c -Os -fpic execution test
FAIL: gcc.dg/torture/tls/run-ld.c -O1 -fPIC execution test
FAIL: gcc.dg/torture/tls/run-ld.c -O2 -fPIC execution test
FAIL: gcc.dg/torture/tls/run-ld.c -O3 -fomit-frame-pointer -fPIC execution test
FAIL: gcc.dg/torture/tls/run-ld.c -O3 -g -fPIC execution test
FAIL: gcc.dg/torture/tls/run-ld.c -Os -fPIC execution test
FAIL: gcc.dg/torture/tls/run-ld.c -O2 -flto -flto-partition=none execution test
FAIL: gcc.dg/torture/tls/run-ld.c -O2 -flto execution test
FAIL: gcc.dg/torture/tls/thr-init-2.c -O2 -fpic execution test
FAIL: gcc.dg/torture/tls/thr-init-2.c -O3 -fomit-frame-pointer -fpic execution test
FAIL: gcc.dg/torture/tls/thr-init-2.c -O3 -g -fpic execution test
FAIL: gcc.dg/torture/tls/thr-init-2.c -O2 -fPIC execution test
FAIL: gcc.dg/torture/tls/thr-init-2.c -O3 -fomit-frame-pointer -fPIC execution test
FAIL: gcc.dg/torture/tls/thr-init-2.c -O3 -g -fPIC execution test
=== gcc Summary ===
# of expected passes 81943
# of unexpected failures 26
# of expected failures 256
# of unsupported tests 1255
/export/home/tgc/buildpkg/gcc47/src/all_native/gcc/xgcc version 4.7.0 (GCC)
=== gfortran tests ===
Running target unix
=== gfortran Summary ===
# of expected passes 39693
# of expected failures 42
# of unsupported tests 357
/export/home/tgc/buildpkg/gcc47/src/all_native/gcc/testsuite/gfortran/../../gfortran version 4.7.0 (GCC)
=== gnat tests ===
Running target unix
=== gnat Summary ===
# of expected passes 1076
# of expected failures 13
# of unsupported tests 6
/export/home/tgc/buildpkg/gcc47/src/all_native/gcc/gnatmake version 4.7.0
=== go tests ===
Running target unix
FAIL: go.test/test/nilptr.go execution, -O2 -g
=== go Summary ===
# of expected passes 3291
# of unexpected failures 1
# of expected failures 4
# of untested testcases 6
/export/home/tgc/buildpkg/gcc47/src/all_native/gcc/testsuite/go/../../gccgo version 4.7.0 (GCC)
=== obj-c++ tests ===
Running target unix
=== obj-c++ Summary ===
# of expected passes 1450
# of expected failures 2
# of unsupported tests 86
/export/home/tgc/buildpkg/gcc47/src/all_native/gcc/testsuite/obj-c++/../../g++ version 4.7.0 (GCC)
=== objc tests ===
Running target unix
=== objc Summary ===
# of expected passes 2988
# of expected failures 6
# of unsupported tests 74
/export/home/tgc/buildpkg/gcc47/src/all_native/gcc/xgcc version 4.7.0 (GCC)
=== boehm-gc tests ===
Running target unix
=== boehm-gc Summary ===
# of expected passes 12
# of unsupported tests 1
=== libffi tests ===
Running target unix
=== libffi Summary ===
# of expected passes 1634
# of expected failures 10
# of unsupported tests 55
=== libgo tests ===
Running target unix
FAIL: log
FAIL: math
FAIL: net
FAIL: os
FAIL: time
FAIL: crypto/rand
FAIL: net/http
FAIL: net/http/cgi
FAIL: net/http/httputil
FAIL: os/exec
=== libgo Summary ===
# of expected passes 113
# of unexpected failures 10
/export/home/tgc/buildpkg/gcc47/src/all_native/./gcc/gccgo version 4.7.0 (GCC)
=== libgomp tests ===
Running target unix
=== libgomp Summary ===
# of expected passes 2944
# of unsupported tests 3
=== libitm tests ===
Running target unix
=== libitm Summary ===
# of expected passes 26
# of expected failures 3
# of unsupported tests 1
=== libjava tests ===
Running target unix
FAIL: PR16923.c compilation
FAIL: Divide_1 output - source compiled test
FAIL: Divide_1 -findirect-dispatch output - source compiled test
FAIL: Divide_1 -O3 output - source compiled test
FAIL: Divide_1 -O3 -findirect-dispatch output - source compiled test
=== libjava Summary ===
# of expected passes 2568
# of unexpected failures 5
=== libstdc++ tests ===
Running target unix
WARNING: program timed out.
FAIL: 23_containers/vector/bool/modifiers/insert/31370.cc execution test
=== libstdc++ Summary ===
# of expected passes 7284
# of unexpected failures 1
# of expected failures 44
# of unsupported tests 811
Compiler version: 4.7.0 (GCC)
Platform: i386-pc-solaris2.8
configure flags: --prefix=/usr/tgcware --with-local-prefix=/usr/tgcware/gcc47 --bindir=/usr/tgcware/gcc47/bin --mandir=/usr/tgcware/gcc47/man --infodir=/usr/tgcware/gcc47/info --with-libiconv-prefix=/usr/tgcware --with-gmp=/usr/tgcware --with-mpfr=/usr/tgcware --with-mpc=/usr/tgcware --disable-nls --enable-shared --enable-threads=posix --without-gnu-ld --with-ld=/usr/ccs/bin/ld --with-gnu-as --with-as=/usr/tgcware/bin/gas --enable-languages=all,ada,obj-c++,go --with-x --with-java-awt=xlib --with-system-zlib --enable-obsolete --with-arch-32=i686 --with-tune-32=i686