This is the mail archive of the
gcc-testresults@gcc.gnu.org
mailing list for the GCC project.
Results for 4.8.0 20120504 (experimental) [trunk revision 187165] (GCC) testsuite on i386-pc-solaris2.11
- From: Rainer Orth <ro at CeBiTec dot Uni-Bielefeld dot DE>
- To: gcc-testresults at gcc dot gnu dot org
- Date: Fri, 4 May 2012 20:23:04 +0200 (MEST)
- Subject: Results for 4.8.0 20120504 (experimental) [trunk revision 187165] (GCC) testsuite on i386-pc-solaris2.11
LAST_UPDATED: Fri May 4 15:22:10 UTC 2012 (revision 187165)
=== acats tests ===
FAIL: c52102a
FAIL: c52102c
=== acats Summary ===
# of expected passes 2318
# of unexpected failures 2
Native configuration is i386-pc-solaris2.11
=== g++ tests ===
Running target unix
FAIL: g++.dg/debug/dwarf2/nested-3.C scan-assembler [^\\n\\r]*\\\\(DIE \\\\(0x([0-9a-f]+)\\\\) DW_TAG_namespace\\\\)[\\n\\r]+[^\\n\\r]*"thread[^\\n\\r]+[\\n\\r]+([^\\n\\r]*[\\n\\r]+)+[^\\n\\r]*\\\\(DIE \\\\(0x([0-9a-f]+)\\\\) DW_TAG_class_type\\\\)([\\n\\r]+[^\\n\\r]*)+"Executor[^\\n\\r]+[\\n\\r]+[^\\n\\r]*DW_AT_declaration[\\n\\r]+[^\\n\\r]*DW_AT_signature[^#]*# \\\\(DIE[^\\n\\r]*DW_TAG_subprogram\\\\)[\\n\\r]+([^\\n\\r]*[\\n\\r]+)+[^\\n\\r]*"CurrentExecutor[^\\n\\r]+[\\n\\r]+([^\\n\\r]*[\\n\\r]+)+([^\\n\\r]*[\\n\\r]+)+[^\\n\\r]*end of children of DIE 0x\\\\3[\\n\\r]+[^\\n\\r]*end of children of DIE 0x\\\\1[\\n\\r]+
FAIL: g++.dg/debug/dwarf2/nested-3.C scan-assembler [^\\n\\r]*\\\\(DIE \\\\(0x([0-9a-f]+)\\\\) DW_TAG_namespace\\\\)[\\n\\r]+[^\\n\\r]*"thread[^\\n\\r]+[\\n\\r]+([^\\n\\r]*[\\n\\r]+)+[^\\n\\r]*\\\\(DIE \\\\(0x([0-9a-f]+)\\\\) DW_TAG_class_type\\\\)([\\n\\r]+[^\\n\\r]*)+"Executor[^\\n\\r]+[\\n\\r]+[^\\n\\r]*DW_AT_declaration[\\n\\r]+[^\\n\\r]*DW_AT_signature[^#]*# \\\\(DIE[^\\n\\r]*DW_TAG_subprogram\\\\)[\\n\\r]+([^\\n\\r]*[\\n\\r]+)+[^\\n\\r]*"CurrentExecutor[^\\n\\r]+[\\n\\r]+([^\\n\\r]*[\\n\\r]+)+([^\\n\\r]*[\\n\\r]+)+[^\\n\\r]*end of children of DIE 0x\\\\3[\\n\\r]+[^\\n\\r]*end of children of DIE 0x\\\\1[\\n\\r]+
FAIL: g++.dg/debug/dwarf2/thunk1.C scan-assembler-times LFB3 1
FAIL: g++.dg/debug/dwarf2/thunk1.C scan-assembler-times LFB3 1
=== g++ Summary for unix ===
# of expected passes 47429
# of unexpected failures 4
# of expected failures 286
# of unsupported tests 395
Running target unix/-m64
FAIL: g++.dg/debug/dwarf2/nested-3.C scan-assembler [^\\n\\r]*\\\\(DIE \\\\(0x([0-9a-f]+)\\\\) DW_TAG_namespace\\\\)[\\n\\r]+[^\\n\\r]*"thread[^\\n\\r]+[\\n\\r]+([^\\n\\r]*[\\n\\r]+)+[^\\n\\r]*\\\\(DIE \\\\(0x([0-9a-f]+)\\\\) DW_TAG_class_type\\\\)([\\n\\r]+[^\\n\\r]*)+"Executor[^\\n\\r]+[\\n\\r]+[^\\n\\r]*DW_AT_declaration[\\n\\r]+[^\\n\\r]*DW_AT_signature[^#]*# \\\\(DIE[^\\n\\r]*DW_TAG_subprogram\\\\)[\\n\\r]+([^\\n\\r]*[\\n\\r]+)+[^\\n\\r]*"CurrentExecutor[^\\n\\r]+[\\n\\r]+([^\\n\\r]*[\\n\\r]+)+([^\\n\\r]*[\\n\\r]+)+[^\\n\\r]*end of children of DIE 0x\\\\3[\\n\\r]+[^\\n\\r]*end of children of DIE 0x\\\\1[\\n\\r]+
FAIL: g++.dg/debug/dwarf2/nested-3.C scan-assembler [^\\n\\r]*\\\\(DIE \\\\(0x([0-9a-f]+)\\\\) DW_TAG_namespace\\\\)[\\n\\r]+[^\\n\\r]*"thread[^\\n\\r]+[\\n\\r]+([^\\n\\r]*[\\n\\r]+)+[^\\n\\r]*\\\\(DIE \\\\(0x([0-9a-f]+)\\\\) DW_TAG_class_type\\\\)([\\n\\r]+[^\\n\\r]*)+"Executor[^\\n\\r]+[\\n\\r]+[^\\n\\r]*DW_AT_declaration[\\n\\r]+[^\\n\\r]*DW_AT_signature[^#]*# \\\\(DIE[^\\n\\r]*DW_TAG_subprogram\\\\)[\\n\\r]+([^\\n\\r]*[\\n\\r]+)+[^\\n\\r]*"CurrentExecutor[^\\n\\r]+[\\n\\r]+([^\\n\\r]*[\\n\\r]+)+([^\\n\\r]*[\\n\\r]+)+[^\\n\\r]*end of children of DIE 0x\\\\3[\\n\\r]+[^\\n\\r]*end of children of DIE 0x\\\\1[\\n\\r]+
FAIL: g++.dg/debug/dwarf2/thunk1.C scan-assembler-times LFB3 1
FAIL: g++.dg/debug/dwarf2/thunk1.C scan-assembler-times LFB3 1
=== g++ Summary for unix/-m64 ===
# of expected passes 48210
# of unexpected failures 4
# of expected failures 286
# of unsupported tests 635
=== g++ Summary ===
# of expected passes 95639
# of unexpected failures 8
# of expected failures 572
# of unsupported tests 1030
/var/gcc/regression/trunk/11-gcc/build/gcc/testsuite/g++/../../g++ version 4.8.0 20120504 (experimental) [trunk revision 187165] (GCC)
=== gcc tests ===
Running target unix
XPASS: gcc.dg/Wstrict-overflow-18.c (test for bogus messages, line 20)
FAIL: gcc.dg/lower-subreg-1.c scan-rtl-dump subreg1 "Splitting reg"
FAIL: gcc.dg/torture/pr51106-2.c -O0 (internal compiler error)
FAIL: gcc.dg/torture/pr51106-2.c -O0 (test for excess errors)
FAIL: gcc.dg/torture/pr51106-2.c -O1 (internal compiler error)
FAIL: gcc.dg/torture/pr51106-2.c -O1 (test for excess errors)
FAIL: gcc.dg/torture/pr51106-2.c -O2 (internal compiler error)
FAIL: gcc.dg/torture/pr51106-2.c -O2 (test for excess errors)
FAIL: gcc.dg/torture/pr51106-2.c -O3 -fomit-frame-pointer (internal compiler error)
FAIL: gcc.dg/torture/pr51106-2.c -O3 -fomit-frame-pointer (test for excess errors)
FAIL: gcc.dg/torture/pr51106-2.c -O3 -g (internal compiler error)
FAIL: gcc.dg/torture/pr51106-2.c -O3 -g (test for excess errors)
FAIL: gcc.dg/torture/pr51106-2.c -Os (internal compiler error)
FAIL: gcc.dg/torture/pr51106-2.c -Os (test for excess errors)
FAIL: gcc.dg/torture/pr51106-2.c -O2 -flto -flto-partition=none (internal compiler error)
FAIL: gcc.dg/torture/pr51106-2.c -O2 -flto -flto-partition=none (test for excess errors)
FAIL: gcc.dg/torture/pr51106-2.c -O2 -flto (internal compiler error)
FAIL: gcc.dg/torture/pr51106-2.c -O2 -flto (test for excess errors)
FAIL: gcc.target/i386/builtin_target.c (test for excess errors)
WARNING: gcc.target/i386/builtin_target.c compilation failed to produce executable
FAIL: gcc.target/i386/movbe-2.c scan-assembler-times movbe[ \\t] 4
=== gcc Summary for unix ===
# of expected passes 83814
# of unexpected failures 19
# of unexpected successes 1
# of expected failures 259
# of unsupported tests 1329
Running target unix/-m64
XPASS: gcc.dg/Wstrict-overflow-18.c (test for bogus messages, line 20)
FAIL: gcc.dg/torture/pr51106-2.c -O0 (internal compiler error)
FAIL: gcc.dg/torture/pr51106-2.c -O0 (test for excess errors)
FAIL: gcc.dg/torture/pr51106-2.c -O1 (internal compiler error)
FAIL: gcc.dg/torture/pr51106-2.c -O1 (test for excess errors)
FAIL: gcc.dg/torture/pr51106-2.c -O2 (internal compiler error)
FAIL: gcc.dg/torture/pr51106-2.c -O2 (test for excess errors)
FAIL: gcc.dg/torture/pr51106-2.c -O3 -fomit-frame-pointer (internal compiler error)
FAIL: gcc.dg/torture/pr51106-2.c -O3 -fomit-frame-pointer (test for excess errors)
FAIL: gcc.dg/torture/pr51106-2.c -O3 -g (internal compiler error)
FAIL: gcc.dg/torture/pr51106-2.c -O3 -g (test for excess errors)
FAIL: gcc.dg/torture/pr51106-2.c -Os (internal compiler error)
FAIL: gcc.dg/torture/pr51106-2.c -Os (test for excess errors)
FAIL: gcc.dg/torture/pr51106-2.c -O2 -flto -flto-partition=none (internal compiler error)
FAIL: gcc.dg/torture/pr51106-2.c -O2 -flto -flto-partition=none (test for excess errors)
FAIL: gcc.dg/torture/pr51106-2.c -O2 -flto (internal compiler error)
FAIL: gcc.dg/torture/pr51106-2.c -O2 -flto (test for excess errors)
FAIL: gcc.target/i386/builtin_target.c (test for excess errors)
WARNING: gcc.target/i386/builtin_target.c compilation failed to produce executable
=== gcc Summary for unix/-m64 ===
# of expected passes 84053
# of unexpected failures 17
# of unexpected successes 1
# of expected failures 261
# of unsupported tests 1699
=== gcc Summary ===
# of expected passes 167867
# of unexpected failures 36
# of unexpected successes 2
# of expected failures 520
# of unsupported tests 3028
/var/gcc/regression/trunk/11-gcc/build/gcc/xgcc version 4.8.0 20120504 (experimental) [trunk revision 187165] (GCC)
=== gfortran tests ===
Running target unix
FAIL: gfortran.dg/lto/pr45586-2 f_lto_pr45586-2_0.o-f_lto_pr45586-2_0.o link, -O0 -flto -flto-partition=none
UNRESOLVED: gfortran.dg/lto/pr45586-2 f_lto_pr45586-2_0.o-f_lto_pr45586-2_0.o execute -O0 -flto -flto-partition=none
FAIL: gfortran.dg/lto/pr45586-2 f_lto_pr45586-2_0.o-f_lto_pr45586-2_0.o link, -O0 -flto -flto-partition=1to1
UNRESOLVED: gfortran.dg/lto/pr45586-2 f_lto_pr45586-2_0.o-f_lto_pr45586-2_0.o execute -O0 -flto -flto-partition=1to1
FAIL: gfortran.dg/lto/pr45586-2 f_lto_pr45586-2_0.o-f_lto_pr45586-2_0.o link, -O0 -flto
UNRESOLVED: gfortran.dg/lto/pr45586-2 f_lto_pr45586-2_0.o-f_lto_pr45586-2_0.o execute -O0 -flto
FAIL: gfortran.dg/lto/pr45586 f_lto_pr45586_0.o-f_lto_pr45586_0.o link, -O0 -flto -flto-partition=none
UNRESOLVED: gfortran.dg/lto/pr45586 f_lto_pr45586_0.o-f_lto_pr45586_0.o execute -O0 -flto -flto-partition=none
FAIL: gfortran.dg/lto/pr45586 f_lto_pr45586_0.o-f_lto_pr45586_0.o link, -O0 -flto -flto-partition=1to1
UNRESOLVED: gfortran.dg/lto/pr45586 f_lto_pr45586_0.o-f_lto_pr45586_0.o execute -O0 -flto -flto-partition=1to1
FAIL: gfortran.dg/lto/pr45586 f_lto_pr45586_0.o-f_lto_pr45586_0.o link, -O0 -flto
UNRESOLVED: gfortran.dg/lto/pr45586 f_lto_pr45586_0.o-f_lto_pr45586_0.o execute -O0 -flto
=== gfortran Summary for unix ===
# of expected passes 41057
# of unexpected failures 6
# of expected failures 56
# of unresolved testcases 6
# of unsupported tests 228
Running target unix/-m64
FAIL: gfortran.dg/lto/pr45586-2 f_lto_pr45586-2_0.o-f_lto_pr45586-2_0.o link, -O0 -flto -flto-partition=none
UNRESOLVED: gfortran.dg/lto/pr45586-2 f_lto_pr45586-2_0.o-f_lto_pr45586-2_0.o execute -O0 -flto -flto-partition=none
FAIL: gfortran.dg/lto/pr45586-2 f_lto_pr45586-2_0.o-f_lto_pr45586-2_0.o link, -O0 -flto -flto-partition=1to1
UNRESOLVED: gfortran.dg/lto/pr45586-2 f_lto_pr45586-2_0.o-f_lto_pr45586-2_0.o execute -O0 -flto -flto-partition=1to1
FAIL: gfortran.dg/lto/pr45586-2 f_lto_pr45586-2_0.o-f_lto_pr45586-2_0.o link, -O0 -flto
UNRESOLVED: gfortran.dg/lto/pr45586-2 f_lto_pr45586-2_0.o-f_lto_pr45586-2_0.o execute -O0 -flto
FAIL: gfortran.dg/lto/pr45586 f_lto_pr45586_0.o-f_lto_pr45586_0.o link, -O0 -flto -flto-partition=none
UNRESOLVED: gfortran.dg/lto/pr45586 f_lto_pr45586_0.o-f_lto_pr45586_0.o execute -O0 -flto -flto-partition=none
FAIL: gfortran.dg/lto/pr45586 f_lto_pr45586_0.o-f_lto_pr45586_0.o link, -O0 -flto -flto-partition=1to1
UNRESOLVED: gfortran.dg/lto/pr45586 f_lto_pr45586_0.o-f_lto_pr45586_0.o execute -O0 -flto -flto-partition=1to1
FAIL: gfortran.dg/lto/pr45586 f_lto_pr45586_0.o-f_lto_pr45586_0.o link, -O0 -flto
UNRESOLVED: gfortran.dg/lto/pr45586 f_lto_pr45586_0.o-f_lto_pr45586_0.o execute -O0 -flto
=== gfortran Summary for unix/-m64 ===
# of expected passes 41360
# of unexpected failures 6
# of expected failures 56
# of unresolved testcases 6
# of unsupported tests 82
=== gfortran Summary ===
# of expected passes 82417
# of unexpected failures 12
# of expected failures 112
# of unresolved testcases 12
# of unsupported tests 310
/var/gcc/regression/trunk/11-gcc/build/gcc/testsuite/gfortran/../../gfortran version 4.8.0 20120504 (experimental) [trunk revision 187165] (GCC)
=== gnat tests ===
Running target unix
FAIL: gnat.dg/array11.adb (test for warnings, line 12)
FAIL: gnat.dg/object_overflow.adb (test for warnings, line 8)
FAIL: gnat.dg/renaming5.adb scan-tree-dump-times optimized "goto" 2
=== gnat Summary for unix ===
# of expected passes 1089
# of unexpected failures 3
# of expected failures 13
# of unsupported tests 5
Running target unix/-m64
FAIL: gnat.dg/array11.adb (test for warnings, line 12)
FAIL: gnat.dg/object_overflow.adb (test for warnings, line 8)
FAIL: gnat.dg/renaming5.adb scan-tree-dump-times optimized "goto" 2
=== gnat Summary for unix/-m64 ===
# of expected passes 1089
# of unexpected failures 3
# of expected failures 13
# of unsupported tests 5
=== gnat Summary ===
# of expected passes 2178
# of unexpected failures 6
# of expected failures 26
# of unsupported tests 10
/var/gcc/regression/trunk/11-gcc/build/gcc/gnatmake version 4.8.0 20120504 (experimental) [trunk revision 187165]
=== go tests ===
Running target unix
=== go Summary for unix ===
# of expected passes 3292
# of expected failures 4
# of untested testcases 6
Running target unix/-m64
FAIL: go.test/test/235.go execution, -O2 -g
FAIL: go.test/test/chan/powser1.go execution, -O2 -g
=== go Summary for unix/-m64 ===
# of expected passes 3290
# of unexpected failures 2
# of expected failures 4
# of untested testcases 6
=== go Summary ===
# of expected passes 6582
# of unexpected failures 2
# of expected failures 8
# of untested testcases 12
/var/gcc/regression/trunk/11-gcc/build/gcc/testsuite/go/../../gccgo version 4.8.0 20120504 (experimental) [trunk revision 187165] (GCC)
=== obj-c++ tests ===
Running target unix
=== obj-c++ Summary for unix ===
# of expected passes 1450
# of expected failures 2
# of unsupported tests 86
Running target unix/-m64
=== obj-c++ Summary for unix/-m64 ===
# of expected passes 1442
# of expected failures 10
# of unsupported tests 86
=== obj-c++ Summary ===
# of expected passes 2892
# of expected failures 12
# of unsupported tests 172
/var/gcc/regression/trunk/11-gcc/build/gcc/testsuite/obj-c++/../../g++ version 4.8.0 20120504 (experimental) [trunk revision 187165] (GCC)
=== objc tests ===
Running target unix
=== objc Summary for unix ===
# of expected passes 2988
# of expected failures 6
# of unsupported tests 74
Running target unix/-m64
=== objc Summary for unix/-m64 ===
# of expected passes 2988
# of expected failures 6
# of unsupported tests 74
=== objc Summary ===
# of expected passes 5976
# of expected failures 12
# of unsupported tests 148
/var/gcc/regression/trunk/11-gcc/build/gcc/xgcc version 4.8.0 20120504 (experimental) [trunk revision 187165] (GCC)
=== boehm-gc tests ===
Running target unix
=== boehm-gc Summary for unix ===
# of expected passes 12
# of unsupported tests 1
Running target unix/-m64
=== boehm-gc Summary for unix/-m64 ===
# of expected passes 12
# of unsupported tests 1
=== boehm-gc Summary ===
# of expected passes 24
# of unsupported tests 2
=== libatomic tests ===
Running target unix
FAIL: libatomic.c/atomic-compare-exchange-1.c (test for excess errors)
WARNING: libatomic.c/atomic-compare-exchange-1.c compilation failed to produce executable
FAIL: libatomic.c/atomic-compare-exchange-2.c (test for excess errors)
WARNING: libatomic.c/atomic-compare-exchange-2.c compilation failed to produce executable
FAIL: libatomic.c/atomic-compare-exchange-3.c (test for excess errors)
WARNING: libatomic.c/atomic-compare-exchange-3.c compilation failed to produce executable
FAIL: libatomic.c/atomic-compare-exchange-4.c (test for excess errors)
WARNING: libatomic.c/atomic-compare-exchange-4.c compilation failed to produce executable
FAIL: libatomic.c/atomic-exchange-1.c (test for excess errors)
WARNING: libatomic.c/atomic-exchange-1.c compilation failed to produce executable
FAIL: libatomic.c/atomic-exchange-2.c (test for excess errors)
WARNING: libatomic.c/atomic-exchange-2.c compilation failed to produce executable
FAIL: libatomic.c/atomic-exchange-3.c (test for excess errors)
WARNING: libatomic.c/atomic-exchange-3.c compilation failed to produce executable
FAIL: libatomic.c/atomic-exchange-4.c (test for excess errors)
WARNING: libatomic.c/atomic-exchange-4.c compilation failed to produce executable
FAIL: libatomic.c/atomic-load-1.c (test for excess errors)
WARNING: libatomic.c/atomic-load-1.c compilation failed to produce executable
FAIL: libatomic.c/atomic-load-2.c (test for excess errors)
WARNING: libatomic.c/atomic-load-2.c compilation failed to produce executable
FAIL: libatomic.c/atomic-load-3.c (test for excess errors)
WARNING: libatomic.c/atomic-load-3.c compilation failed to produce executable
FAIL: libatomic.c/atomic-load-4.c (test for excess errors)
WARNING: libatomic.c/atomic-load-4.c compilation failed to produce executable
FAIL: libatomic.c/atomic-op-1.c (test for excess errors)
WARNING: libatomic.c/atomic-op-1.c compilation failed to produce executable
FAIL: libatomic.c/atomic-op-2.c (test for excess errors)
WARNING: libatomic.c/atomic-op-2.c compilation failed to produce executable
FAIL: libatomic.c/atomic-op-3.c (test for excess errors)
WARNING: libatomic.c/atomic-op-3.c compilation failed to produce executable
FAIL: libatomic.c/atomic-op-4.c (test for excess errors)
WARNING: libatomic.c/atomic-op-4.c compilation failed to produce executable
FAIL: libatomic.c/atomic-store-1.c (test for excess errors)
WARNING: libatomic.c/atomic-store-1.c compilation failed to produce executable
FAIL: libatomic.c/atomic-store-2.c (test for excess errors)
WARNING: libatomic.c/atomic-store-2.c compilation failed to produce executable
FAIL: libatomic.c/atomic-store-3.c (test for excess errors)
WARNING: libatomic.c/atomic-store-3.c compilation failed to produce executable
FAIL: libatomic.c/atomic-store-4.c (test for excess errors)
WARNING: libatomic.c/atomic-store-4.c compilation failed to produce executable
FAIL: libatomic.c/generic-2.c execution test
=== libatomic Summary for unix ===
# of expected passes 3
# of unexpected failures 21
# of unsupported tests 5
Running target unix/-m64
FAIL: libatomic.c/atomic-compare-exchange-1.c (test for excess errors)
WARNING: libatomic.c/atomic-compare-exchange-1.c compilation failed to produce executable
FAIL: libatomic.c/atomic-compare-exchange-2.c (test for excess errors)
WARNING: libatomic.c/atomic-compare-exchange-2.c compilation failed to produce executable
FAIL: libatomic.c/atomic-compare-exchange-3.c (test for excess errors)
WARNING: libatomic.c/atomic-compare-exchange-3.c compilation failed to produce executable
FAIL: libatomic.c/atomic-compare-exchange-4.c (test for excess errors)
WARNING: libatomic.c/atomic-compare-exchange-4.c compilation failed to produce executable
FAIL: libatomic.c/atomic-compare-exchange-5.c (test for excess errors)
WARNING: libatomic.c/atomic-compare-exchange-5.c compilation failed to produce executable
FAIL: libatomic.c/atomic-exchange-1.c (test for excess errors)
WARNING: libatomic.c/atomic-exchange-1.c compilation failed to produce executable
FAIL: libatomic.c/atomic-exchange-2.c (test for excess errors)
WARNING: libatomic.c/atomic-exchange-2.c compilation failed to produce executable
FAIL: libatomic.c/atomic-exchange-3.c (test for excess errors)
WARNING: libatomic.c/atomic-exchange-3.c compilation failed to produce executable
FAIL: libatomic.c/atomic-exchange-4.c (test for excess errors)
WARNING: libatomic.c/atomic-exchange-4.c compilation failed to produce executable
FAIL: libatomic.c/atomic-exchange-5.c (test for excess errors)
WARNING: libatomic.c/atomic-exchange-5.c compilation failed to produce executable
FAIL: libatomic.c/atomic-load-1.c (test for excess errors)
WARNING: libatomic.c/atomic-load-1.c compilation failed to produce executable
FAIL: libatomic.c/atomic-load-2.c (test for excess errors)
WARNING: libatomic.c/atomic-load-2.c compilation failed to produce executable
FAIL: libatomic.c/atomic-load-3.c (test for excess errors)
WARNING: libatomic.c/atomic-load-3.c compilation failed to produce executable
FAIL: libatomic.c/atomic-load-4.c (test for excess errors)
WARNING: libatomic.c/atomic-load-4.c compilation failed to produce executable
FAIL: libatomic.c/atomic-load-5.c (test for excess errors)
WARNING: libatomic.c/atomic-load-5.c compilation failed to produce executable
FAIL: libatomic.c/atomic-op-1.c (test for excess errors)
WARNING: libatomic.c/atomic-op-1.c compilation failed to produce executable
FAIL: libatomic.c/atomic-op-2.c (test for excess errors)
WARNING: libatomic.c/atomic-op-2.c compilation failed to produce executable
FAIL: libatomic.c/atomic-op-3.c (test for excess errors)
WARNING: libatomic.c/atomic-op-3.c compilation failed to produce executable
FAIL: libatomic.c/atomic-op-4.c (test for excess errors)
WARNING: libatomic.c/atomic-op-4.c compilation failed to produce executable
FAIL: libatomic.c/atomic-op-5.c (test for excess errors)
WARNING: libatomic.c/atomic-op-5.c compilation failed to produce executable
FAIL: libatomic.c/atomic-store-1.c (test for excess errors)
WARNING: libatomic.c/atomic-store-1.c compilation failed to produce executable
FAIL: libatomic.c/atomic-store-2.c (test for excess errors)
WARNING: libatomic.c/atomic-store-2.c compilation failed to produce executable
FAIL: libatomic.c/atomic-store-3.c (test for excess errors)
WARNING: libatomic.c/atomic-store-3.c compilation failed to produce executable
FAIL: libatomic.c/atomic-store-4.c (test for excess errors)
WARNING: libatomic.c/atomic-store-4.c compilation failed to produce executable
FAIL: libatomic.c/atomic-store-5.c (test for excess errors)
WARNING: libatomic.c/atomic-store-5.c compilation failed to produce executable
=== libatomic Summary for unix/-m64 ===
# of expected passes 4
# of unexpected failures 25
=== libatomic Summary ===
# of expected passes 7
# of unexpected failures 46
# of unsupported tests 5
=== libffi tests ===
Running target unix
=== libffi Summary for unix ===
# of expected passes 1659
# of unsupported tests 55
Running target unix/-m64
=== libffi Summary for unix/-m64 ===
# of expected passes 1659
# of unsupported tests 55
=== libffi Summary ===
# of expected passes 3318
# of unsupported tests 110
=== libgo tests ===
Running target unix
=== libgo Summary for unix ===
# of expected passes 123
Running target unix/-m64
FAIL: image
FAIL: net
FAIL: regexp
FAIL: encoding/base32
FAIL: hash/crc64
FAIL: net/http
FAIL: net/rpc
FAIL: old/netchan
FAIL: os/exec
=== libgo Summary for unix/-m64 ===
# of expected passes 114
# of unexpected failures 9
=== libgo Summary ===
# of expected passes 237
# of unexpected failures 9
/var/gcc/regression/trunk/11-gcc/build/./gcc/gccgo version 4.8.0 20120504 (experimental) [trunk revision 187165] (GCC)
=== libgomp tests ===
Running target unix
=== libgomp Summary for unix ===
# of expected passes 2992
# of unsupported tests 3
Running target unix/-m64
=== libgomp Summary for unix/-m64 ===
# of expected passes 2992
# of unsupported tests 3
=== libgomp Summary ===
# of expected passes 5984
# of unsupported tests 6
=== libitm tests ===
Running target unix
=== libitm Summary for unix ===
# of expected passes 26
# of expected failures 3
# of unsupported tests 1
Running target unix/-m64
=== libitm Summary for unix/-m64 ===
# of expected passes 26
# of expected failures 3
# of unsupported tests 1
=== libitm Summary ===
# of expected passes 52
# of expected failures 6
# of unsupported tests 2
=== libjava tests ===
Running target unix
=== libjava Summary for unix ===
# of expected passes 2574
Running target unix/-m64
=== libjava Summary for unix/-m64 ===
# of expected passes 2574
=== libjava Summary ===
# of expected passes 5148
=== libmudflap tests ===
Running target unix
=== libmudflap Summary for unix ===
# of expected passes 1442
Running target unix/-m64
FAIL: libmudflap.c++/pass55-frag.cxx execution test
FAIL: libmudflap.c++/pass55-frag.cxx ( -O) execution test
FAIL: libmudflap.c++/pass55-frag.cxx (-O2) execution test
FAIL: libmudflap.c++/pass55-frag.cxx (-O3) execution test
=== libmudflap Summary for unix/-m64 ===
# of expected passes 1438
# of unexpected failures 4
=== libmudflap Summary ===
# of expected passes 2880
# of unexpected failures 4
=== libstdc++ tests ===
Running target unix
FAIL: libstdc++-prettyprinters/shared_ptr.cc print esp
FAIL: libstdc++-prettyprinters/shared_ptr.cc print ewp1
FAIL: libstdc++-prettyprinters/shared_ptr.cc print ewp2
FAIL: libstdc++-prettyprinters/shared_ptr.cc print sp1
FAIL: libstdc++-prettyprinters/shared_ptr.cc print wp1
FAIL: libstdc++-prettyprinters/shared_ptr.cc print wp2
=== libstdc++ Summary for unix ===
# of expected passes 7978
# of unexpected failures 6
# of expected failures 43
# of unsupported tests 536
Running target unix/-m64
FAIL: libstdc++-abi/abi_check
FAIL: libstdc++-prettyprinters/shared_ptr.cc print esp
FAIL: libstdc++-prettyprinters/shared_ptr.cc print ewp1
FAIL: libstdc++-prettyprinters/shared_ptr.cc print ewp2
FAIL: libstdc++-prettyprinters/shared_ptr.cc print sp1
FAIL: libstdc++-prettyprinters/shared_ptr.cc print wp1
FAIL: libstdc++-prettyprinters/shared_ptr.cc print wp2
=== libstdc++ Summary for unix/-m64 ===
# of expected passes 7977
# of unexpected failures 7
# of expected failures 43
# of unsupported tests 536
=== libstdc++ Summary ===
# of expected passes 15955
# of unexpected failures 13
# of expected failures 86
# of unsupported tests 1072
Compiler version: 4.8.0 20120504 (experimental) [trunk revision 187165] (GCC)
Platform: i386-pc-solaris2.11
configure flags: --prefix=/vol/gcc --target=i386-pc-solaris2.11 --enable-objc-gc --enable-libmudflap --with-host-libstdcxx='-L/vol/gcc-4.4/lib -Wl,-Bstatic -lstdc++ -Wl,-Bdynamic -lm' --with-boot-ldflags='-static-libstdc++ -static-libgcc -L/vol/gcc-4.4/lib' --with-gmp-include=/vol/gcc/include --with-gmp-lib=/vol/gcc/lib --with-mpfr-include=/vol/gcc/include --with-mpfr-lib=/vol/gcc/lib --with-mpc-include=/vol/gcc/include --with-mpc-lib=/vol/gcc/lib --enable-languages=all,ada,obj-c++,go --with-ppl-include=/vol/gcc/include --with-ppl-lib=/vol/gcc/lib --with-cloog-include=/vol/gcc/include --with-cloog-lib=/vol/gcc/lib --enable-cloog-backend=ppl
BOOT_CFLAGS=-g -O2