This is the mail archive of the
gcc-testresults@gcc.gnu.org
mailing list for the GCC project.
Results for 4.8.0 20120429 (prerelease) (GCC) testsuite on arm-unknown-rtems4.11
- From: Sebastian Huber <sebastian dot huber at embedded-brains dot de>
- To: gcc-testresults at gcc dot gnu dot org
- Date: Fri, 04 May 2012 10:02:45 +0200
- Subject: Results for 4.8.0 20120429 (prerelease) (GCC) testsuite on arm-unknown-rtems4.11
Based on GCC 4.8.0 20120429 with the attached patch applied.
arm-rtems4.11-gcc --version --verbose
Using built-in specs.
COLLECT_GCC=./arm-rtems4.11-gcc
COLLECT_LTO_WRAPPER=/home/sh/install-4.8-20120429/libexec/gcc/arm-rtems4.11/4.8.0/lto-wrapper
arm-rtems4.11-gcc (GCC) 4.8.0 20120429 (experimental)
Copyright (C) 2012 Free Software Foundation, Inc.
This is free software; see the source for copying conditions. There is NO
warranty; not even for MERCHANTABILITY or FITNESS FOR A PARTICULAR PURPOSE.
Target: arm-rtems4.11
Configured with: /home/sh/archive/gcc-4.8-20120429/configure --disable-werror
--enable-threads=rtems --with-gnu-as --disable-multilib --enable-newlib-mb
--enable-newlib-iconv --with-gnu-ld --with-newlib --verbose --with-system-zlib
--disable-nls --enable-version-specific-runtime-libs --enable-languages=c,c++
--target=arm-rtems4.11 --prefix=/home/sh/install-4.8-20120429
Thread model: rtems
gcc version 4.8.0 20120429 (experimental) (GCC)
COLLECT_GCC_OPTIONS='--version' '-v'
Test Run By sh on Thu May 3 08:14:36 2012
Target is arm-unknown-rtems4.11
Host is x86_64-unknown-linux-gnu
=== gcc tests ===
Schedule of variations:
rtems-arm-edb7312
Running target rtems-arm-edb7312
Using /home/sh/git-rtems-testing/dejagnu/boards/rtems-arm-edb7312.exp as board
description file for target.
Using /usr/share/dejagnu/config/sim.exp as generic interface file for target.
Using /usr/share/dejagnu/baseboards/basic-sim.exp as board description file for
target.
Using /home/sh/archive/gcc/gcc/testsuite/config/default.exp as
tool-and-target-specific interface file.
Running /home/sh/archive/gcc/gcc/testsuite/gcc.c-torture/compile/compile.exp ...
Running
/home/sh/archive/gcc/gcc/testsuite/gcc.c-torture/execute/builtins/builtins.exp ...
FAIL: gcc.c-torture/execute/builtins/20010124-1.c compilation, -O2 -flto
-fuse-linker-plugin -fno-fat-lto-objects
FAIL: gcc.c-torture/execute/builtins/fprintf.c compilation, -O2 -flto
-fuse-linker-plugin -fno-fat-lto-objects
FAIL: gcc.c-torture/execute/builtins/memchr.c compilation, -O2 -flto
-fuse-linker-plugin -fno-fat-lto-objects
FAIL: gcc.c-torture/execute/builtins/memcpy-chk.c compilation, -O2 -flto
-fuse-linker-plugin -fno-fat-lto-objects
FAIL: gcc.c-torture/execute/builtins/memmove-2.c compilation, -O2 -flto
-fuse-linker-plugin -fno-fat-lto-objects
FAIL: gcc.c-torture/execute/builtins/memmove-chk.c compilation, -O2 -flto
-fuse-linker-plugin -fno-fat-lto-objects
FAIL: gcc.c-torture/execute/builtins/memmove.c compilation, -O2 -flto
-fuse-linker-plugin -fno-fat-lto-objects
FAIL: gcc.c-torture/execute/builtins/memops-asm.c compilation, -O2 -flto
-fuse-linker-plugin -fno-fat-lto-objects
FAIL: gcc.c-torture/execute/builtins/mempcpy-chk.c compilation, -O2 -flto
-fuse-linker-plugin -fno-fat-lto-objects
FAIL: gcc.c-torture/execute/builtins/memset-chk.c compilation, -O2 -flto
-fuse-linker-plugin -fno-fat-lto-objects
FAIL: gcc.c-torture/execute/builtins/memset.c compilation, -O2 -flto
-fuse-linker-plugin -fno-fat-lto-objects
FAIL: gcc.c-torture/execute/builtins/pr22237.c compilation, -O2 -flto
-fuse-linker-plugin -fno-fat-lto-objects
FAIL: gcc.c-torture/execute/builtins/pr23484-chk.c compilation, -O2 -flto
-fuse-linker-plugin -fno-fat-lto-objects
FAIL: gcc.c-torture/execute/builtins/snprintf-chk.c compilation, -O2 -flto
-fuse-linker-plugin -fno-fat-lto-objects
FAIL: gcc.c-torture/execute/builtins/sprintf-chk.c compilation, -O2 -flto
-fuse-linker-plugin -fno-fat-lto-objects
FAIL: gcc.c-torture/execute/builtins/stpcpy-chk.c compilation, -O2 -flto
-fuse-linker-plugin -fno-fat-lto-objects
FAIL: gcc.c-torture/execute/builtins/stpncpy-chk.c compilation, -O2 -flto
-fuse-linker-plugin -fno-fat-lto-objects
FAIL: gcc.c-torture/execute/builtins/strcat-chk.c compilation, -O2 -flto
-fuse-linker-plugin -fno-fat-lto-objects
FAIL: gcc.c-torture/execute/builtins/strcat.c compilation, -O2 -flto
-fuse-linker-plugin -fno-fat-lto-objects
FAIL: gcc.c-torture/execute/builtins/strchr.c compilation, -O2 -flto
-fuse-linker-plugin -fno-fat-lto-objects
FAIL: gcc.c-torture/execute/builtins/strcmp.c compilation, -O2 -flto
-fuse-linker-plugin -fno-fat-lto-objects
FAIL: gcc.c-torture/execute/builtins/strcpy-2.c compilation, -O2 -flto
-fuse-linker-plugin -fno-fat-lto-objects
FAIL: gcc.c-torture/execute/builtins/strcpy-chk.c compilation, -O2 -flto
-fuse-linker-plugin -fno-fat-lto-objects
FAIL: gcc.c-torture/execute/builtins/strcpy.c compilation, -O2 -flto
-fuse-linker-plugin -fno-fat-lto-objects
FAIL: gcc.c-torture/execute/builtins/strlen-2.c compilation, -O2 -flto
-fuse-linker-plugin -fno-fat-lto-objects
FAIL: gcc.c-torture/execute/builtins/strlen-3.c compilation, -O2 -flto
-fuse-linker-plugin -fno-fat-lto-objects
FAIL: gcc.c-torture/execute/builtins/strlen.c compilation, -O2 -flto
-fuse-linker-plugin -fno-fat-lto-objects
FAIL: gcc.c-torture/execute/builtins/strncat-chk.c compilation, -O2 -flto
-fuse-linker-plugin -fno-fat-lto-objects
FAIL: gcc.c-torture/execute/builtins/strncmp-2.c compilation, -O2 -flto
-fuse-linker-plugin -fno-fat-lto-objects
FAIL: gcc.c-torture/execute/builtins/strncmp.c compilation, -O2 -flto
-fuse-linker-plugin -fno-fat-lto-objects
FAIL: gcc.c-torture/execute/builtins/strncpy-chk.c compilation, -O2 -flto
-fuse-linker-plugin -fno-fat-lto-objects
FAIL: gcc.c-torture/execute/builtins/strncpy.c compilation, -O2 -flto
-fuse-linker-plugin -fno-fat-lto-objects
FAIL: gcc.c-torture/execute/builtins/vsnprintf-chk.c compilation, -O2 -flto
-fuse-linker-plugin -fno-fat-lto-objects
FAIL: gcc.c-torture/execute/builtins/vsprintf-chk.c compilation, -O2 -flto
-fuse-linker-plugin -fno-fat-lto-objects
Running /home/sh/archive/gcc/gcc/testsuite/gcc.c-torture/execute/execute.exp ...
FAIL: gcc.c-torture/execute/scal-to-vec2.c execution, -Os
WARNING: program timed out.
FAIL: gcc.c-torture/execute/vector-compare-1.c compilation, -O3
-fomit-frame-pointer
WARNING: program timed out.
FAIL: gcc.c-torture/execute/vector-compare-1.c compilation, -O3
-fomit-frame-pointer -funroll-loops
WARNING: program timed out.
FAIL: gcc.c-torture/execute/vector-compare-1.c compilation, -O3
-fomit-frame-pointer -funroll-all-loops -finline-functions
WARNING: program timed out.
FAIL: gcc.c-torture/execute/vector-compare-1.c compilation, -O3 -g
Running /home/sh/archive/gcc/gcc/testsuite/gcc.c-torture/execute/ieee/ieee.exp ...
Running /home/sh/archive/gcc/gcc/testsuite/gcc.c-torture/unsorted/unsorted.exp ...
Running /home/sh/archive/gcc/gcc/testsuite/gcc.dg/autopar/autopar.exp ...
Running /home/sh/archive/gcc/gcc/testsuite/gcc.dg/charset/charset.exp ...
Running /home/sh/archive/gcc/gcc/testsuite/gcc.dg/compat/compat.exp ...
Running /home/sh/archive/gcc/gcc/testsuite/gcc.dg/compat/struct-layout-1.exp ...
Running /home/sh/archive/gcc/gcc/testsuite/gcc.dg/cpp/cpp.exp ...
Running /home/sh/archive/gcc/gcc/testsuite/gcc.dg/cpp/trad/trad.exp ...
Running /home/sh/archive/gcc/gcc/testsuite/gcc.dg/debug/debug.exp ...
FAIL: gcc.dg/debug/20020220-1.c -gdwarf-2 -g3 (test for excess errors)
WARNING: gcc.dg/debug/20020220-1.c -gdwarf-2 -g3 compilation failed to produce
executable
FAIL: gcc.dg/debug/20020220-1.c -gdwarf-2 -g3 -O (test for excess errors)
WARNING: gcc.dg/debug/20020220-1.c -gdwarf-2 -g3 -O compilation failed to
produce executable
FAIL: gcc.dg/debug/20020220-1.c -gdwarf-2 -g3 -O3 (test for excess errors)
WARNING: gcc.dg/debug/20020220-1.c -gdwarf-2 -g3 -O3 compilation failed to
produce executable
FAIL: gcc.dg/debug/20020327-1.c -gdwarf-2 -g3 (test for excess errors)
FAIL: gcc.dg/debug/20020327-1.c -gdwarf-2 -g3 -O (test for excess errors)
FAIL: gcc.dg/debug/20020327-1.c -gdwarf-2 -g3 -O3 (test for excess errors)
FAIL: gcc.dg/debug/20050907-1.c -gdwarf-2 -g3 (test for excess errors)
FAIL: gcc.dg/debug/20050907-1.c -gdwarf-2 -g3 -O (test for excess errors)
FAIL: gcc.dg/debug/20050907-1.c -gdwarf-2 -g3 -O3 (test for excess errors)
FAIL: gcc.dg/debug/pr29609-1.c -gdwarf-2 -g3 (test for excess errors)
WARNING: gcc.dg/debug/pr29609-1.c -gdwarf-2 -g3 compilation failed to produce
executable
FAIL: gcc.dg/debug/pr29609-1.c -gdwarf-2 -g3 -O (test for excess errors)
WARNING: gcc.dg/debug/pr29609-1.c -gdwarf-2 -g3 -O compilation failed to
produce executable
FAIL: gcc.dg/debug/pr29609-1.c -gdwarf-2 -g3 -O3 (test for excess errors)
WARNING: gcc.dg/debug/pr29609-1.c -gdwarf-2 -g3 -O3 compilation failed to
produce executable
FAIL: gcc.dg/debug/pr29609-2.c -gdwarf-2 -g3 (test for excess errors)
WARNING: gcc.dg/debug/pr29609-2.c -gdwarf-2 -g3 compilation failed to produce
executable
FAIL: gcc.dg/debug/pr29609-2.c -gdwarf-2 -g3 -O (test for excess errors)
WARNING: gcc.dg/debug/pr29609-2.c -gdwarf-2 -g3 -O compilation failed to
produce executable
FAIL: gcc.dg/debug/pr29609-2.c -gdwarf-2 -g3 -O3 (test for excess errors)
WARNING: gcc.dg/debug/pr29609-2.c -gdwarf-2 -g3 -O3 compilation failed to
produce executable
FAIL: gcc.dg/debug/pr36690-1.c -gdwarf-2 -g3 (test for excess errors)
WARNING: gcc.dg/debug/pr36690-1.c -gdwarf-2 -g3 compilation failed to produce
executable
FAIL: gcc.dg/debug/pr36690-1.c -gdwarf-2 -g3 -O (test for excess errors)
WARNING: gcc.dg/debug/pr36690-1.c -gdwarf-2 -g3 -O compilation failed to
produce executable
FAIL: gcc.dg/debug/pr36690-1.c -gdwarf-2 -g3 -O3 (test for excess errors)
WARNING: gcc.dg/debug/pr36690-1.c -gdwarf-2 -g3 -O3 compilation failed to
produce executable
FAIL: gcc.dg/debug/pr36690-2.c -gdwarf-2 -g3 (test for excess errors)
WARNING: gcc.dg/debug/pr36690-2.c -gdwarf-2 -g3 compilation failed to produce
executable
FAIL: gcc.dg/debug/pr36690-2.c -gdwarf-2 -g3 -O (test for excess errors)
WARNING: gcc.dg/debug/pr36690-2.c -gdwarf-2 -g3 -O compilation failed to
produce executable
FAIL: gcc.dg/debug/pr36690-2.c -gdwarf-2 -g3 -O3 (test for excess errors)
WARNING: gcc.dg/debug/pr36690-2.c -gdwarf-2 -g3 -O3 compilation failed to
produce executable
FAIL: gcc.dg/debug/pr36690-3.c -gdwarf-2 -g3 (test for excess errors)
WARNING: gcc.dg/debug/pr36690-3.c -gdwarf-2 -g3 compilation failed to produce
executable
FAIL: gcc.dg/debug/pr36690-3.c -gdwarf-2 -g3 -O (test for excess errors)
WARNING: gcc.dg/debug/pr36690-3.c -gdwarf-2 -g3 -O compilation failed to
produce executable
FAIL: gcc.dg/debug/pr36690-3.c -gdwarf-2 -g3 -O3 (test for excess errors)
WARNING: gcc.dg/debug/pr36690-3.c -gdwarf-2 -g3 -O3 compilation failed to
produce executable
FAIL: gcc.dg/debug/pr37616.c -gdwarf-2 -g3 (test for excess errors)
WARNING: gcc.dg/debug/pr37616.c -gdwarf-2 -g3 compilation failed to produce
executable
FAIL: gcc.dg/debug/pr37616.c -gdwarf-2 -g3 -O (test for excess errors)
WARNING: gcc.dg/debug/pr37616.c -gdwarf-2 -g3 -O compilation failed to produce
executable
FAIL: gcc.dg/debug/pr37616.c -gdwarf-2 -g3 -O3 (test for excess errors)
WARNING: gcc.dg/debug/pr37616.c -gdwarf-2 -g3 -O3 compilation failed to produce
executable
FAIL: gcc.dg/debug/pr41893-1.c -gdwarf-2 -g3 (test for excess errors)
FAIL: gcc.dg/debug/pr41893-1.c -gdwarf-2 -g3 -O (test for excess errors)
FAIL: gcc.dg/debug/pr41893-1.c -gdwarf-2 -g3 -O3 (test for excess errors)
FAIL: gcc.dg/debug/pr49032.c -gdwarf-2 -g3 (test for excess errors)
FAIL: gcc.dg/debug/pr49032.c -gdwarf-2 -g3 -O (test for excess errors)
FAIL: gcc.dg/debug/pr49032.c -gdwarf-2 -g3 -O3 (test for excess errors)
FAIL: gcc.dg/debug/tls-1.c -gdwarf-2 -g3 (test for excess errors)
FAIL: gcc.dg/debug/tls-1.c -gdwarf-2 -g3 -O (test for excess errors)
FAIL: gcc.dg/debug/tls-1.c -gdwarf-2 -g3 -O3 (test for excess errors)
FAIL: gcc.dg/debug/trivial.c -gdwarf-2 -g3 (test for excess errors)
WARNING: gcc.dg/debug/trivial.c -gdwarf-2 -g3 compilation failed to produce
executable
FAIL: gcc.dg/debug/trivial.c -gdwarf-2 -g3 -O (test for excess errors)
WARNING: gcc.dg/debug/trivial.c -gdwarf-2 -g3 -O compilation failed to produce
executable
FAIL: gcc.dg/debug/trivial.c -gdwarf-2 -g3 -O3 (test for excess errors)
WARNING: gcc.dg/debug/trivial.c -gdwarf-2 -g3 -O3 compilation failed to produce
executable
Running /home/sh/archive/gcc/gcc/testsuite/gcc.dg/debug/dwarf2/dwarf2.exp ...
Running /home/sh/archive/gcc/gcc/testsuite/gcc.dg/dfp/dfp.exp ...
Running /home/sh/archive/gcc/gcc/testsuite/gcc.dg/dg.exp ...
XPASS: gcc.dg/Wstrict-overflow-18.c (test for bogus messages, line 20)
FAIL: gcc.dg/atomic-flag.c (test for excess errors)
WARNING: gcc.dg/atomic-flag.c compilation failed to produce executable
FAIL: gcc.dg/fshort-wchar.c (test for excess errors)
FAIL: gcc.dg/pr41574.c (test for excess errors)
FAIL: gcc.dg/pr52283.c (test for excess errors)
FAIL: gcc.dg/uninit-13.c unconditional (test for warnings, line 8)
FAIL: gcc.dg/uninit-13.c (test for excess errors)
Running /home/sh/archive/gcc/gcc/testsuite/gcc.dg/fixed-point/fixed-point.exp ...
Running /home/sh/archive/gcc/gcc/testsuite/gcc.dg/format/format.exp ...
Running /home/sh/archive/gcc/gcc/testsuite/gcc.dg/gomp/gomp.exp ...
Running /home/sh/archive/gcc/gcc/testsuite/gcc.dg/graphite/graphite.exp ...
Running /home/sh/archive/gcc/gcc/testsuite/gcc.dg/guality/guality.exp ...
Running /home/sh/archive/gcc/gcc/testsuite/gcc.dg/ipa/ipa.exp ...
Running /home/sh/archive/gcc/gcc/testsuite/gcc.dg/lto/lto.exp ...
Running /home/sh/archive/gcc/gcc/testsuite/gcc.dg/matrix/matrix.exp ...
Running /home/sh/archive/gcc/gcc/testsuite/gcc.dg/noncompile/noncompile.exp ...
Running /home/sh/archive/gcc/gcc/testsuite/gcc.dg/pch/pch.exp ...
FAIL: gcc.dg/pch/save-temps-1.c -O0 -g assembly comparison
FAIL: gcc.dg/pch/save-temps-1.c -O3 -g assembly comparison
Running /home/sh/archive/gcc/gcc/testsuite/gcc.dg/plugin/plugin.exp ...
Running
/home/sh/archive/gcc/gcc/testsuite/gcc.dg/simulate-thread/simulate-thread.exp ...
Running /home/sh/archive/gcc/gcc/testsuite/gcc.dg/special/mips-abi.exp ...
Running /home/sh/archive/gcc/gcc/testsuite/gcc.dg/special/special.exp ...
Running /home/sh/archive/gcc/gcc/testsuite/gcc.dg/tls/tls.exp ...
FAIL: gcc.dg/tls/pr42894.c (test for excess errors)
Running /home/sh/archive/gcc/gcc/testsuite/gcc.dg/tm/tm.exp ...
Running /home/sh/archive/gcc/gcc/testsuite/gcc.dg/torture/dg-torture.exp ...
FAIL: gcc.dg/torture/pr51106-2.c -O0 (internal compiler error)
FAIL: gcc.dg/torture/pr51106-2.c -O0 (test for excess errors)
FAIL: gcc.dg/torture/pr51106-2.c -O1 (internal compiler error)
FAIL: gcc.dg/torture/pr51106-2.c -O1 (test for excess errors)
FAIL: gcc.dg/torture/pr51106-2.c -O2 (internal compiler error)
FAIL: gcc.dg/torture/pr51106-2.c -O2 (test for excess errors)
FAIL: gcc.dg/torture/pr51106-2.c -O3 -fomit-frame-pointer (internal compiler
error)
FAIL: gcc.dg/torture/pr51106-2.c -O3 -fomit-frame-pointer (test for excess
errors)
FAIL: gcc.dg/torture/pr51106-2.c -O3 -g (internal compiler error)
FAIL: gcc.dg/torture/pr51106-2.c -O3 -g (test for excess errors)
FAIL: gcc.dg/torture/pr51106-2.c -Os (internal compiler error)
FAIL: gcc.dg/torture/pr51106-2.c -Os (test for excess errors)
FAIL: gcc.dg/torture/pr51106-2.c -O2 -flto -fno-use-linker-plugin
-flto-partition=none (internal compiler error)
FAIL: gcc.dg/torture/pr51106-2.c -O2 -flto -fno-use-linker-plugin
-flto-partition=none (test for excess errors)
Running
/home/sh/archive/gcc/gcc/testsuite/gcc.dg/torture/stackalign/stackalign.exp ...
Running /home/sh/archive/gcc/gcc/testsuite/gcc.dg/torture/tls/tls.exp ...
Running /home/sh/archive/gcc/gcc/testsuite/gcc.dg/tree-prof/tree-prof.exp ...
Running /home/sh/archive/gcc/gcc/testsuite/gcc.dg/tree-ssa/tree-ssa.exp ...
FAIL: gcc.dg/tree-ssa/sra-12.c scan-tree-dump-times release_ssa "l;" 0
FAIL: gcc.dg/tree-ssa/ssa-dom-thread-3.c (test for excess errors)
Running
/home/sh/archive/gcc/gcc/testsuite/gcc.dg/vect/costmodel/i386/i386-costmodel-vect.exp
...
Running
/home/sh/archive/gcc/gcc/testsuite/gcc.dg/vect/costmodel/ppc/ppc-costmodel-vect.exp
...
Running
/home/sh/archive/gcc/gcc/testsuite/gcc.dg/vect/costmodel/spu/spu-costmodel-vect.exp
...
Running
/home/sh/archive/gcc/gcc/testsuite/gcc.dg/vect/costmodel/x86_64/x86_64-costmodel-vect.exp
...
Running /home/sh/archive/gcc/gcc/testsuite/gcc.dg/vect/vect.exp ...
FAIL: gcc.dg/vect/vect-104.c scan-tree-dump-times vect "possible dependence
between data-refs" 1
FAIL: gcc.dg/vect/vect-multitypes-11.c scan-tree-dump-times vect "vectorized 1
loops" 1
FAIL: gcc.dg/vect/vect-multitypes-12.c scan-tree-dump-times vect "vectorized 1
loops" 1
FAIL: gcc.dg/vect/vect-outer-1-big-array.c scan-tree-dump-times vect "grouped
access in outer loop" 1
FAIL: gcc.dg/vect/vect-outer-1.c scan-tree-dump-times vect "grouped access in
outer loop" 1
FAIL: gcc.dg/vect/vect-outer-1a-big-array.c scan-tree-dump-times vect "grouped
access in outer loop" 1
FAIL: gcc.dg/vect/vect-outer-1a.c scan-tree-dump-times vect "grouped access in
outer loop" 1
FAIL: gcc.dg/vect/vect-outer-1b-big-array.c scan-tree-dump-times vect "grouped
access in outer loop" 1
FAIL: gcc.dg/vect/vect-outer-1b.c scan-tree-dump-times vect "grouped access in
outer loop" 1
FAIL: gcc.dg/vect/vect-outer-2b.c scan-tree-dump-times vect "grouped access in
outer loop" 1
FAIL: gcc.dg/vect/vect-outer-3a-big-array.c scan-tree-dump-times vect "step
doesn't divide the vector-size" 2
FAIL: gcc.dg/vect/vect-outer-3a.c scan-tree-dump-times vect "step doesn't
divide the vector-size" 2
FAIL: gcc.dg/vect/vect-outer-3b.c scan-tree-dump-times vect "grouped access in
outer loop" 2
FAIL: gcc.dg/vect/vect-reduc-dot-s16b.c scan-tree-dump-times vect "vectorized 1
loops" 0
FAIL: gcc.dg/vect/vect-reduc-dot-s8b.c scan-tree-dump-times vect
"vect_recog_widen_mult_pattern: detected" 1
FAIL: gcc.dg/vect/vect-reduc-pattern-1a.c scan-tree-dump-times vect "vectorized
1 loops" 0
FAIL: gcc.dg/vect/vect-reduc-pattern-1b-big-array.c scan-tree-dump-times vect
"vectorized 1 loops" 0
FAIL: gcc.dg/vect/vect-reduc-pattern-1b.c scan-tree-dump-times vect "vectorized
1 loops" 0
FAIL: gcc.dg/vect/vect-reduc-pattern-1c-big-array.c scan-tree-dump-times vect
"vectorized 1 loops" 0
FAIL: gcc.dg/vect/vect-reduc-pattern-1c.c scan-tree-dump-times vect "vectorized
1 loops" 0
FAIL: gcc.dg/vect/vect-reduc-pattern-2a.c scan-tree-dump-times vect "vectorized
1 loops" 0
FAIL: gcc.dg/vect/vect-reduc-pattern-2b-big-array.c scan-tree-dump-times vect
"vectorized 1 loops" 0
FAIL: gcc.dg/vect/vect-reduc-pattern-2b.c scan-tree-dump-times vect "vectorized
1 loops" 0
FAIL: gcc.dg/vect/slp-perm-8.c scan-tree-dump-times vect "vectorized 1 loops" 2
XPASS: gcc.dg/vect/slp-reduc-3.c scan-tree-dump-times vect "vectorizing stmts
using SLP" 1
FAIL: gcc.dg/vect/vect-104.c -flto scan-tree-dump-times vect "possible
dependence between data-refs" 1
FAIL: gcc.dg/vect/vect-multitypes-11.c -flto scan-tree-dump-times vect
"vectorized 1 loops" 1
FAIL: gcc.dg/vect/vect-multitypes-12.c -flto scan-tree-dump-times vect
"vectorized 1 loops" 1
FAIL: gcc.dg/vect/vect-outer-1-big-array.c -flto scan-tree-dump-times vect
"grouped access in outer loop" 1
FAIL: gcc.dg/vect/vect-outer-1.c -flto scan-tree-dump-times vect "grouped
access in outer loop" 1
FAIL: gcc.dg/vect/vect-outer-1a-big-array.c -flto scan-tree-dump-times vect
"grouped access in outer loop" 1
FAIL: gcc.dg/vect/vect-outer-1a.c -flto scan-tree-dump-times vect "grouped
access in outer loop" 1
FAIL: gcc.dg/vect/vect-outer-1b-big-array.c -flto scan-tree-dump-times vect
"grouped access in outer loop" 1
FAIL: gcc.dg/vect/vect-outer-1b.c -flto scan-tree-dump-times vect "grouped
access in outer loop" 1
FAIL: gcc.dg/vect/vect-outer-2b.c -flto scan-tree-dump-times vect "grouped
access in outer loop" 1
FAIL: gcc.dg/vect/vect-outer-3a-big-array.c -flto scan-tree-dump-times vect
"step doesn't divide the vector-size" 2
FAIL: gcc.dg/vect/vect-outer-3a.c -flto scan-tree-dump-times vect "step doesn't
divide the vector-size" 2
FAIL: gcc.dg/vect/vect-outer-3b.c -flto scan-tree-dump-times vect "grouped
access in outer loop" 2
FAIL: gcc.dg/vect/vect-reduc-dot-s16b.c -flto scan-tree-dump-times vect
"vectorized 1 loops" 0
FAIL: gcc.dg/vect/vect-reduc-dot-s8b.c -flto scan-tree-dump-times vect
"vect_recog_widen_mult_pattern: detected" 1
FAIL: gcc.dg/vect/vect-reduc-pattern-1a.c -flto scan-tree-dump-times vect
"vectorized 1 loops" 0
FAIL: gcc.dg/vect/vect-reduc-pattern-1b-big-array.c -flto scan-tree-dump-times
vect "vectorized 1 loops" 0
FAIL: gcc.dg/vect/vect-reduc-pattern-1b.c -flto scan-tree-dump-times vect
"vectorized 1 loops" 0
FAIL: gcc.dg/vect/vect-reduc-pattern-1c-big-array.c -flto scan-tree-dump-times
vect "vectorized 1 loops" 0
FAIL: gcc.dg/vect/vect-reduc-pattern-1c.c -flto scan-tree-dump-times vect
"vectorized 1 loops" 0
FAIL: gcc.dg/vect/vect-reduc-pattern-2a.c -flto scan-tree-dump-times vect
"vectorized 1 loops" 0
FAIL: gcc.dg/vect/vect-reduc-pattern-2b-big-array.c -flto scan-tree-dump-times
vect "vectorized 1 loops" 0
FAIL: gcc.dg/vect/vect-reduc-pattern-2b.c -flto scan-tree-dump-times vect
"vectorized 1 loops" 0
FAIL: gcc.dg/vect/slp-perm-8.c -flto scan-tree-dump-times vect "vectorized 1
loops" 2
XPASS: gcc.dg/vect/slp-reduc-3.c -flto scan-tree-dump-times vect "vectorizing
stmts using SLP" 1
FAIL: gcc.dg/vect/no-vfa-vect-101.c scan-tree-dump-times vect "can't determine
dependence" 1
FAIL: gcc.dg/vect/no-vfa-vect-102.c scan-tree-dump-times vect "possible
dependence between data-refs" 1
FAIL: gcc.dg/vect/no-vfa-vect-102a.c scan-tree-dump-times vect "possible
dependence between data-refs" 1
FAIL: gcc.dg/vect/no-vfa-vect-37.c scan-tree-dump-times vect "can't determine
dependence" 2
FAIL: gcc.dg/vect/no-vfa-vect-79.c scan-tree-dump-times vect "can't determine
dependence" 1
FAIL: gcc.dg/vect/wrapv-vect-reduc-pattern-2c.c scan-tree-dump-times vect
"vectorized 1 loops" 0
XPASS: gcc.dg/vect/no-scevccp-outer-16.c scan-tree-dump-times vect "OUTER LOOP
VECTORIZED." 1
XPASS: gcc.dg/vect/no-scevccp-outer-17.c scan-tree-dump-times vect "OUTER LOOP
VECTORIZED." 1
XPASS: gcc.dg/vect/no-scevccp-outer-19.c scan-tree-dump-times vect "OUTER LOOP
VECTORIZED." 1
XPASS: gcc.dg/vect/no-scevccp-outer-21.c scan-tree-dump-times vect "OUTER LOOP
VECTORIZED." 1
Running /home/sh/archive/gcc/gcc/testsuite/gcc.dg/vmx/vmx.exp ...
Running /home/sh/archive/gcc/gcc/testsuite/gcc.dg/vxworks/vxworks.exp ...
Running /home/sh/archive/gcc/gcc/testsuite/gcc.dg/weak/weak.exp ...
Running /home/sh/archive/gcc/gcc/testsuite/gcc.misc-tests/acker1.exp ...
Running /home/sh/archive/gcc/gcc/testsuite/gcc.misc-tests/arm-isr.exp ...
Running /home/sh/archive/gcc/gcc/testsuite/gcc.misc-tests/bprob.exp ...
Running /home/sh/archive/gcc/gcc/testsuite/gcc.misc-tests/dectest.exp ...
Running /home/sh/archive/gcc/gcc/testsuite/gcc.misc-tests/dhry.exp ...
Running /home/sh/archive/gcc/gcc/testsuite/gcc.misc-tests/gcov.exp ...
Running /home/sh/archive/gcc/gcc/testsuite/gcc.misc-tests/help.exp ...
Running /home/sh/archive/gcc/gcc/testsuite/gcc.misc-tests/i386-prefetch.exp ...
Running /home/sh/archive/gcc/gcc/testsuite/gcc.misc-tests/linkage.exp ...
Running /home/sh/archive/gcc/gcc/testsuite/gcc.misc-tests/matrix1.exp ...
Running /home/sh/archive/gcc/gcc/testsuite/gcc.misc-tests/mg-2.exp ...
Running /home/sh/archive/gcc/gcc/testsuite/gcc.misc-tests/mg.exp ...
Running /home/sh/archive/gcc/gcc/testsuite/gcc.misc-tests/options.exp ...
Running /home/sh/archive/gcc/gcc/testsuite/gcc.misc-tests/sieve.exp ...
Running /home/sh/archive/gcc/gcc/testsuite/gcc.misc-tests/sort2.exp ...
Running /home/sh/archive/gcc/gcc/testsuite/gcc.target/alpha/alpha.exp ...
Running /home/sh/archive/gcc/gcc/testsuite/gcc.target/arm/aapcs/aapcs.exp ...
Running /home/sh/archive/gcc/gcc/testsuite/gcc.target/arm/arm.exp ...
FAIL: gcc.target/arm/g2.c scan-assembler mla[ \t].*
FAIL: gcc.target/arm/mmx-1.c (test for excess errors)
FAIL: gcc.target/arm/pr40657-1.c (test for excess errors)
FAIL: gcc.target/arm/pr40887.c (test for excess errors)
FAIL: gcc.target/arm/pr42172-1.c scan-assembler-times ldr 1
FAIL: gcc.target/arm/pr42575.c scan-assembler-not mov
FAIL: gcc.target/arm/pr50305.c (test for excess errors)
FAIL: gcc.target/arm/pr51915.c (test for excess errors)
FAIL: gcc.target/arm/pr51968.c (test for excess errors)
FAIL: gcc.target/arm/pr52006.c (test for excess errors)
FAIL: gcc.target/arm/pr52375.c (test for excess errors)
FAIL: gcc.target/arm/pr52686.c (test for excess errors)
FAIL: gcc.target/arm/scd42-2.c scan-assembler mov[ \t].*272
FAIL: gcc.target/arm/unsigned-extend-1.c (test for excess errors)
Running /home/sh/archive/gcc/gcc/testsuite/gcc.target/arm/neon/neon.exp ...
Running /home/sh/archive/gcc/gcc/testsuite/gcc.target/avr/avr.exp ...
Running
/home/sh/archive/gcc/gcc/testsuite/gcc.target/avr/torture/avr-torture.exp ...
Running /home/sh/archive/gcc/gcc/testsuite/gcc.target/bfin/bfin.exp ...
Running
/home/sh/archive/gcc/gcc/testsuite/gcc.target/bfin/builtins/bfin-builtins.exp ...
Running /home/sh/archive/gcc/gcc/testsuite/gcc.target/cris/cris.exp ...
Running
/home/sh/archive/gcc/gcc/testsuite/gcc.target/cris/torture/cris-torture.exp ...
Running /home/sh/archive/gcc/gcc/testsuite/gcc.target/epiphany/epiphany.exp ...
Running /home/sh/archive/gcc/gcc/testsuite/gcc.target/frv/frv.exp ...
Running /home/sh/archive/gcc/gcc/testsuite/gcc.target/i386/i386.exp ...
Running
/home/sh/archive/gcc/gcc/testsuite/gcc.target/i386/math-torture/math-torture.exp ...
Running
/home/sh/archive/gcc/gcc/testsuite/gcc.target/i386/stackalign/stackalign.exp ...
Running /home/sh/archive/gcc/gcc/testsuite/gcc.target/ia64/ia64.exp ...
Running /home/sh/archive/gcc/gcc/testsuite/gcc.target/m68k/m68k.exp ...
Running /home/sh/archive/gcc/gcc/testsuite/gcc.target/microblaze/microblaze.exp ...
Running
/home/sh/archive/gcc/gcc/testsuite/gcc.target/mips/inter/mips16-inter.exp ...
Running
/home/sh/archive/gcc/gcc/testsuite/gcc.target/mips/mips-nonpic/mips-nonpic.exp ...
Running /home/sh/archive/gcc/gcc/testsuite/gcc.target/mips/mips.exp ...
Running /home/sh/archive/gcc/gcc/testsuite/gcc.target/powerpc/powerpc.exp ...
Running /home/sh/archive/gcc/gcc/testsuite/gcc.target/rx/rx.exp ...
Running /home/sh/archive/gcc/gcc/testsuite/gcc.target/s390/s390.exp ...
Running /home/sh/archive/gcc/gcc/testsuite/gcc.target/sh/sh.exp ...
Running /home/sh/archive/gcc/gcc/testsuite/gcc.target/sparc/sparc.exp ...
Running /home/sh/archive/gcc/gcc/testsuite/gcc.target/spu/ea/ea.exp ...
Running /home/sh/archive/gcc/gcc/testsuite/gcc.target/spu/spu.exp ...
Running
/home/sh/archive/gcc/gcc/testsuite/gcc.target/tic6x/builtins/c6x-builtins.exp ...
Running /home/sh/archive/gcc/gcc/testsuite/gcc.target/tic6x/tic6x.exp ...
Running /home/sh/archive/gcc/gcc/testsuite/gcc.target/x86_64/abi/abi-x86_64.exp ...
Running
/home/sh/archive/gcc/gcc/testsuite/gcc.target/x86_64/abi/avx/abi-avx.exp ...
Running
/home/sh/archive/gcc/gcc/testsuite/gcc.target/x86_64/abi/callabi/callabi.exp ...
Running /home/sh/archive/gcc/gcc/testsuite/gcc.target/xstormy16/xstormy16.exp ...
Running
/home/sh/archive/gcc/gcc/testsuite/gcc.test-framework/test-framework.exp ...
skipping test framework tests, CHECK_TEST_FRAMEWORK is not defined
=== gcc Summary ===
# of expected passes 79000
# of unexpected failures 171
# of unexpected successes 7
# of expected failures 240
# of unresolved testcases 41
# of unsupported tests 1577
Test Run By sh on Thu May 3 10:21:44 2012
Target is arm-unknown-rtems4.11
Host is x86_64-unknown-linux-gnu
=== g++ tests ===
Schedule of variations:
rtems-arm-edb7312
Running target rtems-arm-edb7312
Using /home/sh/git-rtems-testing/dejagnu/boards/rtems-arm-edb7312.exp as board
description file for target.
Using /usr/share/dejagnu/config/sim.exp as generic interface file for target.
Using /usr/share/dejagnu/baseboards/basic-sim.exp as board description file for
target.
Using /home/sh/archive/gcc/gcc/testsuite/config/default.exp as
tool-and-target-specific interface file.
Running /home/sh/archive/gcc/gcc/testsuite/g++.dg/bprob/bprob.exp ...
Running /home/sh/archive/gcc/gcc/testsuite/g++.dg/charset/charset.exp ...
Running /home/sh/archive/gcc/gcc/testsuite/g++.dg/compat/compat.exp ...
Running /home/sh/archive/gcc/gcc/testsuite/g++.dg/compat/struct-layout-1.exp ...
Running /home/sh/archive/gcc/gcc/testsuite/g++.dg/debug/debug.exp ...
FAIL: g++.dg/debug/const1.C -gdwarf-2 -g3 (test for excess errors)
FAIL: g++.dg/debug/const1.C -gdwarf-2 -g3 -O2 (test for excess errors)
FAIL: g++.dg/debug/const1.C -gdwarf-2 -g3 -O3 (test for excess errors)
FAIL: g++.dg/debug/debug4.C -gdwarf-2 -g3 (test for excess errors)
FAIL: g++.dg/debug/debug4.C -gdwarf-2 -g3 -O2 (test for excess errors)
FAIL: g++.dg/debug/debug4.C -gdwarf-2 -g3 -O3 (test for excess errors)
FAIL: g++.dg/debug/pr27657.C -gdwarf-2 -g3 (test for excess errors)
FAIL: g++.dg/debug/pr27657.C -gdwarf-2 -g3 -O2 (test for excess errors)
FAIL: g++.dg/debug/pr27657.C -gdwarf-2 -g3 -O3 (test for excess errors)
FAIL: g++.dg/debug/trivial.C -gdwarf-2 -g3 (test for excess errors)
WARNING: g++.dg/debug/trivial.C -gdwarf-2 -g3 compilation failed to produce
executable
FAIL: g++.dg/debug/trivial.C -gdwarf-2 -g3 -O2 (test for excess errors)
WARNING: g++.dg/debug/trivial.C -gdwarf-2 -g3 -O2 compilation failed to produce
executable
FAIL: g++.dg/debug/trivial.C -gdwarf-2 -g3 -O3 (test for excess errors)
WARNING: g++.dg/debug/trivial.C -gdwarf-2 -g3 -O3 compilation failed to produce
executable
Running /home/sh/archive/gcc/gcc/testsuite/g++.dg/debug/dwarf2/dwarf2.exp ...
Running /home/sh/archive/gcc/gcc/testsuite/g++.dg/dfp/dfp.exp ...
Running /home/sh/archive/gcc/gcc/testsuite/g++.dg/dg.exp ...
WARNING: program timed out.
FAIL: g++.dg/cpp0x/initlist25.C execution test
WARNING: program timed out.
FAIL: g++.dg/cpp0x/udlit-general.C execution test
WARNING: program timed out.
FAIL: g++.dg/cpp0x/variadic-tuple.C execution test
WARNING: program timed out.
FAIL: g++.dg/eh/crossjump1.C -std=gnu++98 execution test
WARNING: program timed out.
FAIL: g++.dg/eh/crossjump1.C -std=gnu++11 execution test
WARNING: program timed out.
FAIL: g++.dg/eh/omit-frame-pointer.C -std=gnu++98 execution test
WARNING: program timed out.
FAIL: g++.dg/eh/omit-frame-pointer.C -std=gnu++11 execution test
WARNING: program timed out.
FAIL: g++.dg/opt/pr15551.C -std=gnu++98 execution test
WARNING: program timed out.
FAIL: g++.dg/opt/pr15551.C -std=gnu++11 execution test
WARNING: program timed out.
FAIL: g++.dg/rtti/typeid4.C -std=gnu++98 execution test
WARNING: program timed out.
FAIL: g++.dg/rtti/typeid4.C -std=gnu++11 execution test
WARNING: program timed out.
FAIL: g++.dg/template/friend10.C -std=c++98 execution test
WARNING: program timed out.
FAIL: g++.dg/template/friend10.C -std=c++11 execution test
WARNING: program timed out.
FAIL: g++.dg/tree-ssa/pr20458.C -std=gnu++98 execution test
WARNING: program timed out.
FAIL: g++.dg/tree-ssa/pr20458.C -std=gnu++11 execution test
Running /home/sh/archive/gcc/gcc/testsuite/g++.dg/gcov/gcov.exp ...
Running /home/sh/archive/gcc/gcc/testsuite/g++.dg/gomp/gomp.exp ...
Running /home/sh/archive/gcc/gcc/testsuite/g++.dg/graphite/graphite.exp ...
Running /home/sh/archive/gcc/gcc/testsuite/g++.dg/guality/guality.exp ...
Running /home/sh/archive/gcc/gcc/testsuite/g++.dg/lto/lto.exp ...
Running /home/sh/archive/gcc/gcc/testsuite/g++.dg/pch/pch.exp ...
Running /home/sh/archive/gcc/gcc/testsuite/g++.dg/plugin/plugin.exp ...
Running
/home/sh/archive/gcc/gcc/testsuite/g++.dg/simulate-thread/simulate-thread.exp ...
FAIL: g++.dg/simulate-thread/atomics-1.C -O0 -g (test for excess errors)
FAIL: g++.dg/simulate-thread/atomics-1.C -O1 -g (test for excess errors)
FAIL: g++.dg/simulate-thread/atomics-1.C -O2 -g -std=c++98 (test for excess
errors)
FAIL: g++.dg/simulate-thread/atomics-1.C -O3 -g -std=c++11 (test for excess
errors)
FAIL: g++.dg/simulate-thread/atomics-1.C -Os -g (test for excess errors)
FAIL: g++.dg/simulate-thread/atomics-2.C -O0 -g (test for excess errors)
FAIL: g++.dg/simulate-thread/atomics-2.C -O1 -g (test for excess errors)
FAIL: g++.dg/simulate-thread/atomics-2.C -O2 -g -std=c++98 (test for excess
errors)
FAIL: g++.dg/simulate-thread/atomics-2.C -O3 -g -std=c++11 (test for excess
errors)
FAIL: g++.dg/simulate-thread/atomics-2.C -Os -g (test for excess errors)
Running /home/sh/archive/gcc/gcc/testsuite/g++.dg/special/ecos.exp ...
Running /home/sh/archive/gcc/gcc/testsuite/g++.dg/tls/tls.exp ...
Running /home/sh/archive/gcc/gcc/testsuite/g++.dg/tm/tm.exp ...
Running /home/sh/archive/gcc/gcc/testsuite/g++.dg/torture/dg-torture.exp ...
Running
/home/sh/archive/gcc/gcc/testsuite/g++.dg/torture/stackalign/stackalign.exp ...
Running /home/sh/archive/gcc/gcc/testsuite/g++.dg/tree-prof/tree-prof.exp ...
Running /home/sh/archive/gcc/gcc/testsuite/g++.dg/vect/vect.exp ...
Running /home/sh/archive/gcc/gcc/testsuite/g++.old-deja/old-deja.exp ...
WARNING: program timed out.
FAIL: g++.old-deja/g++.benjamin/15071.C -std=c++98 execution test
WARNING: program timed out.
FAIL: g++.old-deja/g++.benjamin/15071.C -std=c++11 execution test
WARNING: program timed out.
FAIL: g++.old-deja/g++.brendan/copy9.C -std=c++98 execution test
WARNING: program timed out.
FAIL: g++.old-deja/g++.brendan/copy9.C -std=c++11 execution test
WARNING: program timed out.
FAIL: g++.old-deja/g++.brendan/nest21.C -std=c++98 execution test
WARNING: program timed out.
FAIL: g++.old-deja/g++.brendan/nest21.C -std=c++11 execution test
WARNING: program timed out.
FAIL: g++.old-deja/g++.brendan/ptolemy2.C -std=c++98 execution test
WARNING: program timed out.
FAIL: g++.old-deja/g++.brendan/ptolemy2.C -std=c++11 execution test
WARNING: program timed out.
FAIL: g++.old-deja/g++.jason/2371.C -std=gnu++98 execution test
WARNING: program timed out.
FAIL: g++.old-deja/g++.jason/2371.C -std=gnu++11 execution test
WARNING: program timed out.
FAIL: g++.old-deja/g++.jason/template24.C -std=c++98 execution test
WARNING: program timed out.
FAIL: g++.old-deja/g++.jason/template24.C -std=c++11 execution test
WARNING: program timed out.
FAIL: g++.old-deja/g++.jason/template31.C -std=c++98 execution test
WARNING: program timed out.
FAIL: g++.old-deja/g++.jason/template31.C -std=c++11 execution test
WARNING: program timed out.
FAIL: g++.old-deja/g++.law/arg8.C -std=c++98 execution test
WARNING: program timed out.
FAIL: g++.old-deja/g++.law/arg8.C -std=c++11 execution test
WARNING: program timed out.
FAIL: g++.old-deja/g++.law/code-gen5.C -std=c++98 execution test
WARNING: program timed out.
FAIL: g++.old-deja/g++.law/code-gen5.C -std=c++11 execution test
WARNING: program timed out.
FAIL: g++.old-deja/g++.law/ctors12.C -std=c++98 execution test
WARNING: program timed out.
FAIL: g++.old-deja/g++.law/ctors12.C -std=c++11 execution test
WARNING: program timed out.
FAIL: g++.old-deja/g++.law/cvt2.C -std=c++98 execution test
WARNING: program timed out.
FAIL: g++.old-deja/g++.law/cvt2.C -std=c++11 execution test
WARNING: program timed out.
FAIL: g++.old-deja/g++.law/virtual3.C -std=c++98 execution test
WARNING: program timed out.
FAIL: g++.old-deja/g++.law/virtual3.C -std=c++11 execution test
WARNING: program timed out.
FAIL: g++.old-deja/g++.mike/eh2.C -std=gnu++98 execution test
WARNING: program timed out.
FAIL: g++.old-deja/g++.mike/eh2.C -std=gnu++11 execution test
WARNING: program timed out.
FAIL: g++.old-deja/g++.mike/net34.C -std=gnu++98 execution test
WARNING: program timed out.
FAIL: g++.old-deja/g++.mike/net34.C -std=gnu++11 execution test
WARNING: program timed out.
FAIL: g++.old-deja/g++.mike/net46.C -std=c++98 execution test
WARNING: program timed out.
FAIL: g++.old-deja/g++.mike/net46.C -std=c++11 execution test
WARNING: program timed out.
FAIL: g++.old-deja/g++.mike/p658.C -std=c++98 execution test
WARNING: program timed out.
FAIL: g++.old-deja/g++.mike/p658.C -std=c++11 execution test
WARNING: program timed out.
FAIL: g++.old-deja/g++.other/headers1.C -std=c++98 execution test
WARNING: program timed out.
FAIL: g++.old-deja/g++.other/headers1.C -std=c++11 execution test
WARNING: program timed out.
FAIL: g++.old-deja/g++.other/sibcall1.C -std=gnu++98 execution test
WARNING: program timed out.
FAIL: g++.old-deja/g++.other/sibcall1.C -std=gnu++11 execution test
WARNING: program timed out.
FAIL: g++.old-deja/g++.other/unchanging1.C -std=gnu++98 execution test
WARNING: program timed out.
FAIL: g++.old-deja/g++.other/unchanging1.C -std=gnu++11 execution test
WARNING: program timed out.
FAIL: g++.old-deja/g++.robertl/eb115.C -std=gnu++98 execution test
WARNING: program timed out.
FAIL: g++.old-deja/g++.robertl/eb115.C -std=gnu++11 execution test
WARNING: program timed out.
FAIL: g++.old-deja/g++.robertl/eb21.C -std=c++98 execution test
WARNING: program timed out.
FAIL: g++.old-deja/g++.robertl/eb21.C -std=c++11 execution test
WARNING: program timed out.
FAIL: g++.old-deja/g++.robertl/eb31.C -std=c++98 execution test
WARNING: program timed out.
FAIL: g++.old-deja/g++.robertl/eb31.C -std=c++11 execution test
WARNING: program timed out.
FAIL: g++.old-deja/g++.robertl/eb41.C -std=c++98 execution test
WARNING: program timed out.
FAIL: g++.old-deja/g++.robertl/eb41.C -std=c++11 execution test
WARNING: program timed out.
FAIL: g++.old-deja/g++.robertl/eb46.C -std=c++98 execution test
WARNING: program timed out.
FAIL: g++.old-deja/g++.robertl/eb46.C -std=c++11 execution test
WARNING: program timed out.
FAIL: g++.old-deja/g++.robertl/eb54.C -std=c++98 execution test
WARNING: program timed out.
FAIL: g++.old-deja/g++.robertl/eb54.C -std=c++11 execution test
WARNING: program timed out.
FAIL: g++.old-deja/g++.robertl/eb66.C -std=c++98 execution test
WARNING: program timed out.
FAIL: g++.old-deja/g++.robertl/eb66.C -std=c++11 execution test
WARNING: program timed out.
FAIL: g++.old-deja/g++.robertl/eb73.C -std=gnu++98 execution test
WARNING: program timed out.
FAIL: g++.old-deja/g++.robertl/eb73.C -std=gnu++11 execution test
WARNING: program timed out.
FAIL: g++.old-deja/g++.robertl/eb77.C -std=c++98 execution test
WARNING: program timed out.
FAIL: g++.old-deja/g++.robertl/eb77.C -std=c++11 execution test
=== g++ Summary ===
# of expected passes 44824
# of unexpected failures 93
# of expected failures 279
# of unsupported tests 766
--
Sebastian Huber, embedded brains GmbH
Address : Obere Lagerstr. 30, D-82178 Puchheim, Germany
Phone : +49 89 18 90 80 79-6
Fax : +49 89 18 90 80 79-9
E-Mail : sebastian.huber@embedded-brains.de
PGP : Public key available on request.
Diese Nachricht ist keine geschäftliche Mitteilung im Sinne des EHUG.
commit e5d35f26e0103dd7dc3c69551a5b541be15ea284
Author: Sebastian Huber <sebastian.huber@embedded-brains.de>
Date: Fri May 4 09:37:38 2012 +0200
ARM RTEMS changes
2012-04-04 Sebastian Huber <sebastian.huber@embedded-brains.de>
* config.gcc (arm*-*-rtemself*): New.
(arm*-*-rtems*): Removed.
(arm*-*-eabi* | arm*-*-symbianelf* | arm*-*-rtemseabi*): Rename
"arm*-*-rtemseabi*" to "arm*-*-rtems*".
2012-04-04 Sebastian Huber <sebastian.huber@embedded-brains.de>
* config.host (arm*-*-rtemself*): New.
(arm*-*-eabi* | arm*-*-symbianelf* | arm*-*-rtemseabi*): Rename
"arm*-*-rtemseabi*" to "arm*-*-rtems*".
diff --git a/gcc/config.gcc b/gcc/config.gcc
index 6e4666e..20fcd8c 100644
--- a/gcc/config.gcc
+++ b/gcc/config.gcc
@@ -253,7 +253,7 @@ case ${target} in
| arm*-*-elf \
| arm*-*-freebsd* \
| arm*-*-linux* \
- | arm*-*-rtems* \
+ | arm*-*-rtemself* \
| arm*-*-uclinux* \
| arm*-wince-pe* \
| score-* \
@@ -878,7 +878,12 @@ arm*-*-ecos-elf)
tm_file="dbxelf.h elfos.h newlib-stdint.h arm/unknown-elf.h arm/elf.h arm/aout.h arm/arm.h arm/ecos-elf.h"
tmake_file="arm/t-arm arm/t-arm-elf"
;;
-arm*-*-eabi* | arm*-*-symbianelf* | arm*-*-rtemseabi*)
+arm*-*-rtemself*)
+ tm_file="dbxelf.h elfos.h arm/unknown-elf.h arm/elf.h arm/aout.h arm/arm.h arm/rtems-elf.h rtems.h newlib-stdint.h"
+ tmake_file="arm/t-arm arm/t-arm-elf t-rtems arm/t-rtems"
+ use_gcc_stdint=provide
+ ;;
+arm*-*-eabi* | arm*-*-symbianelf* | arm*-*-rtems*)
# The BPABI long long divmod functions return a 128-bit value in
# registers r0-r3. Correctly modeling that requires the use of
# TImode.
@@ -892,9 +897,10 @@ arm*-*-eabi* | arm*-*-symbianelf* | arm*-*-rtemseabi*)
tmake_file="${tmake_file} arm/t-bpabi"
use_gcc_stdint=wrap
;;
- arm*-*-rtemseabi*)
+ arm*-*-rtems*)
tm_file="${tm_file} rtems.h arm/rtems-eabi.h newlib-stdint.h"
tmake_file="${tmake_file} arm/t-bpabi t-rtems arm/t-rtems-eabi"
+ use_gcc_stdint=provide
;;
arm*-*-symbianelf*)
tm_file="${tm_file} arm/symbian.h"
@@ -905,10 +911,6 @@ arm*-*-eabi* | arm*-*-symbianelf* | arm*-*-rtemseabi*)
esac
tm_file="${tm_file} arm/aout.h arm/arm.h"
;;
-arm*-*-rtems*)
- tm_file="dbxelf.h elfos.h arm/unknown-elf.h arm/elf.h arm/aout.h arm/arm.h arm/rtems-elf.h rtems.h newlib-stdint.h"
- tmake_file="arm/t-arm arm/t-arm-elf t-rtems arm/t-rtems"
- ;;
arm*-*-elf)
tm_file="dbxelf.h elfos.h newlib-stdint.h arm/unknown-elf.h arm/elf.h arm/aout.h arm/arm.h"
tmake_file="arm/t-arm arm/t-arm-elf"
diff --git a/libgcc/config.host b/libgcc/config.host
index 2dbb95b..2ae797e 100644
--- a/libgcc/config.host
+++ b/libgcc/config.host
@@ -343,11 +343,15 @@ arm*-*-ecos-elf)
tmake_file="$tmake_file arm/t-arm arm/t-elf t-softfp-sfdf t-softfp-excl arm/t-softfp t-softfp"
extra_parts="$extra_parts crti.o crtn.o"
;;
-arm*-*-eabi* | arm*-*-symbianelf* | arm*-*-rtemseabi*)
+arm*-*-rtemself*)
+ tmake_file="$tmake_file arm/t-arm arm/t-elf t-softfp-sfdf t-softfp-excl arm/t-softfp t-softfp"
+ extra_parts="$extra_parts crti.o crtn.o"
+ ;;
+arm*-*-eabi* | arm*-*-symbianelf* | arm*-*-rtems*)
tmake_file="${tmake_file} arm/t-arm arm/t-elf t-fixedpoint-gnu-prefix"
tm_file="$tm_file arm/bpabi-lib.h"
case ${host} in
- arm*-*-eabi* | arm*-*-rtemseabi*)
+ arm*-*-eabi* | arm*-*-rtems*)
tmake_file="${tmake_file} arm/t-bpabi"
extra_parts="crtbegin.o crtend.o crti.o crtn.o"
;;
@@ -360,10 +364,6 @@ arm*-*-eabi* | arm*-*-symbianelf* | arm*-*-rtemseabi*)
tmake_file="$tmake_file t-softfp-sfdf t-softfp-excl arm/t-softfp t-softfp"
unwind_header=config/arm/unwind-arm.h
;;
-arm*-*-rtems*)
- tmake_file="$tmake_file arm/t-arm arm/t-elf t-softfp-sfdf t-softfp-excl arm/t-softfp t-softfp"
- extra_parts="$extra_parts crti.o crtn.o"
- ;;
arm*-*-elf)
tmake_file="$tmake_file arm/t-arm arm/t-elf t-softfp-sfdf t-softfp-excl arm/t-softfp t-softfp"
extra_parts="$extra_parts crti.o crtn.o"