This is the mail archive of the gcc-testresults@gcc.gnu.org mailing list for the GCC project.


Index Nav: [Date Index] [Subject Index] [Author Index] [Thread Index]
Message Nav: [Date Prev] [Date Next] [Thread Prev] [Thread Next]
Other format: [Raw text]

Results for 4.7.1 20120421 (prerelease) testsuite on armv5tel-unknown-linux-gnueabi


LAST_UPDATED: Obtained from SVN: branches/gcc-4_7-branch revision 186657

Native configuration is armv5tel-unknown-linux-gnueabi

		=== libgomp tests ===


Running target unix
FAIL: libgomp.c/atomic-10.c execution test
FAIL: libgomp.fortran/omp_atomic1.f90  -O0  execution test
FAIL: libgomp.fortran/omp_atomic1.f90  -O1  execution test
FAIL: libgomp.fortran/omp_atomic1.f90  -O2  execution test
FAIL: libgomp.fortran/omp_atomic1.f90  -O3 -fomit-frame-pointer  execution test
FAIL: libgomp.fortran/omp_atomic1.f90  -O3 -fomit-frame-pointer -funroll-loops  execution test
FAIL: libgomp.fortran/omp_atomic1.f90  -O3 -fomit-frame-pointer -funroll-all-loops -finline-functions  execution test
FAIL: libgomp.fortran/omp_atomic1.f90  -O3 -g  execution test
FAIL: libgomp.fortran/omp_atomic1.f90  -Os  execution test
FAIL: libgomp.fortran/omp_atomic3.f90  -O0  execution test
FAIL: libgomp.fortran/omp_atomic3.f90  -O1  execution test
FAIL: libgomp.fortran/omp_atomic3.f90  -O2  execution test
FAIL: libgomp.fortran/omp_atomic3.f90  -O3 -fomit-frame-pointer  execution test
FAIL: libgomp.fortran/omp_atomic3.f90  -O3 -fomit-frame-pointer -funroll-loops  execution test
FAIL: libgomp.fortran/omp_atomic3.f90  -O3 -fomit-frame-pointer -funroll-all-loops -finline-functions  execution test
FAIL: libgomp.fortran/omp_atomic3.f90  -O3 -g  execution test
FAIL: libgomp.fortran/omp_atomic3.f90  -Os  execution test
WARNING: program timed out.
FAIL: libgomp.fortran/strassen.f90  -O  execution test

		=== libgomp Summary ===

# of expected passes		2932
# of unexpected failures	18
# of unsupported tests		1
		=== libitm tests ===


Running target unix

		=== libitm Summary ===

# of expected passes		26
# of expected failures		3
# of unsupported tests		1
		=== libstdc++ tests ===


Running target unix

		=== libstdc++ Summary ===

# of expected passes		8282
# of expected failures		43
# of unsupported tests		306
		=== acats tests ===
FAIL:	cxf3a04

		=== acats Summary ===
# of expected passes		2319
# of unexpected failures	1

		=== g++ tests ===


Running target unix

		=== g++ Summary ===

# of expected passes		45094
# of expected failures		285
# of unsupported tests		638
/mnt/scratch/objdir47/gcc/testsuite/g++/../../g++  version 4.7.1 20120421 (prerelease) (GCC) 

		=== gcc tests ===


Running target unix
FAIL: gcc.dg/atomic-compare-exchange-1.c execution test
FAIL: gcc.dg/atomic-compare-exchange-2.c execution test
FAIL: gcc.dg/c99-stdint-1.c (test for excess errors)
FAIL: gcc.dg/c99-stdint-7.c (test for excess errors)
FAIL: gcc.dg/uninit-13.c unconditional (test for warnings, line 8)
FAIL: gcc.dg/uninit-13.c (test for excess errors)
XPASS: gcc.dg/guality/example.c  -O0  execution test
XPASS: gcc.dg/guality/guality.c  -O0  execution test
FAIL: gcc.dg/guality/inline-params.c  -O1  execution test
XPASS: gcc.dg/guality/pr41353-1.c  -O0  line 28 j == 28 + 37
XPASS: gcc.dg/guality/pr41353-1.c  -O1  line 28 j == 28 + 37
XPASS: gcc.dg/guality/pr41353-1.c  -O2  line 28 j == 28 + 37
XPASS: gcc.dg/guality/pr41353-1.c  -O3 -fomit-frame-pointer  line 28 j == 28 + 37
XPASS: gcc.dg/guality/pr41353-1.c  -O3 -g  line 28 j == 28 + 37
XPASS: gcc.dg/guality/pr41353-1.c  -Os  line 28 j == 28 + 37
XPASS: gcc.dg/guality/pr41447-1.c  -O0  execution test
XPASS: gcc.dg/guality/pr41616-1.c  -O0  execution test
FAIL: gcc.dg/guality/pr43077-1.c  -O1  line 42 b == 2
FAIL: gcc.dg/guality/pr43077-1.c  -O1  line 42 c == 3
FAIL: gcc.dg/guality/pr43077-1.c  -O1  line 42 varb == 2
FAIL: gcc.dg/guality/pr43077-1.c  -O2  line 42 b == 2
FAIL: gcc.dg/guality/pr43077-1.c  -O2  line 42 c == 3
FAIL: gcc.dg/guality/pr43077-1.c  -O2  line 42 varc == 3
FAIL: gcc.dg/guality/pr43077-1.c  -O3 -fomit-frame-pointer  line 42 b == 2
FAIL: gcc.dg/guality/pr43077-1.c  -O3 -fomit-frame-pointer  line 42 c == 3
FAIL: gcc.dg/guality/pr43077-1.c  -O3 -fomit-frame-pointer  line 42 varc == 3
FAIL: gcc.dg/guality/pr43077-1.c  -O3 -g  line 42 b == 2
FAIL: gcc.dg/guality/pr43077-1.c  -O3 -g  line 42 c == 3
FAIL: gcc.dg/guality/pr43077-1.c  -O3 -g  line 42 varc == 3
FAIL: gcc.dg/guality/pr43077-1.c  -Os  line 42 b == 2
FAIL: gcc.dg/guality/pr43077-1.c  -Os  line 42 c == 3
FAIL: gcc.dg/guality/pr43077-1.c  -Os  line 42 varb == 2
FAIL: gcc.dg/guality/pr43077-1.c  -Os  line 42 varc == 3
FAIL: gcc.dg/torture/tls/run-le.c  -O0  -pie -fpie  (test for excess errors)
FAIL: gcc.dg/torture/tls/run-le.c  -O0  -pie -fpie  execution test
FAIL: gcc.dg/torture/tls/run-le.c  -O1  -pie -fpie  (test for excess errors)
FAIL: gcc.dg/torture/tls/run-le.c  -O1  -pie -fpie  execution test
FAIL: gcc.dg/torture/tls/run-le.c  -O2  -pie -fpie  (test for excess errors)
FAIL: gcc.dg/torture/tls/run-le.c  -O2  -pie -fpie  execution test
FAIL: gcc.dg/torture/tls/run-le.c  -O3 -fomit-frame-pointer  -pie -fpie  (test for excess errors)
FAIL: gcc.dg/torture/tls/run-le.c  -O3 -fomit-frame-pointer  -pie -fpie  execution test
FAIL: gcc.dg/torture/tls/run-le.c  -O3 -g  -pie -fpie  (test for excess errors)
FAIL: gcc.dg/torture/tls/run-le.c  -O3 -g  -pie -fpie  execution test
FAIL: gcc.dg/torture/tls/run-le.c  -Os  -pie -fpie  (test for excess errors)
FAIL: gcc.dg/torture/tls/run-le.c  -Os  -pie -fpie  execution test
FAIL: gcc.dg/torture/tls/run-le.c  -O0  -pie -fPIE  (test for excess errors)
FAIL: gcc.dg/torture/tls/run-le.c  -O0  -pie -fPIE  execution test
FAIL: gcc.dg/torture/tls/run-le.c  -O1  -pie -fPIE  (test for excess errors)
FAIL: gcc.dg/torture/tls/run-le.c  -O1  -pie -fPIE  execution test
FAIL: gcc.dg/torture/tls/run-le.c  -O2  -pie -fPIE  (test for excess errors)
FAIL: gcc.dg/torture/tls/run-le.c  -O2  -pie -fPIE  execution test
FAIL: gcc.dg/torture/tls/run-le.c  -O3 -fomit-frame-pointer  -pie -fPIE  (test for excess errors)
FAIL: gcc.dg/torture/tls/run-le.c  -O3 -fomit-frame-pointer  -pie -fPIE  execution test
FAIL: gcc.dg/torture/tls/run-le.c  -O3 -g  -pie -fPIE  (test for excess errors)
FAIL: gcc.dg/torture/tls/run-le.c  -O3 -g  -pie -fPIE  execution test
FAIL: gcc.dg/torture/tls/run-le.c  -Os  -pie -fPIE  (test for excess errors)
FAIL: gcc.dg/torture/tls/run-le.c  -Os  -pie -fPIE  execution test
FAIL: gcc.dg/torture/tls/thr-init-1.c  -O0  -pie -fpie  (test for excess errors)
FAIL: gcc.dg/torture/tls/thr-init-1.c  -O0  -pie -fpie  execution test
FAIL: gcc.dg/torture/tls/thr-init-1.c  -O1  -pie -fpie  (test for excess errors)
FAIL: gcc.dg/torture/tls/thr-init-1.c  -O1  -pie -fpie  execution test
FAIL: gcc.dg/torture/tls/thr-init-1.c  -O2  -pie -fpie  (test for excess errors)
FAIL: gcc.dg/torture/tls/thr-init-1.c  -O2  -pie -fpie  execution test
FAIL: gcc.dg/torture/tls/thr-init-1.c  -O3 -fomit-frame-pointer  -pie -fpie  (test for excess errors)
FAIL: gcc.dg/torture/tls/thr-init-1.c  -O3 -fomit-frame-pointer  -pie -fpie  execution test
FAIL: gcc.dg/torture/tls/thr-init-1.c  -O3 -g  -pie -fpie  (test for excess errors)
FAIL: gcc.dg/torture/tls/thr-init-1.c  -O3 -g  -pie -fpie  execution test
FAIL: gcc.dg/torture/tls/thr-init-1.c  -Os  -pie -fpie  (test for excess errors)
FAIL: gcc.dg/torture/tls/thr-init-1.c  -Os  -pie -fpie  execution test
FAIL: gcc.dg/torture/tls/thr-init-1.c  -O0  -pie -fPIE  (test for excess errors)
FAIL: gcc.dg/torture/tls/thr-init-1.c  -O0  -pie -fPIE  execution test
FAIL: gcc.dg/torture/tls/thr-init-1.c  -O1  -pie -fPIE  (test for excess errors)
FAIL: gcc.dg/torture/tls/thr-init-1.c  -O1  -pie -fPIE  execution test
FAIL: gcc.dg/torture/tls/thr-init-1.c  -O2  -pie -fPIE  (test for excess errors)
FAIL: gcc.dg/torture/tls/thr-init-1.c  -O2  -pie -fPIE  execution test
FAIL: gcc.dg/torture/tls/thr-init-1.c  -O3 -fomit-frame-pointer  -pie -fPIE  (test for excess errors)
FAIL: gcc.dg/torture/tls/thr-init-1.c  -O3 -fomit-frame-pointer  -pie -fPIE  execution test
FAIL: gcc.dg/torture/tls/thr-init-1.c  -O3 -g  -pie -fPIE  (test for excess errors)
FAIL: gcc.dg/torture/tls/thr-init-1.c  -O3 -g  -pie -fPIE  execution test
FAIL: gcc.dg/torture/tls/thr-init-1.c  -Os  -pie -fPIE  (test for excess errors)
FAIL: gcc.dg/torture/tls/thr-init-1.c  -Os  -pie -fPIE  execution test
FAIL: gcc.dg/torture/tls/thr-init-2.c  -O0  -pie -fpie  (test for excess errors)
FAIL: gcc.dg/torture/tls/thr-init-2.c  -O0  -pie -fpie  execution test
FAIL: gcc.dg/torture/tls/thr-init-2.c  -O1  -pie -fpie  (test for excess errors)
FAIL: gcc.dg/torture/tls/thr-init-2.c  -O1  -pie -fpie  execution test
FAIL: gcc.dg/torture/tls/thr-init-2.c  -O2  -pie -fpie  (test for excess errors)
FAIL: gcc.dg/torture/tls/thr-init-2.c  -O2  -pie -fpie  execution test
FAIL: gcc.dg/torture/tls/thr-init-2.c  -O3 -fomit-frame-pointer  -pie -fpie  (test for excess errors)
FAIL: gcc.dg/torture/tls/thr-init-2.c  -O3 -fomit-frame-pointer  -pie -fpie  execution test
FAIL: gcc.dg/torture/tls/thr-init-2.c  -O3 -g  -pie -fpie  (test for excess errors)
FAIL: gcc.dg/torture/tls/thr-init-2.c  -O3 -g  -pie -fpie  execution test
FAIL: gcc.dg/torture/tls/thr-init-2.c  -Os  -pie -fpie  (test for excess errors)
FAIL: gcc.dg/torture/tls/thr-init-2.c  -Os  -pie -fpie  execution test
FAIL: gcc.dg/torture/tls/thr-init-2.c  -O0  -pie -fPIE  (test for excess errors)
FAIL: gcc.dg/torture/tls/thr-init-2.c  -O0  -pie -fPIE  execution test
FAIL: gcc.dg/torture/tls/thr-init-2.c  -O1  -pie -fPIE  (test for excess errors)
FAIL: gcc.dg/torture/tls/thr-init-2.c  -O1  -pie -fPIE  execution test
FAIL: gcc.dg/torture/tls/thr-init-2.c  -O2  -pie -fPIE  (test for excess errors)
FAIL: gcc.dg/torture/tls/thr-init-2.c  -O2  -pie -fPIE  execution test
FAIL: gcc.dg/torture/tls/thr-init-2.c  -O3 -fomit-frame-pointer  -pie -fPIE  (test for excess errors)
FAIL: gcc.dg/torture/tls/thr-init-2.c  -O3 -fomit-frame-pointer  -pie -fPIE  execution test
FAIL: gcc.dg/torture/tls/thr-init-2.c  -O3 -g  -pie -fPIE  (test for excess errors)
FAIL: gcc.dg/torture/tls/thr-init-2.c  -O3 -g  -pie -fPIE  execution test
FAIL: gcc.dg/torture/tls/thr-init-2.c  -Os  -pie -fPIE  (test for excess errors)
FAIL: gcc.dg/torture/tls/thr-init-2.c  -Os  -pie -fPIE  execution test
FAIL: gcc.dg/torture/tls/tls-test.c  -O0  -pie -fpie  (test for excess errors)
FAIL: gcc.dg/torture/tls/tls-test.c  -O0  -pie -fpie  execution test
FAIL: gcc.dg/torture/tls/tls-test.c  -O1  -pie -fpie  (test for excess errors)
FAIL: gcc.dg/torture/tls/tls-test.c  -O1  -pie -fpie  execution test
FAIL: gcc.dg/torture/tls/tls-test.c  -O2  -pie -fpie  (test for excess errors)
FAIL: gcc.dg/torture/tls/tls-test.c  -O2  -pie -fpie  execution test
FAIL: gcc.dg/torture/tls/tls-test.c  -O3 -fomit-frame-pointer  -pie -fpie  (test for excess errors)
FAIL: gcc.dg/torture/tls/tls-test.c  -O3 -fomit-frame-pointer  -pie -fpie  execution test
FAIL: gcc.dg/torture/tls/tls-test.c  -O3 -g  -pie -fpie  (test for excess errors)
FAIL: gcc.dg/torture/tls/tls-test.c  -O3 -g  -pie -fpie  execution test
FAIL: gcc.dg/torture/tls/tls-test.c  -Os  -pie -fpie  (test for excess errors)
FAIL: gcc.dg/torture/tls/tls-test.c  -Os  -pie -fpie  execution test
FAIL: gcc.dg/torture/tls/tls-test.c  -O0  -pie -fPIE  (test for excess errors)
FAIL: gcc.dg/torture/tls/tls-test.c  -O0  -pie -fPIE  execution test
FAIL: gcc.dg/torture/tls/tls-test.c  -O1  -pie -fPIE  (test for excess errors)
FAIL: gcc.dg/torture/tls/tls-test.c  -O1  -pie -fPIE  execution test
FAIL: gcc.dg/torture/tls/tls-test.c  -O2  -pie -fPIE  (test for excess errors)
FAIL: gcc.dg/torture/tls/tls-test.c  -O2  -pie -fPIE  execution test
FAIL: gcc.dg/torture/tls/tls-test.c  -O3 -fomit-frame-pointer  -pie -fPIE  (test for excess errors)
FAIL: gcc.dg/torture/tls/tls-test.c  -O3 -fomit-frame-pointer  -pie -fPIE  execution test
FAIL: gcc.dg/torture/tls/tls-test.c  -O3 -g  -pie -fPIE  (test for excess errors)
FAIL: gcc.dg/torture/tls/tls-test.c  -O3 -g  -pie -fPIE  execution test
FAIL: gcc.dg/torture/tls/tls-test.c  -Os  -pie -fPIE  (test for excess errors)
FAIL: gcc.dg/torture/tls/tls-test.c  -Os  -pie -fPIE  execution test
FAIL: gcc.dg/tree-ssa/pr43491.c scan-tree-dump-times pre "Eliminated: 3" 1
FAIL: gcc.dg/vect/vect-104.c scan-tree-dump-times vect "possible dependence between data-refs" 1
FAIL: gcc.dg/vect/vect-multitypes-11.c scan-tree-dump-times vect "vectorized 1 loops" 1
FAIL: gcc.dg/vect/vect-multitypes-12.c scan-tree-dump-times vect "vectorized 1 loops" 1
FAIL: gcc.dg/vect/vect-outer-1-big-array.c scan-tree-dump-times vect "strided access in outer loop" 1
FAIL: gcc.dg/vect/vect-outer-1.c scan-tree-dump-times vect "strided access in outer loop" 1
FAIL: gcc.dg/vect/vect-outer-1a-big-array.c scan-tree-dump-times vect "strided access in outer loop" 1
FAIL: gcc.dg/vect/vect-outer-1a.c scan-tree-dump-times vect "strided access in outer loop" 1
FAIL: gcc.dg/vect/vect-outer-1b-big-array.c scan-tree-dump-times vect "strided access in outer loop" 1
FAIL: gcc.dg/vect/vect-outer-1b.c scan-tree-dump-times vect "strided access in outer loop" 1
FAIL: gcc.dg/vect/vect-outer-2b.c scan-tree-dump-times vect "strided access in outer loop" 1
FAIL: gcc.dg/vect/vect-outer-3a-big-array.c scan-tree-dump-times vect "step doesn't divide the vector-size" 2
FAIL: gcc.dg/vect/vect-outer-3a.c scan-tree-dump-times vect "step doesn't divide the vector-size" 2
FAIL: gcc.dg/vect/vect-outer-3b.c scan-tree-dump-times vect "strided access in outer loop" 2
FAIL: gcc.dg/vect/vect-reduc-dot-s16b.c scan-tree-dump-times vect "vectorized 1 loops" 0
FAIL: gcc.dg/vect/vect-reduc-dot-s8b.c scan-tree-dump-times vect "vect_recog_widen_mult_pattern: detected" 1
FAIL: gcc.dg/vect/vect-reduc-pattern-1a.c scan-tree-dump-times vect "vectorized 1 loops" 0
FAIL: gcc.dg/vect/vect-reduc-pattern-1b-big-array.c scan-tree-dump-times vect "vectorized 1 loops" 0
FAIL: gcc.dg/vect/vect-reduc-pattern-1b.c scan-tree-dump-times vect "vectorized 1 loops" 0
FAIL: gcc.dg/vect/vect-reduc-pattern-1c-big-array.c scan-tree-dump-times vect "vectorized 1 loops" 0
FAIL: gcc.dg/vect/vect-reduc-pattern-1c.c scan-tree-dump-times vect "vectorized 1 loops" 0
FAIL: gcc.dg/vect/vect-reduc-pattern-2a.c scan-tree-dump-times vect "vectorized 1 loops" 0
FAIL: gcc.dg/vect/vect-reduc-pattern-2b-big-array.c scan-tree-dump-times vect "vectorized 1 loops" 0
FAIL: gcc.dg/vect/vect-reduc-pattern-2b.c scan-tree-dump-times vect "vectorized 1 loops" 0
FAIL: gcc.dg/vect/slp-perm-8.c scan-tree-dump-times vect "vectorized 1 loops" 2
XPASS: gcc.dg/vect/slp-reduc-3.c scan-tree-dump-times vect "vectorizing stmts using SLP" 1
FAIL: gcc.dg/vect/no-vfa-vect-101.c scan-tree-dump-times vect "can't determine dependence" 1
FAIL: gcc.dg/vect/no-vfa-vect-102.c scan-tree-dump-times vect "possible dependence between data-refs" 1
FAIL: gcc.dg/vect/no-vfa-vect-102a.c scan-tree-dump-times vect "possible dependence between data-refs" 1
FAIL: gcc.dg/vect/no-vfa-vect-37.c scan-tree-dump-times vect "can't determine dependence" 2
FAIL: gcc.dg/vect/no-vfa-vect-79.c scan-tree-dump-times vect "can't determine dependence" 1
FAIL: gcc.dg/vect/wrapv-vect-reduc-pattern-2c.c scan-tree-dump-times vect "vectorized 1 loops" 0
XPASS: gcc.dg/vect/no-scevccp-outer-16.c scan-tree-dump-times vect "OUTER LOOP VECTORIZED." 1
XPASS: gcc.dg/vect/no-scevccp-outer-17.c scan-tree-dump-times vect "OUTER LOOP VECTORIZED." 1
XPASS: gcc.dg/vect/no-scevccp-outer-19.c scan-tree-dump-times vect "OUTER LOOP VECTORIZED." 1
XPASS: gcc.dg/vect/no-scevccp-outer-21.c scan-tree-dump-times vect "OUTER LOOP VECTORIZED." 1
FAIL: gcc.target/arm/pr40457-2.c scan-assembler stm
FAIL: gcc.target/arm/pr42575.c scan-assembler-not mov
FAIL: gcc.target/arm/tlscall.c (test for excess errors)
FAIL: gcc.target/arm/neon/vld1Q_dups64.c (test for excess errors)
FAIL: gcc.target/arm/neon/vld1Q_dupu64.c (test for excess errors)
FAIL: gcc.target/arm/neon/vld1Q_lanes64.c (test for excess errors)
FAIL: gcc.target/arm/neon/vld1Q_laneu64.c (test for excess errors)
FAIL: gcc.target/arm/neon/vld1Qs64.c (test for excess errors)
FAIL: gcc.target/arm/neon/vld1Qu64.c (test for excess errors)
FAIL: gcc.target/arm/neon/vld1_dups64.c (test for excess errors)
FAIL: gcc.target/arm/neon/vld1_dupu64.c (test for excess errors)
FAIL: gcc.target/arm/neon/vld1_lanes64.c (test for excess errors)
FAIL: gcc.target/arm/neon/vld1_laneu64.c (test for excess errors)
FAIL: gcc.target/arm/neon/vld1s64.c (test for excess errors)
FAIL: gcc.target/arm/neon/vld1u64.c (test for excess errors)
FAIL: gcc.target/arm/neon/vld2_dups64.c (test for excess errors)
FAIL: gcc.target/arm/neon/vld2_dupu64.c (test for excess errors)
FAIL: gcc.target/arm/neon/vld2s64.c (test for excess errors)
FAIL: gcc.target/arm/neon/vld2u64.c (test for excess errors)
FAIL: gcc.target/arm/neon/vld3_dups64.c (test for excess errors)
FAIL: gcc.target/arm/neon/vld3_dupu64.c (test for excess errors)
FAIL: gcc.target/arm/neon/vld3s64.c (test for excess errors)
FAIL: gcc.target/arm/neon/vld3u64.c (test for excess errors)
FAIL: gcc.target/arm/neon/vld4_dups64.c (test for excess errors)
FAIL: gcc.target/arm/neon/vld4_dupu64.c (test for excess errors)
FAIL: gcc.target/arm/neon/vld4s64.c (test for excess errors)
FAIL: gcc.target/arm/neon/vld4u64.c (test for excess errors)
FAIL: gcc.target/arm/neon/vst1Q_lanes64.c (test for excess errors)
FAIL: gcc.target/arm/neon/vst1Q_laneu64.c (test for excess errors)
FAIL: gcc.target/arm/neon/vst1Qs64.c (test for excess errors)
FAIL: gcc.target/arm/neon/vst1Qu64.c (test for excess errors)
FAIL: gcc.target/arm/neon/vst1_lanes64.c (test for excess errors)
FAIL: gcc.target/arm/neon/vst1_laneu64.c (test for excess errors)
FAIL: gcc.target/arm/neon/vst1s64.c (test for excess errors)
FAIL: gcc.target/arm/neon/vst1u64.c (test for excess errors)
FAIL: gcc.target/arm/neon/vst2s64.c (test for excess errors)
FAIL: gcc.target/arm/neon/vst2u64.c (test for excess errors)
FAIL: gcc.target/arm/neon/vst3s64.c (test for excess errors)
FAIL: gcc.target/arm/neon/vst3u64.c (test for excess errors)
FAIL: gcc.target/arm/neon/vst4s64.c (test for excess errors)
FAIL: gcc.target/arm/neon/vst4u64.c (test for excess errors)

		=== gcc Summary ===

# of expected passes		68614
# of unexpected failures	191
# of unexpected successes	15
# of expected failures		213
# of unsupported tests		1329
/mnt/scratch/objdir47/gcc/xgcc  version 4.7.1 20120421 (prerelease) (GCC) 

		=== gfortran tests ===


Running target unix
FAIL: gfortran.dg/vect/pr19049.f90  -O  scan-tree-dump-times vect "complicated access pattern" 1
FAIL: gfortran.dg/vect/pr32380.f  -O  scan-tree-dump-times vect "vectorized 7 loops" 1

		=== gfortran Summary ===

# of expected passes		39439
# of unexpected failures	2
# of expected failures		42
# of unsupported tests		391
/mnt/scratch/objdir47/gcc/testsuite/gfortran/../../gfortran  version 4.7.1 20120421 (prerelease) (GCC) 

		=== gnat tests ===


Running target unix
FAIL: gnat.dg/volatile10.adb (test for excess errors)

		=== gnat Summary ===

# of expected passes		1065
# of unexpected failures	1
# of expected failures		14
# of unsupported tests		11
/mnt/scratch/objdir47/gcc/gnatmake version 4.7.1 20120421 (prerelease)


Compiler version: 4.7.1 20120421 (prerelease) 
Platform: armv5tel-unknown-linux-gnueabi
configure flags: --prefix=/mnt/scratch/install47 --enable-bootstrap --enable-shared --enable-threads=posix --enable-checking=release --with-system-zlib --enable-__cxa_atexit --disable-libunwind-exceptions --enable-languages=c,c++,fortran,ada --disable-dssi --with-java-home=/usr/lib/jvm/java-1.5.0-gcj-1.5.0.0/jre --enable-libgcj-multifile --disable-java-maintainer-mode --with-ecj-jar=/usr/share/java/eclipse-ecj.jar --disable-libjava-multilib --disable-sjlj-exceptions --with-arch=armv5te --with-tune=xscale --build=armv5tel-unknown-linux-gnueabi --disable-plugin --disable-lto --disable-libmudflap --disable-build-poststage1-with-cxx
BOOT_CFLAGS=-g -O2


Index Nav: [Date Index] [Subject Index] [Author Index] [Thread Index]
Message Nav: [Date Prev] [Date Next] [Thread Prev] [Thread Next]