This is the mail archive of the
gcc-testresults@gcc.gnu.org
mailing list for the GCC project.
Results for 4.4.7 (GCC) testsuite on i386-pc-solaris2.8
- From: "Tom G. Christensen" <tgc at jupiterrise dot com>
- To: gcc-testresults at gcc dot gnu dot org
- Date: Sun, 22 Apr 2012 16:50:26 +0200
- Subject: Results for 4.4.7 (GCC) testsuite on i386-pc-solaris2.8
Built with:
GNU as 2.22
Sun ld 5.8-1.302 (109148-42)
gmp 5.0.4
mpfr 3.1.0p7
CONFIG_SHELL=/bin/ksh
Bootstrap compiler:
Using built-in specs.
Target: i386-pc-solaris2.8
Configured with: ../gcc-4.3.6/configure --prefix=/usr/tgcware --with-local-prefix=/usr/tgcware/gcc43 --bindir=/usr/tgcware/gcc43/bin --mandir=/usr/tgcware/gcc43/man --infodir=/usr/tgcware/gcc43/info --with-libiconv-prefix=/usr/tgcware --with-gmp=/usr/tgcware --with-mpfr=/usr/tgcware --disable-nls --enable-shared --enable-threads=posix --without-gnu-ld --with-ld=/usr/ccs/bin/ld --with-gnu-as --with-as=/usr/tgcware/bin/gas --enable-languages=c,ada,c++,fortran,objc,obj-c++,java --with-x --with-java-awt=xlib --with-system-zlib --with-arch=i686
Thread model: posix
gcc version 4.3.6 (GCC)
LAST_UPDATED: Obtained from SVN: tags/gcc_4_4_7_release revision 185319
=== acats tests ===
=== acats Summary ===
# of expected passes 2315
# of unexpected failures 0
Native configuration is i386-pc-solaris2.8
=== g++ tests ===
Running target unix
FAIL: g++.old-deja/g++.other/headers1.C (test for excess errors)
WARNING: g++.old-deja/g++.other/headers1.C compilation failed to produce executable
=== g++ Summary ===
# of expected passes 20090
# of unexpected failures 1
# of expected failures 161
# of unsupported tests 202
/export/home/tgc/buildpkg/gcc44/src/all_native/gcc/testsuite/g++/../../g++ version 4.4.7 (GCC)
=== gcc tests ===
Running target unix
FAIL: gcc.c-torture/compile/limits-structnest.c -O2 (test for excess errors)
FAIL: gcc.c-torture/compile/limits-structnest.c -O3 -fomit-frame-pointer (test for excess errors)
FAIL: gcc.c-torture/compile/limits-structnest.c -O3 -g (test for excess errors)
FAIL: gcc.c-torture/compile/limits-structnest.c -Os (test for excess errors)
FAIL: gcc.c-torture/execute/990127-2.c execution, -O2
FAIL: gcc.c-torture/execute/990127-2.c execution, -Os
FAIL: gcc.target/i386/pr37191.c (test for excess errors)
FAIL: gcc.target/i386/pr41963.c (test for excess errors)
FAIL: gcc.target/i386/reload-1.c (test for excess errors)
FAIL: gcc.target/i386/reload-1.c scan-rtl-dump-not csa "deleted 1 dead insns": dump file does not exist
=== gcc Summary ===
# of expected passes 56521
# of unexpected failures 10
# of expected failures 192
# of unsupported tests 770
/export/home/tgc/buildpkg/gcc44/src/all_native/gcc/xgcc version 4.4.7 (GCC)
=== gfortran tests ===
Running target unix
=== gfortran Summary ===
# of expected passes 29579
# of expected failures 9
# of unsupported tests 261
/export/home/tgc/buildpkg/gcc44/src/all_native/gcc/testsuite/gfortran/../../gfortran version 4.4.7 (GCC)
=== gnat tests ===
Running target unix
=== gnat Summary ===
# of expected passes 618
# of expected failures 6
# of unsupported tests 1
=== obj-c++ tests ===
Running target unix
XPASS: obj-c++.dg/comp-types-10.mm (test for excess errors)
WARNING: obj-c++.dg/lookup-2.mm compilation failed to produce executable
WARNING: obj-c++.dg/try-catch-2.mm compilation failed to produce executable
WARNING: obj-c++.dg/try-catch-9.mm compilation failed to produce executable
=== obj-c++ Summary ===
# of expected passes 436
# of unexpected successes 1
# of expected failures 9
# of unsupported tests 13
/export/home/tgc/buildpkg/gcc44/src/all_native/gcc/testsuite/obj-c++/../../g++ version 4.4.7 (GCC)
=== objc tests ===
Running target unix
=== objc Summary ===
# of expected passes 1874
# of expected failures 7
# of unsupported tests 24
/export/home/tgc/buildpkg/gcc44/src/all_native/gcc/xgcc version 4.4.7 (GCC)
=== libffi tests ===
Running target unix
=== libffi Summary ===
# of expected passes 1399
# of unsupported tests 10
=== libgomp tests ===
Running target unix
FAIL: libgomp.fortran/crayptr2.f90 -O0 execution test
FAIL: libgomp.fortran/crayptr2.f90 -O1 execution test
FAIL: libgomp.fortran/crayptr2.f90 -O2 execution test
FAIL: libgomp.fortran/crayptr2.f90 -O3 -fomit-frame-pointer execution test
FAIL: libgomp.fortran/crayptr2.f90 -O3 -fomit-frame-pointer -funroll-loops execution test
FAIL: libgomp.fortran/crayptr2.f90 -O3 -fomit-frame-pointer -funroll-all-loops -finline-functions execution test
FAIL: libgomp.fortran/crayptr2.f90 -O3 -g execution test
FAIL: libgomp.fortran/crayptr2.f90 -Os execution test
FAIL: libgomp.fortran/pr32550.f90 -O0 execution test
FAIL: libgomp.fortran/pr32550.f90 -O1 execution test
FAIL: libgomp.fortran/pr32550.f90 -O2 execution test
FAIL: libgomp.fortran/pr32550.f90 -O3 -fomit-frame-pointer execution test
FAIL: libgomp.fortran/pr32550.f90 -O3 -fomit-frame-pointer -funroll-loops execution test
FAIL: libgomp.fortran/pr32550.f90 -O3 -fomit-frame-pointer -funroll-all-loops -finline-functions execution test
FAIL: libgomp.fortran/pr32550.f90 -O3 -g execution test
FAIL: libgomp.fortran/pr32550.f90 -Os execution test
=== libgomp Summary ===
# of expected passes 2268
# of unexpected failures 16
# of unsupported tests 128
=== libjava tests ===
Running target unix
FAIL: PR16923.c compilation
WARNING: program timed out.
FAIL: getstacktrace run
WARNING: program timed out.
FAIL: getallthreads run
FAIL: InvokeInterface execution - source compiled test
FAIL: InvokeInterface -O3 execution - source compiled test
WARNING: program timed out.
FAIL: PR18699 -findirect-dispatch execution - source compiled test
WARNING: program timed out.
FAIL: PR18699 -O3 execution - source compiled test
WARNING: program timed out.
FAIL: PR18699 -O3 -findirect-dispatch execution - source compiled test
WARNING: program timed out.
FAIL: PR27908 execution - source compiled test
WARNING: program timed out.
FAIL: PR27908 -findirect-dispatch execution - source compiled test
WARNING: program timed out.
FAIL: PR27908 -O3 execution - source compiled test
WARNING: program timed out.
FAIL: PR27908 -O3 -findirect-dispatch execution - source compiled test
FAIL: Process_3 execution - source compiled test
FAIL: Process_3 -findirect-dispatch execution - source compiled test
FAIL: Process_3 -O3 execution - source compiled test
FAIL: Process_3 -O3 -findirect-dispatch execution - source compiled test
FAIL: Thread_Monitor execution - source compiled test
FAIL: Thread_Monitor -findirect-dispatch execution - source compiled test
FAIL: Thread_Monitor -O3 execution - source compiled test
FAIL: Thread_Monitor -O3 -findirect-dispatch execution - source compiled test
FAIL: Throw_2 execution - source compiled test
FAIL: Throw_2 -findirect-dispatch execution - source compiled test
FAIL: Throw_2 -O3 execution - source compiled test
FAIL: Throw_2 -O3 -findirect-dispatch execution - source compiled test
=== libjava Summary ===
# of expected passes 2528
# of unexpected failures 24
# of untested testcases 23
=== libstdc++ tests ===
Running target unix
WARNING: program timed out.
FAIL: 23_containers/vector/bool/modifiers/insert/31370.cc execution test
=== libstdc++ Summary ===
# of expected passes 5459
# of unexpected failures 1
# of expected failures 73
# of unsupported tests 549
Compiler version: 4.4.7 (GCC)
Platform: i386-pc-solaris2.8
configure flags: --prefix=/usr/tgcware --with-local-prefix=/usr/tgcware/gcc44 --bindir=/usr/tgcware/gcc44/bin --mandir=/usr/tgcware/gcc44/man --infodir=/usr/tgcware/gcc44/info --with-libiconv-prefix=/usr/tgcware --with-gmp=/usr/tgcware --with-mpfr=/usr/tgcware --disable-nls --enable-shared --enable-threads=posix --without-gnu-ld --with-ld=/usr/ccs/bin/ld --with-gnu-as --with-as=/usr/tgcware/bin/gas --enable-languages=all,ada,obj-c++ --with-x --with-java-awt=xlib --with-system-zlib --with-arch-32=i686 --with-tune-32=i686