This is the mail archive of the
gcc-testresults@gcc.gnu.org
mailing list for the GCC project.
Results for 4.7.1 20120405 (prerelease) [gcc-4_7-branch revision 186152] (GCC) testsuite on i386-pc-solaris2.8
- From: <ro at smtp-relay dot CeBiTec dot Uni-Bielefeld dot DE>
- To: gcc-testresults at gcc dot gnu dot org
- Date: Wed, 11 Apr 2012 10:21:09 +0200 (MEST)
- Subject: Results for 4.7.1 20120405 (prerelease) [gcc-4_7-branch revision 186152] (GCC) testsuite on i386-pc-solaris2.8
LAST_UPDATED: Thu Apr 5 13:22:10 UTC 2012 (revision 186152)
=== acats tests ===
=== acats Summary ===
# of expected passes 2320
# of unexpected failures 0
Native configuration is i386-pc-solaris2.8
=== g++ tests ===
Running target unix
FAIL: g++.dg/init/cleanup3.C scan-assembler-not _tcf
FAIL: g++.dg/init/cleanup3.C scan-assembler-not _tcf
FAIL: g++.old-deja/g++.other/init5.C -std=c++98 execution test
FAIL: g++.old-deja/g++.other/init5.C -std=c++11 execution test
=== g++ Summary ===
# of expected passes 47065
# of unexpected failures 4
# of expected failures 288
# of unsupported tests 385
/var/gcc/regression/gcc-4.7-branch/8-gcc-gas-gld/build/gcc/testsuite/g++/../../g++ version 4.7.1 20120405 (prerelease) [gcc-4_7-branch revision 186152] (GCC)
=== gcc tests ===
Running target unix
=== gcc Summary ===
# of expected passes 82216
# of expected failures 260
# of unsupported tests 1278
/var/gcc/regression/gcc-4.7-branch/8-gcc-gas-gld/build/gcc/xgcc version 4.7.1 20120405 (prerelease) [gcc-4_7-branch revision 186152] (GCC)
=== gfortran tests ===
Running target unix
FAIL: gfortran.dg/static_linking_1.f -O0 execution test
FAIL: gfortran.dg/static_linking_1.f -O1 execution test
FAIL: gfortran.dg/static_linking_1.f -O2 execution test
FAIL: gfortran.dg/static_linking_1.f -O3 -fomit-frame-pointer execution test
FAIL: gfortran.dg/static_linking_1.f -O3 -fomit-frame-pointer -funroll-loops execution test
FAIL: gfortran.dg/static_linking_1.f -O3 -fomit-frame-pointer -funroll-all-loops -finline-functions execution test
FAIL: gfortran.dg/static_linking_1.f -O3 -g execution test
FAIL: gfortran.dg/static_linking_1.f -Os execution test
=== gfortran Summary ===
# of expected passes 39795
# of unexpected failures 8
# of expected failures 56
# of unsupported tests 364
/var/gcc/regression/gcc-4.7-branch/8-gcc-gas-gld/build/gcc/testsuite/gfortran/../../gfortran version 4.7.1 20120405 (prerelease) [gcc-4_7-branch revision 186152] (GCC)
=== gnat tests ===
Running target unix
FAIL: gnat.dg/lto8.adb (test for excess errors)
WARNING: gnat.dg/lto8.adb compilation failed to produce executable
=== gnat Summary ===
# of expected passes 1077
# of unexpected failures 1
# of expected failures 13
# of unsupported tests 6
/var/gcc/regression/gcc-4.7-branch/8-gcc-gas-gld/build/gcc/gnatmake version 4.7.1 20120405 (prerelease) [gcc-4_7-branch revision 186152]
=== go tests ===
Running target unix
=== go Summary ===
# of expected passes 3292
# of expected failures 4
# of untested testcases 6
/var/gcc/regression/gcc-4.7-branch/8-gcc-gas-gld/build/gcc/testsuite/go/../../gccgo version 4.7.1 20120405 (prerelease) [gcc-4_7-branch revision 186152] (GCC)
=== obj-c++ tests ===
Running target unix
=== obj-c++ Summary ===
# of expected passes 1450
# of expected failures 2
# of unsupported tests 86
/var/gcc/regression/gcc-4.7-branch/8-gcc-gas-gld/build/gcc/testsuite/obj-c++/../../g++ version 4.7.1 20120405 (prerelease) [gcc-4_7-branch revision 186152] (GCC)
=== objc tests ===
Running target unix
=== objc Summary ===
# of expected passes 2988
# of expected failures 6
# of unsupported tests 74
/var/gcc/regression/gcc-4.7-branch/8-gcc-gas-gld/build/gcc/xgcc version 4.7.1 20120405 (prerelease) [gcc-4_7-branch revision 186152] (GCC)
=== boehm-gc tests ===
Running target unix
=== boehm-gc Summary ===
# of expected passes 12
# of unsupported tests 1
=== libffi tests ===
Running target unix
=== libffi Summary ===
# of expected passes 1634
# of expected failures 10
# of unsupported tests 55
=== libgo tests ===
Running target unix
FAIL: log
FAIL: math
FAIL: net
FAIL: time
FAIL: crypto/rand
FAIL: net/http
FAIL: net/http/httputil
=== libgo Summary ===
# of expected passes 116
# of unexpected failures 7
=== libgomp tests ===
Running target unix
=== libgomp Summary ===
# of expected passes 2992
# of unsupported tests 3
=== libitm tests ===
Running target unix
=== libitm Summary ===
# of expected passes 26
# of expected failures 3
# of unsupported tests 1
=== libjava tests ===
Running target unix
FAIL: Divide_1 output - source compiled test
FAIL: Divide_1 -findirect-dispatch output - source compiled test
FAIL: Divide_1 -O3 output - source compiled test
FAIL: Divide_1 -O3 -findirect-dispatch output - source compiled test
=== libjava Summary ===
# of expected passes 2570
# of unexpected failures 4
=== libstdc++ tests ===
Running target unix
=== libstdc++ Summary ===
# of expected passes 7303
# of expected failures 44
# of unsupported tests 803
Compiler version: 4.7.1 20120405 (prerelease) [gcc-4_7-branch revision 186152] (GCC)
Platform: i386-pc-solaris2.8
configure flags: --prefix=/vol/gcc --target=i386-pc-solaris2.8 --enable-obsolete --enable-objc-gc --with-host-libstdcxx='-L/vol/gcc-4.4/lib -Wl,-Bstatic -lstdc++ -Wl,-Bdynamic -lm' --with-boot-ldflags='-static-libstdc++ -static-libgcc -L/vol/gcc-4.4/lib' --with-as=/vol/gcc/bin/gas-2.22 --with-gnu-as --with-ld=/vol/gcc/bin/gld-2.22 --with-gnu-ld --with-gmp-include=/vol/gcc/include --with-gmp-lib=/vol/gcc/lib --with-mpfr-include=/vol/gcc/include --with-mpfr-lib=/vol/gcc/lib --with-mpc-include=/vol/gcc/include --with-mpc-lib=/vol/gcc/lib --enable-languages=all,ada,obj-c++,go --with-ppl-include=/vol/gcc/include --with-ppl-lib=/vol/gcc/lib --with-cloog-include=/vol/gcc/include --with-cloog-lib=/vol/gcc/lib --enable-cloog-backend=ppl
BOOT_CFLAGS=-g -O2