This is the mail archive of the gcc-testresults@gcc.gnu.org mailing list for the GCC project.
Index Nav: | [Date Index] [Subject Index] [Author Index] [Thread Index] | |
---|---|---|
Message Nav: | [Date Prev] [Date Next] | [Thread Prev] [Thread Next] |
Other format: | [Raw text] |
LAST_UPDATED: Obtained from SVN: branches/gcc-4_6-branch revision 186200 Native configuration is m68k-unknown-linux-gnu === g++ tests === Running target unix FAIL: tmpdir-g++.dg-struct-layout-1/t014 cp_compat_x_tst.o-cp_compat_y_tst.o execute FAIL: tmpdir-g++.dg-struct-layout-1/t015 cp_compat_x_tst.o-cp_compat_y_tst.o execute FAIL: tmpdir-g++.dg-struct-layout-1/t021 cp_compat_x_tst.o-cp_compat_y_tst.o execute FAIL: g++.dg/cdce3.C scan-tree-dump cdce "cdce3.C:98: note: function call is shrink-wrapped into error conditions." FAIL: g++.dg/cdce3.C scan-tree-dump cdce "cdce3.C:108: note: function call is shrink-wrapped into error conditions." ERROR: g++.dg/cpp0x/variadic-value1.C: syntax error in target selector "target c++11" for " dg-do 2 run { target c++11 } " UNRESOLVED: g++.dg/cpp0x/variadic-value1.C: syntax error in target selector "target c++11" for " dg-do 2 run { target c++11 } " FAIL: g++.dg/tree-ssa/pr41186.C scan-tree-dump fre "Replaced b1.b with 1" XPASS: g++.dg/uninit-pred-3_b.C (test for excess errors) FAIL: c-c++-common/torture/complex-sign-add.c -O0 execution test FAIL: c-c++-common/torture/complex-sign-add.c -O1 execution test FAIL: c-c++-common/torture/complex-sign-add.c -O2 execution test FAIL: c-c++-common/torture/complex-sign-add.c -O3 -fomit-frame-pointer execution test FAIL: c-c++-common/torture/complex-sign-add.c -O3 -fomit-frame-pointer -funroll-loops execution test FAIL: c-c++-common/torture/complex-sign-add.c -O3 -fomit-frame-pointer -funroll-all-loops -finline-functions execution test FAIL: c-c++-common/torture/complex-sign-add.c -O3 -g execution test FAIL: c-c++-common/torture/complex-sign-add.c -Os execution test FAIL: c-c++-common/torture/complex-sign-mixed-add.c -O0 execution test FAIL: c-c++-common/torture/complex-sign-mixed-add.c -O1 execution test FAIL: c-c++-common/torture/complex-sign-mixed-add.c -O2 execution test FAIL: c-c++-common/torture/complex-sign-mixed-add.c -O3 -fomit-frame-pointer execution test FAIL: c-c++-common/torture/complex-sign-mixed-add.c -O3 -fomit-frame-pointer -funroll-loops execution test FAIL: c-c++-common/torture/complex-sign-mixed-add.c -O3 -fomit-frame-pointer -funroll-all-loops -finline-functions execution test FAIL: c-c++-common/torture/complex-sign-mixed-add.c -O3 -g execution test FAIL: c-c++-common/torture/complex-sign-mixed-add.c -Os execution test FAIL: c-c++-common/torture/complex-sign-mixed-div.c -O0 execution test FAIL: c-c++-common/torture/complex-sign-mixed-div.c -O1 execution test FAIL: c-c++-common/torture/complex-sign-mixed-div.c -O2 execution test FAIL: c-c++-common/torture/complex-sign-mixed-div.c -O3 -fomit-frame-pointer execution test FAIL: c-c++-common/torture/complex-sign-mixed-div.c -O3 -fomit-frame-pointer -funroll-loops execution test FAIL: c-c++-common/torture/complex-sign-mixed-div.c -O3 -fomit-frame-pointer -funroll-all-loops -finline-functions execution test FAIL: c-c++-common/torture/complex-sign-mixed-div.c -O3 -g execution test FAIL: c-c++-common/torture/complex-sign-mixed-div.c -Os execution test FAIL: c-c++-common/torture/complex-sign-mixed-mul.c -O0 execution test FAIL: c-c++-common/torture/complex-sign-mixed-mul.c -O1 execution test FAIL: c-c++-common/torture/complex-sign-mixed-mul.c -O2 execution test FAIL: c-c++-common/torture/complex-sign-mixed-mul.c -O3 -fomit-frame-pointer execution test FAIL: c-c++-common/torture/complex-sign-mixed-mul.c -O3 -fomit-frame-pointer -funroll-loops execution test FAIL: c-c++-common/torture/complex-sign-mixed-mul.c -O3 -fomit-frame-pointer -funroll-all-loops -finline-functions execution test FAIL: c-c++-common/torture/complex-sign-mixed-mul.c -O3 -g execution test FAIL: c-c++-common/torture/complex-sign-mixed-mul.c -Os execution test FAIL: c-c++-common/torture/complex-sign-mixed-sub.c -O0 execution test FAIL: c-c++-common/torture/complex-sign-mixed-sub.c -O1 execution test FAIL: c-c++-common/torture/complex-sign-mixed-sub.c -O2 execution test FAIL: c-c++-common/torture/complex-sign-mixed-sub.c -O3 -fomit-frame-pointer execution test FAIL: c-c++-common/torture/complex-sign-mixed-sub.c -O3 -fomit-frame-pointer -funroll-loops execution test FAIL: c-c++-common/torture/complex-sign-mixed-sub.c -O3 -fomit-frame-pointer -funroll-all-loops -finline-functions execution test FAIL: c-c++-common/torture/complex-sign-mixed-sub.c -O3 -g execution test FAIL: c-c++-common/torture/complex-sign-mixed-sub.c -Os execution test FAIL: c-c++-common/torture/complex-sign-mul-minus-one.c -O0 execution test FAIL: c-c++-common/torture/complex-sign-mul-minus-one.c -O1 execution test FAIL: c-c++-common/torture/complex-sign-mul-minus-one.c -O2 execution test FAIL: c-c++-common/torture/complex-sign-mul-minus-one.c -O3 -fomit-frame-pointer execution test FAIL: c-c++-common/torture/complex-sign-mul-minus-one.c -O3 -fomit-frame-pointer -funroll-loops execution test FAIL: c-c++-common/torture/complex-sign-mul-minus-one.c -O3 -fomit-frame-pointer -funroll-all-loops -finline-functions execution test FAIL: c-c++-common/torture/complex-sign-mul-minus-one.c -O3 -g execution test FAIL: c-c++-common/torture/complex-sign-mul-minus-one.c -Os execution test FAIL: c-c++-common/torture/complex-sign-mul-one.c -O0 execution test FAIL: c-c++-common/torture/complex-sign-mul-one.c -O1 execution test FAIL: c-c++-common/torture/complex-sign-mul-one.c -O2 execution test FAIL: c-c++-common/torture/complex-sign-mul-one.c -O3 -fomit-frame-pointer execution test FAIL: c-c++-common/torture/complex-sign-mul-one.c -O3 -fomit-frame-pointer -funroll-loops execution test FAIL: c-c++-common/torture/complex-sign-mul-one.c -O3 -fomit-frame-pointer -funroll-all-loops -finline-functions execution test FAIL: c-c++-common/torture/complex-sign-mul-one.c -O3 -g execution test FAIL: c-c++-common/torture/complex-sign-mul-one.c -Os execution test FAIL: c-c++-common/torture/complex-sign-mul.c -O0 execution test FAIL: c-c++-common/torture/complex-sign-mul.c -O1 execution test FAIL: c-c++-common/torture/complex-sign-mul.c -O2 execution test FAIL: c-c++-common/torture/complex-sign-mul.c -O3 -fomit-frame-pointer execution test FAIL: c-c++-common/torture/complex-sign-mul.c -O3 -fomit-frame-pointer -funroll-loops execution test FAIL: c-c++-common/torture/complex-sign-mul.c -O3 -fomit-frame-pointer -funroll-all-loops -finline-functions execution test FAIL: c-c++-common/torture/complex-sign-mul.c -O3 -g execution test FAIL: c-c++-common/torture/complex-sign-mul.c -Os execution test FAIL: c-c++-common/torture/complex-sign-sub.c -O0 execution test FAIL: c-c++-common/torture/complex-sign-sub.c -O1 execution test FAIL: c-c++-common/torture/complex-sign-sub.c -O2 execution test FAIL: c-c++-common/torture/complex-sign-sub.c -O3 -fomit-frame-pointer execution test FAIL: c-c++-common/torture/complex-sign-sub.c -O3 -fomit-frame-pointer -funroll-loops execution test FAIL: c-c++-common/torture/complex-sign-sub.c -O3 -fomit-frame-pointer -funroll-all-loops -finline-functions execution test FAIL: c-c++-common/torture/complex-sign-sub.c -O3 -g execution test FAIL: c-c++-common/torture/complex-sign-sub.c -Os execution test FAIL: g++.dg/torture/pr47559.C -O3 -fomit-frame-pointer (test for excess errors) FAIL: g++.dg/torture/pr47559.C -O3 -fomit-frame-pointer -funroll-loops (test for excess errors) FAIL: g++.dg/torture/pr47559.C -O3 -fomit-frame-pointer -funroll-all-loops -finline-functions (test for excess errors) FAIL: g++.dg/torture/type-generic-1.C -O2 execution test FAIL: g++.dg/torture/type-generic-1.C -O3 -fomit-frame-pointer execution test FAIL: g++.dg/torture/type-generic-1.C -O3 -g execution test FAIL: g++.dg/torture/type-generic-1.C -Os execution test === g++ Summary === # of expected passes 25157 # of unexpected failures 85 # of unexpected successes 1 # of expected failures 166 # of unresolved testcases 1 # of unsupported tests 409 /mnt/scratch/objdir46/gcc/testsuite/g++/../../g++ version 4.6.4 20120406 (prerelease) (GCC) === gcc tests === Running target unix FAIL: gcc.c-torture/compile/limits-exprparen.c -O0 (internal compiler error) FAIL: gcc.c-torture/compile/limits-exprparen.c -O0 (test for excess errors) FAIL: gcc.c-torture/compile/limits-exprparen.c -O1 (internal compiler error) FAIL: gcc.c-torture/compile/limits-exprparen.c -O1 (test for excess errors) FAIL: gcc.c-torture/compile/limits-exprparen.c -O2 (internal compiler error) FAIL: gcc.c-torture/compile/limits-exprparen.c -O2 (test for excess errors) FAIL: gcc.c-torture/compile/limits-exprparen.c -O3 -fomit-frame-pointer (internal compiler error) FAIL: gcc.c-torture/compile/limits-exprparen.c -O3 -fomit-frame-pointer (test for excess errors) FAIL: gcc.c-torture/compile/limits-exprparen.c -O3 -g (internal compiler error) FAIL: gcc.c-torture/compile/limits-exprparen.c -O3 -g (test for excess errors) FAIL: gcc.c-torture/compile/limits-exprparen.c -Os (internal compiler error) FAIL: gcc.c-torture/compile/limits-exprparen.c -Os (test for excess errors) WARNING: program timed out. FAIL: gcc.c-torture/compile/limits-externalid.c -O3 -g (test for excess errors) FAIL: gcc.c-torture/compile/limits-structnest.c -O2 (test for excess errors) FAIL: gcc.c-torture/compile/limits-structnest.c -O3 -fomit-frame-pointer (test for excess errors) FAIL: gcc.c-torture/compile/limits-structnest.c -O3 -g (test for excess errors) FAIL: gcc.c-torture/compile/limits-structnest.c -Os (test for excess errors) WARNING: program timed out. FAIL: gcc.c-torture/compile/pr37669-2.c -O1 (test for excess errors) WARNING: program timed out. FAIL: gcc.c-torture/compile/pr37669-2.c -O2 (test for excess errors) WARNING: program timed out. FAIL: gcc.c-torture/compile/pr37669-2.c -O3 -fomit-frame-pointer (test for excess errors) WARNING: program timed out. FAIL: gcc.c-torture/compile/pr37669-2.c -O3 -g (test for excess errors) WARNING: program timed out. FAIL: gcc.c-torture/compile/pr37669-2.c -Os (test for excess errors) FAIL: gcc.c-torture/execute/ieee/compare-fp-1.c execution, -O0 FAIL: gcc.c-torture/execute/ieee/compare-fp-1.c execution, -O1 FAIL: gcc.c-torture/execute/ieee/compare-fp-1.c execution, -O2 FAIL: gcc.c-torture/execute/ieee/compare-fp-1.c execution, -O3 -fomit-frame-pointer FAIL: gcc.c-torture/execute/ieee/compare-fp-1.c execution, -O3 -g FAIL: gcc.c-torture/execute/ieee/compare-fp-1.c execution, -Os FAIL: gcc.c-torture/execute/ieee/compare-fp-4.c execution, -O0 FAIL: gcc.c-torture/execute/ieee/compare-fp-4.c execution, -O1 FAIL: gcc.c-torture/execute/ieee/compare-fp-4.c execution, -O2 FAIL: gcc.c-torture/execute/ieee/compare-fp-4.c execution, -O3 -fomit-frame-pointer FAIL: gcc.c-torture/execute/ieee/compare-fp-4.c execution, -O3 -g FAIL: gcc.c-torture/execute/ieee/compare-fp-4.c execution, -Os FAIL: gcc.c-torture/execute/ieee/copysign1.c execution, -O0 FAIL: gcc.c-torture/execute/ieee/copysign1.c execution, -O1 FAIL: gcc.c-torture/execute/ieee/copysign1.c execution, -O2 FAIL: gcc.c-torture/execute/ieee/copysign1.c execution, -O3 -fomit-frame-pointer FAIL: gcc.c-torture/execute/ieee/copysign1.c execution, -O3 -fomit-frame-pointer -funroll-loops FAIL: gcc.c-torture/execute/ieee/copysign1.c execution, -O3 -fomit-frame-pointer -funroll-all-loops -finline-functions FAIL: gcc.c-torture/execute/ieee/copysign1.c execution, -O3 -g FAIL: gcc.c-torture/execute/ieee/copysign1.c execution, -Os FAIL: gcc.c-torture/execute/ieee/copysign2.c execution, -O0 FAIL: gcc.c-torture/execute/ieee/copysign2.c execution, -O1 FAIL: gcc.c-torture/execute/ieee/copysign2.c execution, -O2 FAIL: gcc.c-torture/execute/ieee/copysign2.c execution, -O3 -fomit-frame-pointer FAIL: gcc.c-torture/execute/ieee/copysign2.c execution, -O3 -fomit-frame-pointer -funroll-loops FAIL: gcc.c-torture/execute/ieee/copysign2.c execution, -O3 -fomit-frame-pointer -funroll-all-loops -finline-functions FAIL: gcc.c-torture/execute/ieee/copysign2.c execution, -O3 -g FAIL: gcc.c-torture/execute/ieee/copysign2.c execution, -Os FAIL: gcc.c-torture/execute/ieee/fp-cmp-8l.c execution, -Os FAIL: tmpdir-gcc.dg-struct-layout-1/t027 c_compat_x_tst.o-c_compat_y_tst.o execute FAIL: tmpdir-gcc.dg-struct-layout-1/t028 c_compat_x_tst.o-c_compat_y_tst.o execute FAIL: gcc.dg/pr28796-2.c execution test FAIL: gcc.dg/pr37544.c execution test WARNING: program timed out. FAIL: gcc.dg/pr43058.c (test for excess errors) FAIL: gcc.dg/pr43419.c execution test FAIL: gcc.dg/pr46647.c scan-tree-dump-not optimized "memset" FAIL: gcc.dg/stack-usage-1.c (test for excess errors) FAIL: gcc.dg/stack-usage-1.c scan-file foo\\t(256|264)\\tstatic FAIL: gcc.dg/uninit-pred-7_a.c bogus warning (test for bogus messages, line 26) FAIL: gcc.dg/uninit-pred-8_a.c bogus warning (test for bogus messages, line 26) XPASS: gcc.dg/guality/example.c -O0 execution test XPASS: gcc.dg/guality/example.c -O1 execution test XPASS: gcc.dg/guality/example.c -Os execution test XPASS: gcc.dg/guality/guality.c -O0 execution test XPASS: gcc.dg/guality/guality.c -O1 execution test XPASS: gcc.dg/guality/guality.c -O2 execution test XPASS: gcc.dg/guality/guality.c -O3 -g execution test XPASS: gcc.dg/guality/guality.c -Os execution test XPASS: gcc.dg/guality/inline-params.c -O2 execution test XPASS: gcc.dg/guality/inline-params.c -O3 -g execution test XPASS: gcc.dg/guality/inline-params.c -Os execution test XPASS: gcc.dg/guality/pr41353-1.c -O0 line 28 j == 28 + 37 XPASS: gcc.dg/guality/pr41353-1.c -O1 line 28 j == 28 + 37 XPASS: gcc.dg/guality/pr41353-1.c -O2 line 28 j == 28 + 37 FAIL: gcc.dg/guality/pr41353-1.c -O3 -fomit-frame-pointer line 28 i1 == 2 * 37 XPASS: gcc.dg/guality/pr41353-1.c -O3 -g line 28 j == 28 + 37 XPASS: gcc.dg/guality/pr41353-1.c -Os line 28 j == 28 + 37 XPASS: gcc.dg/guality/pr41447-1.c -O0 execution test XPASS: gcc.dg/guality/pr41447-1.c -O1 execution test XPASS: gcc.dg/guality/pr41447-1.c -O2 execution test XPASS: gcc.dg/guality/pr41447-1.c -O3 -g execution test XPASS: gcc.dg/guality/pr41447-1.c -Os execution test XPASS: gcc.dg/guality/pr41616-1.c -O0 execution test XPASS: gcc.dg/guality/pr41616-1.c -O1 execution test XPASS: gcc.dg/guality/pr41616-1.c -O2 execution test XPASS: gcc.dg/guality/pr41616-1.c -O3 -g execution test XPASS: gcc.dg/guality/pr41616-1.c -Os execution test FAIL: gcc.dg/guality/pr43051-1.c -O3 -fomit-frame-pointer line 34 c == &a[0] FAIL: gcc.dg/guality/pr43051-1.c -O3 -fomit-frame-pointer -funroll-loops line 34 c == &a[0] FAIL: gcc.dg/guality/pr43051-1.c -O3 -fomit-frame-pointer -funroll-loops line 39 c == &a[0] FAIL: gcc.dg/guality/pr43051-1.c -O3 -fomit-frame-pointer -funroll-all-loops -finline-functions line 34 c == &a[0] FAIL: gcc.dg/guality/pr43051-1.c -O3 -fomit-frame-pointer -funroll-all-loops -finline-functions line 39 c == &a[0] FAIL: gcc.dg/guality/pr43077-1.c -O2 line 42 c == 3 FAIL: gcc.dg/guality/pr43077-1.c -O3 -fomit-frame-pointer line 42 c == 3 FAIL: gcc.dg/guality/pr43077-1.c -O3 -g line 42 c == 3 FAIL: gcc.dg/guality/pr43077-1.c -Os line 42 c == 3 FAIL: gcc.dg/guality/pr43479.c -O3 -fomit-frame-pointer line 13 i == 6 FAIL: gcc.dg/guality/sra-1.c -O1 line 43 a.j == 14 FAIL: gcc.dg/guality/sra-1.c -O2 line 43 a.j == 14 FAIL: gcc.dg/guality/sra-1.c -O3 -fomit-frame-pointer line 43 a.j == 14 FAIL: gcc.dg/guality/sra-1.c -O3 -g line 43 a.j == 14 FAIL: gcc.dg/guality/sra-1.c -Os line 43 a.j == 14 FAIL: gcc.dg/tls/pie-1.c (internal compiler error) FAIL: gcc.dg/tls/pie-1.c (test for excess errors) FAIL: c-c++-common/torture/complex-sign-add.c -O0 execution test FAIL: c-c++-common/torture/complex-sign-add.c -O1 execution test FAIL: c-c++-common/torture/complex-sign-add.c -O2 execution test FAIL: c-c++-common/torture/complex-sign-add.c -O3 -fomit-frame-pointer execution test FAIL: c-c++-common/torture/complex-sign-add.c -O3 -fomit-frame-pointer -funroll-loops execution test FAIL: c-c++-common/torture/complex-sign-add.c -O3 -fomit-frame-pointer -funroll-all-loops -finline-functions execution test FAIL: c-c++-common/torture/complex-sign-add.c -O3 -g execution test FAIL: c-c++-common/torture/complex-sign-add.c -Os execution test FAIL: c-c++-common/torture/complex-sign-mixed-add.c -O0 execution test FAIL: c-c++-common/torture/complex-sign-mixed-add.c -O1 execution test FAIL: c-c++-common/torture/complex-sign-mixed-add.c -O2 execution test FAIL: c-c++-common/torture/complex-sign-mixed-add.c -O3 -fomit-frame-pointer execution test FAIL: c-c++-common/torture/complex-sign-mixed-add.c -O3 -fomit-frame-pointer -funroll-loops execution test FAIL: c-c++-common/torture/complex-sign-mixed-add.c -O3 -fomit-frame-pointer -funroll-all-loops -finline-functions execution test FAIL: c-c++-common/torture/complex-sign-mixed-add.c -O3 -g execution test FAIL: c-c++-common/torture/complex-sign-mixed-add.c -Os execution test FAIL: c-c++-common/torture/complex-sign-mixed-div.c -O0 execution test FAIL: c-c++-common/torture/complex-sign-mixed-div.c -O1 execution test FAIL: c-c++-common/torture/complex-sign-mixed-div.c -O2 execution test FAIL: c-c++-common/torture/complex-sign-mixed-div.c -O3 -fomit-frame-pointer execution test FAIL: c-c++-common/torture/complex-sign-mixed-div.c -O3 -fomit-frame-pointer -funroll-loops execution test FAIL: c-c++-common/torture/complex-sign-mixed-div.c -O3 -fomit-frame-pointer -funroll-all-loops -finline-functions execution test FAIL: c-c++-common/torture/complex-sign-mixed-div.c -O3 -g execution test FAIL: c-c++-common/torture/complex-sign-mixed-div.c -Os execution test FAIL: c-c++-common/torture/complex-sign-mixed-mul.c -O0 execution test FAIL: c-c++-common/torture/complex-sign-mixed-mul.c -O1 execution test FAIL: c-c++-common/torture/complex-sign-mixed-mul.c -O2 execution test FAIL: c-c++-common/torture/complex-sign-mixed-mul.c -O3 -fomit-frame-pointer execution test FAIL: c-c++-common/torture/complex-sign-mixed-mul.c -O3 -fomit-frame-pointer -funroll-loops execution test FAIL: c-c++-common/torture/complex-sign-mixed-mul.c -O3 -fomit-frame-pointer -funroll-all-loops -finline-functions execution test FAIL: c-c++-common/torture/complex-sign-mixed-mul.c -O3 -g execution test FAIL: c-c++-common/torture/complex-sign-mixed-mul.c -Os execution test FAIL: c-c++-common/torture/complex-sign-mixed-sub.c -O0 execution test FAIL: c-c++-common/torture/complex-sign-mixed-sub.c -O1 execution test FAIL: c-c++-common/torture/complex-sign-mixed-sub.c -O2 execution test FAIL: c-c++-common/torture/complex-sign-mixed-sub.c -O3 -fomit-frame-pointer execution test FAIL: c-c++-common/torture/complex-sign-mixed-sub.c -O3 -fomit-frame-pointer -funroll-loops execution test FAIL: c-c++-common/torture/complex-sign-mixed-sub.c -O3 -fomit-frame-pointer -funroll-all-loops -finline-functions execution test FAIL: c-c++-common/torture/complex-sign-mixed-sub.c -O3 -g execution test FAIL: c-c++-common/torture/complex-sign-mixed-sub.c -Os execution test FAIL: c-c++-common/torture/complex-sign-mul-minus-one.c -O0 execution test FAIL: c-c++-common/torture/complex-sign-mul-minus-one.c -O1 execution test FAIL: c-c++-common/torture/complex-sign-mul-minus-one.c -O2 execution test FAIL: c-c++-common/torture/complex-sign-mul-minus-one.c -O3 -fomit-frame-pointer execution test FAIL: c-c++-common/torture/complex-sign-mul-minus-one.c -O3 -fomit-frame-pointer -funroll-loops execution test FAIL: c-c++-common/torture/complex-sign-mul-minus-one.c -O3 -fomit-frame-pointer -funroll-all-loops -finline-functions execution test FAIL: c-c++-common/torture/complex-sign-mul-minus-one.c -O3 -g execution test FAIL: c-c++-common/torture/complex-sign-mul-minus-one.c -Os execution test FAIL: c-c++-common/torture/complex-sign-mul-one.c -O0 execution test FAIL: c-c++-common/torture/complex-sign-mul-one.c -O1 execution test FAIL: c-c++-common/torture/complex-sign-mul-one.c -O2 execution test FAIL: c-c++-common/torture/complex-sign-mul-one.c -O3 -fomit-frame-pointer execution test FAIL: c-c++-common/torture/complex-sign-mul-one.c -O3 -fomit-frame-pointer -funroll-loops execution test FAIL: c-c++-common/torture/complex-sign-mul-one.c -O3 -fomit-frame-pointer -funroll-all-loops -finline-functions execution test FAIL: c-c++-common/torture/complex-sign-mul-one.c -O3 -g execution test FAIL: c-c++-common/torture/complex-sign-mul-one.c -Os execution test FAIL: c-c++-common/torture/complex-sign-mul.c -O0 execution test FAIL: c-c++-common/torture/complex-sign-mul.c -O1 execution test FAIL: c-c++-common/torture/complex-sign-mul.c -O2 execution test FAIL: c-c++-common/torture/complex-sign-mul.c -O3 -fomit-frame-pointer execution test FAIL: c-c++-common/torture/complex-sign-mul.c -O3 -fomit-frame-pointer -funroll-loops execution test FAIL: c-c++-common/torture/complex-sign-mul.c -O3 -fomit-frame-pointer -funroll-all-loops -finline-functions execution test FAIL: c-c++-common/torture/complex-sign-mul.c -O3 -g execution test FAIL: c-c++-common/torture/complex-sign-mul.c -Os execution test FAIL: c-c++-common/torture/complex-sign-sub.c -O0 execution test FAIL: c-c++-common/torture/complex-sign-sub.c -O1 execution test FAIL: c-c++-common/torture/complex-sign-sub.c -O2 execution test FAIL: c-c++-common/torture/complex-sign-sub.c -O3 -fomit-frame-pointer execution test FAIL: c-c++-common/torture/complex-sign-sub.c -O3 -fomit-frame-pointer -funroll-loops execution test FAIL: c-c++-common/torture/complex-sign-sub.c -O3 -fomit-frame-pointer -funroll-all-loops -finline-functions execution test FAIL: c-c++-common/torture/complex-sign-sub.c -O3 -g execution test FAIL: c-c++-common/torture/complex-sign-sub.c -Os execution test FAIL: gcc.dg/torture/builtin-math-7.c -O0 execution test FAIL: gcc.dg/torture/builtin-math-7.c -O1 execution test FAIL: gcc.dg/torture/builtin-math-7.c -O2 execution test FAIL: gcc.dg/torture/builtin-math-7.c -O3 -fomit-frame-pointer execution test FAIL: gcc.dg/torture/builtin-math-7.c -O3 -fomit-frame-pointer -funroll-loops execution test FAIL: gcc.dg/torture/builtin-math-7.c -O3 -fomit-frame-pointer -funroll-all-loops -finline-functions execution test FAIL: gcc.dg/torture/builtin-math-7.c -O3 -g execution test FAIL: gcc.dg/torture/builtin-math-7.c -Os execution test FAIL: gcc.dg/torture/fp-int-convert-double.c -O2 execution test FAIL: gcc.dg/torture/fp-int-convert-double.c -O3 -g execution test FAIL: gcc.dg/torture/fp-int-convert-float.c -O2 execution test FAIL: gcc.dg/torture/fp-int-convert-float.c -O3 -g execution test FAIL: gcc.dg/torture/fp-int-convert-float.c -Os execution test FAIL: gcc.dg/torture/type-generic-1.c -O2 execution test FAIL: gcc.dg/torture/type-generic-1.c -O3 -fomit-frame-pointer execution test FAIL: gcc.dg/torture/type-generic-1.c -O3 -g execution test FAIL: gcc.dg/torture/type-generic-1.c -Os execution test FAIL: gcc.dg/tree-prof/stringop-2.c scan-tree-dump optimized "a\\[0\\] = 168430090" FAIL: gcc.dg/tree-ssa/vrp47.c scan-tree-dump-times vrp1 "[xy][^ ]* !=" 0 FAIL: gcc.dg/tree-ssa/vrp47.c scan-tree-dump-times dom1 "x[^ ]* & y" 1 FAIL: gcc.dg/tree-ssa/vrp47.c scan-tree-dump-times vrp1 "x[^ ]* [|] y" 1 FAIL: gcc.target/m68k/20090709-1.c scan-assembler-times .LC0 3 FAIL: gcc.target/m68k/tls-gd.c scan-assembler foo@TLSGD\\\\(%a5\\\\) FAIL: gcc.target/m68k/tls-ie-xgot.c scan-assembler #foo@TLSIE,%[ad][0-7] FAIL: gcc.target/m68k/tls-ld-xgot.c scan-assembler lea \\\\(foo@TLSLDO,%a0\\\\) FAIL: gcc.target/m68k/tls-ld-xtls.c scan-assembler foo@TLSLDM\\\\(%a5\\\\) FAIL: gcc.target/m68k/tls-ld.c scan-assembler foo@TLSLDM\\\\(%a5\\\\) FAIL: gcc.target/m68k/tls-ld.c scan-assembler lea \\\\(foo@TLSLDO,%a0\\\\) FAIL: gcc.target/m68k/tls-le.c scan-assembler lea \\\\(foo@TLSLE,%a0\\\\) === gcc Summary === # of expected passes 58856 # of unexpected failures 181 # of unexpected successes 26 # of expected failures 142 # of unsupported tests 922 /mnt/scratch/objdir46/gcc/xgcc version 4.6.4 20120406 (prerelease) (GCC) === libgomp tests === Running target unix FAIL: libgomp.c/autopar-1.c execution test FAIL: libgomp.c++/for-1.C -O3 -fomit-frame-pointer -funroll-loops execution test FAIL: libgomp.c++/for-1.C -O3 -fomit-frame-pointer -funroll-all-loops -finline-functions execution test FAIL: libgomp.c++/for-2.C -O3 -fomit-frame-pointer -funroll-loops execution test FAIL: libgomp.c++/for-2.C -O3 -fomit-frame-pointer -funroll-all-loops -finline-functions execution test FAIL: libgomp.c++/for-3.C -O3 -fomit-frame-pointer -funroll-loops execution test FAIL: libgomp.c++/for-3.C -O3 -fomit-frame-pointer -funroll-all-loops -finline-functions execution test FAIL: libgomp.c++/for-4.C -O3 -fomit-frame-pointer -funroll-loops execution test FAIL: libgomp.c++/for-4.C -O3 -fomit-frame-pointer -funroll-all-loops -finline-functions execution test FAIL: libgomp.c++/for-5.C -O3 -fomit-frame-pointer -funroll-loops execution test FAIL: libgomp.c++/for-5.C -O3 -fomit-frame-pointer -funroll-all-loops -finline-functions execution test FAIL: libgomp.c++/for-8.C -O3 -fomit-frame-pointer -funroll-loops execution test FAIL: libgomp.c++/for-8.C -O3 -fomit-frame-pointer -funroll-all-loops -finline-functions execution test === libgomp Summary === # of expected passes 1044 # of unexpected failures 13 # of unsupported tests 8 === libstdc++ tests === Running target unix FAIL: 20_util/shared_ptr/thread/mutex_weaktoshared.cc execution test FAIL: 22_locale/locale/cons/12658_thread-1.cc execution test FAIL: 23_containers/list/pthread1.cc execution test FAIL: 23_containers/list/pthread5.cc execution test FAIL: 23_containers/map/pthread6.cc execution test FAIL: 26_numerics/complex/pow.cc execution test WARNING: program timed out. FAIL: ext/pb_ds/regression/hash_data_map_rand.cc execution test FAIL: tr1/5_numerical_facilities/special_functions/06_comp_ellint_3/check_nan.cc execution test FAIL: tr1/5_numerical_facilities/special_functions/08_cyl_bessel_i/check_nan.cc execution test FAIL: tr1/5_numerical_facilities/special_functions/09_cyl_bessel_j/check_nan.cc execution test FAIL: tr1/5_numerical_facilities/special_functions/10_cyl_bessel_k/check_nan.cc execution test FAIL: tr1/5_numerical_facilities/special_functions/11_cyl_neumann/check_nan.cc execution test FAIL: tr1/5_numerical_facilities/special_functions/12_ellint_1/check_nan.cc execution test FAIL: tr1/5_numerical_facilities/special_functions/14_ellint_3/check_nan.cc execution test === libstdc++ Summary === # of expected passes 7934 # of unexpected failures 14 # of expected failures 82 # of unsupported tests 207 Compiler version: 4.6.4 20120406 (prerelease) (GCC) Platform: m68k-unknown-linux-gnu configure flags: --prefix=/mnt/scratch/install46 --enable-bootstrap --enable-shared --enable-threads=posix --enable-checking=release --with-system-zlib --enable-__cxa_atexit --disable-libunwind-exceptions --enable-languages=c,c++ --disable-dssi --with-java-home=/usr/lib/jvm/java-1.5.0-gcj-1.5.0.0/jre --enable-libgcj-multifile --disable-java-maintainer-mode --with-ecj-jar=/usr/share/java/eclipse-ecj.jar --disable-libjava-multilib --disable-sjlj-exceptions --disable-libmudflap --disable-plugin --disable-lto --disable-multilib BOOT_CFLAGS=-g -O2
Index Nav: | [Date Index] [Subject Index] [Author Index] [Thread Index] | |
---|---|---|
Message Nav: | [Date Prev] [Date Next] | [Thread Prev] [Thread Next] |