This is the mail archive of the
gcc-testresults@gcc.gnu.org
mailing list for the GCC project.
Results for 4.8.0 20120409 (experimental) (GCC) gcc testsuite on pdp11-unknown-aout
- From: pkoning at paul-konings-macbook-pro dot local (Paul Koning)
- To: gcc-testresults at gcc dot gnu dot org
- Date: Mon, 9 Apr 2012 15:46:19 -0400 (EDT)
- Subject: Results for 4.8.0 20120409 (experimental) (GCC) gcc testsuite on pdp11-unknown-aout
SVN (trunk) as of 9 April 2012, configured for C only, built with C++,
"compile.exp" tests only.
Target is pdp11-unknown-aout
Host is x86_64-apple-darwin10.8.0
=== gcc tests ===
Running target unix
WARNING: Assuming target board is the local machine (which is probably wrong).
UNRESOLVED: gcc.c-torture/compile/20011119-1.c -O0
UNRESOLVED: gcc.c-torture/compile/20011119-1.c -O1
UNRESOLVED: gcc.c-torture/compile/20011119-1.c -O2
UNRESOLVED: gcc.c-torture/compile/20011119-1.c -O3 -fomit-frame-pointer
UNRESOLVED: gcc.c-torture/compile/20011119-1.c -O3 -g
UNRESOLVED: gcc.c-torture/compile/20011119-1.c -Os
UNRESOLVED: gcc.c-torture/compile/20011119-2.c -O0
UNRESOLVED: gcc.c-torture/compile/20011119-2.c -O1
UNRESOLVED: gcc.c-torture/compile/20011119-2.c -O2
UNRESOLVED: gcc.c-torture/compile/20011119-2.c -O3 -fomit-frame-pointer
UNRESOLVED: gcc.c-torture/compile/20011119-2.c -O3 -g
UNRESOLVED: gcc.c-torture/compile/20011119-2.c -Os
FAIL: gcc.c-torture/compile/20080806-1.c -O0 (test for excess errors)
FAIL: gcc.c-torture/compile/20080806-1.c -O1 (test for excess errors)
FAIL: gcc.c-torture/compile/20080806-1.c -O2 (test for excess errors)
FAIL: gcc.c-torture/compile/20080806-1.c -O3 -fomit-frame-pointer (test for excess errors)
FAIL: gcc.c-torture/compile/20080806-1.c -O3 -fomit-frame-pointer -funroll-loops (test for excess errors)
FAIL: gcc.c-torture/compile/20080806-1.c -O3 -fomit-frame-pointer -funroll-all-loops -finline-functions (test for excess errors)
FAIL: gcc.c-torture/compile/20080806-1.c -O3 -g (test for excess errors)
FAIL: gcc.c-torture/compile/20080806-1.c -Os (test for excess errors)
FAIL: gcc.c-torture/compile/20101217-1.c -O0 (test for excess errors)
FAIL: gcc.c-torture/compile/20101217-1.c -O1 (test for excess errors)
FAIL: gcc.c-torture/compile/20101217-1.c -O2 (test for excess errors)
FAIL: gcc.c-torture/compile/20101217-1.c -O3 -fomit-frame-pointer (test for excess errors)
FAIL: gcc.c-torture/compile/20101217-1.c -O3 -fomit-frame-pointer -funroll-loops (test for excess errors)
FAIL: gcc.c-torture/compile/20101217-1.c -O3 -fomit-frame-pointer -funroll-all-loops -finline-functions (test for excess errors)
FAIL: gcc.c-torture/compile/20101217-1.c -O3 -g (test for excess errors)
FAIL: gcc.c-torture/compile/20101217-1.c -Os (test for excess errors)
FAIL: gcc.c-torture/compile/920723-1.c -O0 (test for excess errors)
FAIL: gcc.c-torture/compile/920723-1.c -O1 (test for excess errors)
FAIL: gcc.c-torture/compile/920723-1.c -O2 (test for excess errors)
FAIL: gcc.c-torture/compile/920723-1.c -O3 -fomit-frame-pointer (test for excess errors)
FAIL: gcc.c-torture/compile/920723-1.c -O3 -fomit-frame-pointer -funroll-loops (test for excess errors)
FAIL: gcc.c-torture/compile/920723-1.c -O3 -fomit-frame-pointer -funroll-all-loops -finline-functions (test for excess errors)
FAIL: gcc.c-torture/compile/920723-1.c -O3 -g (test for excess errors)
FAIL: gcc.c-torture/compile/920723-1.c -Os (test for excess errors)
FAIL: gcc.c-torture/compile/930621-1.c -O0 (test for excess errors)
FAIL: gcc.c-torture/compile/930621-1.c -O1 (test for excess errors)
FAIL: gcc.c-torture/compile/930621-1.c -O2 (test for excess errors)
FAIL: gcc.c-torture/compile/930621-1.c -O3 -fomit-frame-pointer (test for excess errors)
FAIL: gcc.c-torture/compile/930621-1.c -O3 -fomit-frame-pointer -funroll-loops (test for excess errors)
FAIL: gcc.c-torture/compile/930621-1.c -O3 -fomit-frame-pointer -funroll-all-loops -finline-functions (test for excess errors)
FAIL: gcc.c-torture/compile/930621-1.c -O3 -g (test for excess errors)
FAIL: gcc.c-torture/compile/930621-1.c -Os (test for excess errors)
UNRESOLVED: gcc.c-torture/compile/981001-2.c -O0
UNRESOLVED: gcc.c-torture/compile/981001-2.c -O1
UNRESOLVED: gcc.c-torture/compile/981001-2.c -O2
UNRESOLVED: gcc.c-torture/compile/981001-2.c -O3 -fomit-frame-pointer
UNRESOLVED: gcc.c-torture/compile/981001-2.c -O3 -g
UNRESOLVED: gcc.c-torture/compile/981001-2.c -Os
FAIL: gcc.c-torture/compile/990625-1.c -O0 (test for excess errors)
FAIL: gcc.c-torture/compile/990625-1.c -O1 (test for excess errors)
FAIL: gcc.c-torture/compile/990625-1.c -O2 (test for excess errors)
FAIL: gcc.c-torture/compile/990625-1.c -O3 -fomit-frame-pointer (test for excess errors)
FAIL: gcc.c-torture/compile/990625-1.c -O3 -fomit-frame-pointer -funroll-loops (test for excess errors)
FAIL: gcc.c-torture/compile/990625-1.c -O3 -fomit-frame-pointer -funroll-all-loops -finline-functions (test for excess errors)
FAIL: gcc.c-torture/compile/990625-1.c -O3 -g (test for excess errors)
FAIL: gcc.c-torture/compile/990625-1.c -Os (test for excess errors)
FAIL: gcc.c-torture/compile/991214-2.c -O0 (test for excess errors)
FAIL: gcc.c-torture/compile/991214-2.c -O1 (test for excess errors)
FAIL: gcc.c-torture/compile/991214-2.c -O2 (test for excess errors)
FAIL: gcc.c-torture/compile/991214-2.c -O3 -fomit-frame-pointer (test for excess errors)
FAIL: gcc.c-torture/compile/991214-2.c -O3 -fomit-frame-pointer -funroll-loops (test for excess errors)
FAIL: gcc.c-torture/compile/991214-2.c -O3 -fomit-frame-pointer -funroll-all-loops -finline-functions (test for excess errors)
FAIL: gcc.c-torture/compile/991214-2.c -O3 -g (test for excess errors)
FAIL: gcc.c-torture/compile/991214-2.c -Os (test for excess errors)
=== gcc Summary ===
# of expected passes 7821
# of unexpected failures 48
# of unresolved testcases 18
# of unsupported tests 223
/Users/pkoning/Documents/svn/buildpdpc++/gcc/xgcc version 4.8.0 20120409 (experimental) (GCC)
Compiler version: 4.8.0 20120409 (experimental) (GCC) gcc
Platform: pdp11-unknown-aout
configure flags:@TOPLEVEL_CONFIGURE_ARGUMENTS@