This is the mail archive of the gcc-testresults@gcc.gnu.org mailing list for the GCC project.


Index Nav: [Date Index] [Subject Index] [Author Index] [Thread Index]
Message Nav: [Date Prev] [Date Next] [Thread Prev] [Thread Next]
Other format: [Raw text]

Results for 4.7.0 (GCC) testsuite on hppa2.0w-hp-hpux11.11


		=== acats tests ===
FAIL:	c974013

		=== acats Summary ===
# of expected passes		2319
# of unexpected failures	1
Native configuration is hppa2.0w-hp-hpux11.11

		=== g++ tests ===


Running target unix
UNRESOLVED: g++.dg/ext/label13.C -std=gnu++98 compilation failed to produce executable
UNRESOLVED: g++.dg/ext/label13.C -std=gnu++11 compilation failed to produce executable
WARNING: program timed out.
FAIL: c-c++-common/simulate-thread/bitfields-2.c  -Os -g  thread simulation test

		=== g++ Summary ===

# of expected passes		42343
# of unexpected failures	1
# of expected failures		290
# of unresolved testcases	2
# of unsupported tests		941
/mnt/gnu/gcc/obj32dir/gcc/testsuite/g++/../../g++  version 4.7.0 (GCC) 

		=== gcc tests ===


Running target unix
WARNING: program timed out.
XPASS: gcc.dg/torture/pr52402.c  -O0  execution test

		=== gcc Summary ===

# of expected passes		58941
# of unexpected successes	1
# of expected failures		119
# of unsupported tests		1394
/mnt/gnu/gcc/obj32dir/gcc/xgcc  version 4.7.0 (GCC) 

		=== gfortran tests ===


Running target unix
FAIL: gfortran.dg/pr45636.f90  -O  scan-tree-dump-times forwprop2 "memset" 0

		=== gfortran Summary ===

# of expected passes		39267
# of unexpected failures	1
# of expected failures		42
# of unsupported tests		396
/mnt/gnu/gcc/obj32dir/gcc/testsuite/gfortran/../../gfortran  version 4.7.0 (GCC) 

		=== gnat tests ===


Running target unix

		=== gnat Summary ===

# of expected passes		1066
# of expected failures		13
# of unsupported tests		11
/mnt/gnu/gcc/obj32dir/gcc/gnatmake version 4.7.0

		=== obj-c++ tests ===


Running target unix

		=== obj-c++ Summary ===

# of expected passes		1408
# of expected failures		2
# of unsupported tests		69
/mnt/gnu/gcc/obj32dir/gcc/testsuite/obj-c++/../../g++  version 4.7.0 (GCC) 

		=== objc tests ===


Running target unix

		=== objc Summary ===

# of expected passes		2920
# of unsupported tests		65
/mnt/gnu/gcc/obj32dir/gcc/xgcc  version 4.7.0 (GCC) 

		=== boehm-gc tests ===


Running target unix
FAIL: boehm-gc.c/gctest.c -O2 (test for excess errors)
FAIL: boehm-gc.c/leak_test.c -O2 (test for excess errors)
FAIL: boehm-gc.c/middle.c -O2 (test for excess errors)
FAIL: boehm-gc.c/thread_leak_test.c -O2 (test for excess errors)
FAIL: boehm-gc.lib/staticrootstest.c -O2 (test for excess errors)

		=== boehm-gc Summary ===

# of expected passes		7
# of unexpected failures	5
# of unsupported tests		1
		=== libffi tests ===


Running target unix

		=== libffi Summary ===

# of expected passes		1634
# of expected failures		10
# of unsupported tests		55
		=== libgomp tests ===


Running target unix

		=== libgomp Summary ===

# of expected passes		2930
# of unsupported tests		10
		=== libjava tests ===


Running target unix
FAIL: LargeFile execution - source compiled test
FAIL: LargeFile -findirect-dispatch execution - source compiled test
FAIL: LargeFile -O3 execution - source compiled test
FAIL: LargeFile -O3 -findirect-dispatch execution - source compiled test

		=== libjava Summary ===

# of expected passes		2566
# of unexpected failures	4
# of untested testcases		4
		=== libstdc++ tests ===


Running target unix

		=== libstdc++ Summary ===

# of expected passes		7285
# of expected failures		43
# of unsupported tests		801

Compiler version: 4.7.0 (GCC) 
Platform: hppa2.0w-hp-hpux11.11
configure flags:Test Run By dave on Sun Apr  1 06:02:40 EDT 2012


Index Nav: [Date Index] [Subject Index] [Author Index] [Thread Index]
Message Nav: [Date Prev] [Date Next] [Thread Prev] [Thread Next]