This is the mail archive of the gcc-testresults@gcc.gnu.org mailing list for the GCC project.
Index Nav: | [Date Index] [Subject Index] [Author Index] [Thread Index] | |
---|---|---|
Message Nav: | [Date Prev] [Date Next] | [Thread Prev] [Thread Next] |
Other format: | [Raw text] |
Native configuration is i686-pc-linux-gnu === gcc tests === Running target unix XPASS: gcc.dg/inline_3.c (test for excess errors) XPASS: gcc.dg/inline_4.c (test for excess errors) XPASS: gcc.dg/unroll_2.c (test for excess errors) XPASS: gcc.dg/unroll_3.c (test for excess errors) XPASS: gcc.dg/unroll_4.c (test for excess errors) XPASS: gcc.dg/guality/example.c -O0 execution test XPASS: gcc.dg/guality/example.c -O1 execution test XPASS: gcc.dg/guality/example.c -O2 execution test XPASS: gcc.dg/guality/example.c -O2 -flto -fno-use-linker-plugin -flto-partition=none execution test XPASS: gcc.dg/guality/guality.c -O0 execution test XPASS: gcc.dg/guality/guality.c -O1 execution test XPASS: gcc.dg/guality/guality.c -O2 execution test XPASS: gcc.dg/guality/guality.c -O3 -fomit-frame-pointer execution test XPASS: gcc.dg/guality/guality.c -O3 -g execution test XPASS: gcc.dg/guality/guality.c -Os execution test XPASS: gcc.dg/guality/guality.c -O2 -flto -fno-use-linker-plugin -flto-partition=none execution test XPASS: gcc.dg/guality/guality.c -O2 -flto -fuse-linker-plugin -fno-fat-lto-objects execution test XPASS: gcc.dg/guality/inline-params.c -O2 execution test XPASS: gcc.dg/guality/inline-params.c -O3 -fomit-frame-pointer execution test XPASS: gcc.dg/guality/inline-params.c -O3 -g execution test XPASS: gcc.dg/guality/inline-params.c -Os execution test XPASS: gcc.dg/guality/inline-params.c -O2 -flto -fno-use-linker-plugin -flto-partition=none execution test XPASS: gcc.dg/guality/inline-params.c -O2 -flto -fuse-linker-plugin -fno-fat-lto-objects execution test XPASS: gcc.dg/guality/pr41353-1.c -O0 line 28 j == 28 + 37 XPASS: gcc.dg/guality/pr41353-1.c -O1 line 28 j == 28 + 37 XPASS: gcc.dg/guality/pr41353-1.c -O2 line 28 j == 28 + 37 XPASS: gcc.dg/guality/pr41353-1.c -O3 -fomit-frame-pointer line 28 j == 28 + 37 XPASS: gcc.dg/guality/pr41353-1.c -O3 -g line 28 j == 28 + 37 XPASS: gcc.dg/guality/pr41353-1.c -Os line 28 j == 28 + 37 XPASS: gcc.dg/guality/pr41353-1.c -O2 -flto -fno-use-linker-plugin -flto-partition=none line 28 j == 28 + 37 XPASS: gcc.dg/guality/pr41353-1.c -O2 -flto -fuse-linker-plugin -fno-fat-lto-objects line 28 j == 28 + 37 XPASS: gcc.dg/guality/pr41447-1.c -O0 execution test XPASS: gcc.dg/guality/pr41447-1.c -O1 execution test XPASS: gcc.dg/guality/pr41447-1.c -Os execution test XPASS: gcc.dg/guality/pr41447-1.c -O2 -flto -fuse-linker-plugin -fno-fat-lto-objects execution test XPASS: gcc.dg/guality/pr41616-1.c -O0 execution test XPASS: gcc.dg/guality/pr41616-1.c -O1 execution test XPASS: gcc.dg/guality/pr41616-1.c -O2 execution test XPASS: gcc.dg/guality/pr41616-1.c -O3 -fomit-frame-pointer execution test XPASS: gcc.dg/guality/pr41616-1.c -O3 -g execution test XPASS: gcc.dg/guality/pr41616-1.c -Os execution test XPASS: gcc.dg/guality/pr41616-1.c -O2 -flto -fno-use-linker-plugin -flto-partition=none execution test FAIL: gcc.dg/guality/vla-1.c -O0 line 17 sizeof (a) == 6 FAIL: gcc.dg/guality/vla-1.c -O0 line 24 sizeof (a) == 17 * sizeof (short) FAIL: gcc.dg/guality/vla-1.c -O1 line 17 sizeof (a) == 6 FAIL: gcc.dg/guality/vla-1.c -O1 line 24 sizeof (a) == 17 * sizeof (short) FAIL: gcc.dg/guality/vla-1.c -O2 line 17 sizeof (a) == 6 FAIL: gcc.dg/guality/vla-1.c -O2 line 24 sizeof (a) == 17 * sizeof (short) FAIL: gcc.dg/guality/vla-1.c -O3 -fomit-frame-pointer line 17 sizeof (a) == 6 FAIL: gcc.dg/guality/vla-1.c -O3 -fomit-frame-pointer line 24 sizeof (a) == 17 * sizeof (short) FAIL: gcc.dg/guality/vla-1.c -O3 -g line 17 sizeof (a) == 6 FAIL: gcc.dg/guality/vla-1.c -O3 -g line 24 sizeof (a) == 17 * sizeof (short) FAIL: gcc.dg/guality/vla-1.c -Os line 17 sizeof (a) == 6 FAIL: gcc.dg/guality/vla-1.c -Os line 24 sizeof (a) == 17 * sizeof (short) FAIL: gcc.dg/guality/vla-1.c -O2 -flto -fno-use-linker-plugin -flto-partition=none line 17 sizeof (a) == 6 FAIL: gcc.dg/guality/vla-1.c -O2 -flto -fno-use-linker-plugin -flto-partition=none line 24 sizeof (a) == 17 * sizeof (short) FAIL: gcc.dg/guality/vla-1.c -O2 -flto -fuse-linker-plugin -fno-fat-lto-objects line 17 sizeof (a) == 6 FAIL: gcc.dg/guality/vla-1.c -O2 -flto -fuse-linker-plugin -fno-fat-lto-objects line 24 sizeof (a) == 17 * sizeof (short) FAIL: gcc.dg/guality/vla-2.c -O0 line 16 sizeof (a) == 5 * sizeof (int) FAIL: gcc.dg/guality/vla-2.c -O0 line 25 sizeof (a) == 6 * sizeof (int) FAIL: gcc.dg/guality/vla-2.c -O1 line 16 sizeof (a) == 5 * sizeof (int) FAIL: gcc.dg/guality/vla-2.c -O1 line 25 sizeof (a) == 6 * sizeof (int) FAIL: gcc.dg/guality/vla-2.c -O2 line 16 sizeof (a) == 5 * sizeof (int) FAIL: gcc.dg/guality/vla-2.c -O2 line 25 sizeof (a) == 6 * sizeof (int) FAIL: gcc.dg/guality/vla-2.c -O3 -fomit-frame-pointer line 16 sizeof (a) == 5 * sizeof (int) FAIL: gcc.dg/guality/vla-2.c -O3 -fomit-frame-pointer line 25 sizeof (a) == 6 * sizeof (int) FAIL: gcc.dg/guality/vla-2.c -O3 -g line 16 sizeof (a) == 5 * sizeof (int) FAIL: gcc.dg/guality/vla-2.c -O3 -g line 25 sizeof (a) == 6 * sizeof (int) FAIL: gcc.dg/guality/vla-2.c -Os line 16 sizeof (a) == 5 * sizeof (int) FAIL: gcc.dg/guality/vla-2.c -Os line 25 sizeof (a) == 6 * sizeof (int) FAIL: gcc.dg/guality/vla-2.c -O2 -flto -fno-use-linker-plugin -flto-partition=none line 16 sizeof (a) == 5 * sizeof (int) FAIL: gcc.dg/guality/vla-2.c -O2 -flto -fno-use-linker-plugin -flto-partition=none line 25 sizeof (a) == 6 * sizeof (int) FAIL: gcc.dg/guality/vla-2.c -O2 -flto -fuse-linker-plugin -fno-fat-lto-objects line 16 sizeof (a) == 5 * sizeof (int) FAIL: gcc.dg/guality/vla-2.c -O2 -flto -fuse-linker-plugin -fno-fat-lto-objects line 25 sizeof (a) == 6 * sizeof (int) FAIL: gcc.dg/torture/pr51106-2.c -O0 (internal compiler error) FAIL: gcc.dg/torture/pr51106-2.c -O0 (test for excess errors) FAIL: gcc.dg/torture/pr51106-2.c -O1 (internal compiler error) FAIL: gcc.dg/torture/pr51106-2.c -O1 (test for excess errors) FAIL: gcc.dg/torture/pr51106-2.c -O2 (internal compiler error) FAIL: gcc.dg/torture/pr51106-2.c -O2 (test for excess errors) FAIL: gcc.dg/torture/pr51106-2.c -O3 -fomit-frame-pointer (internal compiler error) FAIL: gcc.dg/torture/pr51106-2.c -O3 -fomit-frame-pointer (test for excess errors) FAIL: gcc.dg/torture/pr51106-2.c -O3 -g (internal compiler error) FAIL: gcc.dg/torture/pr51106-2.c -O3 -g (test for excess errors) FAIL: gcc.dg/torture/pr51106-2.c -Os (internal compiler error) FAIL: gcc.dg/torture/pr51106-2.c -Os (test for excess errors) FAIL: gcc.dg/torture/pr51106-2.c -O2 -flto -fno-use-linker-plugin -flto-partition=none (internal compiler error) FAIL: gcc.dg/torture/pr51106-2.c -O2 -flto -fno-use-linker-plugin -flto-partition=none (test for excess errors) === gcc Summary === # of expected passes 86534 # of unexpected failures 46 # of unexpected successes 42 # of expected failures 271 # of unsupported tests 995 /export/build/gnu/gcc-x32-32bit/build-i686-linux/gcc/xgcc version 4.8.0 20120329 (experimental) (GCC) === gfortran tests === Running target unix FAIL: gfortran.dg/lto/pr45586-2 f_lto_pr45586-2_0.o-f_lto_pr45586-2_0.o link, -O0 -flto -flto-partition=none -fuse-linker-plugin (internal compiler error) UNRESOLVED: gfortran.dg/lto/pr45586-2 f_lto_pr45586-2_0.o-f_lto_pr45586-2_0.o execute -O0 -flto -flto-partition=none -fuse-linker-plugin FAIL: gfortran.dg/lto/pr45586-2 f_lto_pr45586-2_0.o-f_lto_pr45586-2_0.o link, -O0 -flto -flto-partition=1to1 -fno-use-linker-plugin (internal compiler error) UNRESOLVED: gfortran.dg/lto/pr45586-2 f_lto_pr45586-2_0.o-f_lto_pr45586-2_0.o execute -O0 -flto -flto-partition=1to1 -fno-use-linker-plugin FAIL: gfortran.dg/lto/pr45586-2 f_lto_pr45586-2_0.o-f_lto_pr45586-2_0.o link, -O0 -flto -fuse-linker-plugin -fno-fat-lto-objects (internal compiler error) UNRESOLVED: gfortran.dg/lto/pr45586-2 f_lto_pr45586-2_0.o-f_lto_pr45586-2_0.o execute -O0 -flto -fuse-linker-plugin -fno-fat-lto-objects FAIL: gfortran.dg/lto/pr45586 f_lto_pr45586_0.o-f_lto_pr45586_0.o link, -O0 -flto -flto-partition=none -fuse-linker-plugin (internal compiler error) UNRESOLVED: gfortran.dg/lto/pr45586 f_lto_pr45586_0.o-f_lto_pr45586_0.o execute -O0 -flto -flto-partition=none -fuse-linker-plugin FAIL: gfortran.dg/lto/pr45586 f_lto_pr45586_0.o-f_lto_pr45586_0.o link, -O0 -flto -flto-partition=1to1 -fno-use-linker-plugin (internal compiler error) UNRESOLVED: gfortran.dg/lto/pr45586 f_lto_pr45586_0.o-f_lto_pr45586_0.o execute -O0 -flto -flto-partition=1to1 -fno-use-linker-plugin FAIL: gfortran.dg/lto/pr45586 f_lto_pr45586_0.o-f_lto_pr45586_0.o link, -O0 -flto -fuse-linker-plugin -fno-fat-lto-objects (internal compiler error) UNRESOLVED: gfortran.dg/lto/pr45586 f_lto_pr45586_0.o-f_lto_pr45586_0.o execute -O0 -flto -fuse-linker-plugin -fno-fat-lto-objects === gfortran Summary === # of expected passes 40965 # of unexpected failures 6 # of expected failures 56 # of unresolved testcases 6 # of unsupported tests 211 /export/build/gnu/gcc-x32-32bit/build-i686-linux/gcc/testsuite/gfortran/../../gfortran version 4.8.0 20120329 (experimental) (GCC) === g++ tests === Running target unix === g++ Summary === # of expected passes 47916 # of expected failures 282 # of unsupported tests 316 /export/build/gnu/gcc-x32-32bit/build-i686-linux/gcc/testsuite/g++/../../g++ version 4.8.0 20120329 (experimental) (GCC) === objc tests === Running target unix === objc Summary === # of expected passes 2988 # of expected failures 6 # of unsupported tests 74 /export/build/gnu/gcc-x32-32bit/build-i686-linux/gcc/xgcc version 4.8.0 20120329 (experimental) (GCC) === libgomp tests === Running target unix === libgomp Summary === # of expected passes 2998 === libitm tests === Running target unix === libitm Summary === # of expected passes 26 # of expected failures 3 # of unsupported tests 1 === libmudflap tests === Running target unix FAIL: libmudflap.cth/pass39-frag.c (-O3) (rerun 3) execution test FAIL: libmudflap.cth/pass39-frag.c (-O3) (rerun 3) output pattern test === libmudflap Summary === # of expected passes 1434 # of unexpected failures 2 === libstdc++ tests === Running target unix === libstdc++ Summary === # of expected passes 8857 # of expected failures 43 # of unsupported tests 169 Compiler version: 4.8.0 20120329 (experimental) (GCC) Platform: i686-pc-linux-gnu configure flags: --enable-clocale=gnu --with-system-zlib --with-demangler-in-ld --enable-languages=c,c++,fortran,objc i686-linux --prefix=/usr/gcc-4.8.0-x32 --with-local-prefix=/usr/local --enable-gnu-indirect-function --enable-targets=all --with-multilib-list=m32,m64,mx32 --enable-linker-build-id --enable-gnu-unique-object --with-fpmath=sse
Index Nav: | [Date Index] [Subject Index] [Author Index] [Thread Index] | |
---|---|---|
Message Nav: | [Date Prev] [Date Next] | [Thread Prev] [Thread Next] |