This is the mail archive of the
gcc-testresults@gcc.gnu.org
mailing list for the GCC project.
Results for 4.8.0 20120329 (experimental) (GCC) testsuite on x86_64-unknown-linux-gnu
- From: hjl at gnu-mic-1 dot sc dot intel dot com (H.J. Lu)
- To: gcc-testresults at gcc dot gnu dot org
- Date: Thu, 29 Mar 2012 08:18:13 -0700
- Subject: Results for 4.8.0 20120329 (experimental) (GCC) testsuite on x86_64-unknown-linux-gnu
Native configuration is x86_64-unknown-linux-gnu
=== gcc tests ===
Running target unix/-mx32
XPASS: gcc.dg/inline_3.c (test for excess errors)
XPASS: gcc.dg/inline_4.c (test for excess errors)
XPASS: gcc.dg/unroll_2.c (test for excess errors)
XPASS: gcc.dg/unroll_3.c (test for excess errors)
XPASS: gcc.dg/unroll_4.c (test for excess errors)
WARNING: program timed out.
FAIL: gcc.dg/simulate-thread/atomic-load-int128.c -O0 -g thread simulation test
FAIL: gcc.dg/simulate-thread/atomic-load-longlong.c -O0 -g thread simulation test
FAIL: gcc.dg/torture/pr51106-2.c -O0 (internal compiler error)
FAIL: gcc.dg/torture/pr51106-2.c -O0 (test for excess errors)
FAIL: gcc.dg/torture/pr51106-2.c -O1 (internal compiler error)
FAIL: gcc.dg/torture/pr51106-2.c -O1 (test for excess errors)
FAIL: gcc.dg/torture/pr51106-2.c -O2 (internal compiler error)
FAIL: gcc.dg/torture/pr51106-2.c -O2 (test for excess errors)
FAIL: gcc.dg/torture/pr51106-2.c -O3 -fomit-frame-pointer (internal compiler error)
FAIL: gcc.dg/torture/pr51106-2.c -O3 -fomit-frame-pointer (test for excess errors)
FAIL: gcc.dg/torture/pr51106-2.c -O3 -g (internal compiler error)
FAIL: gcc.dg/torture/pr51106-2.c -O3 -g (test for excess errors)
FAIL: gcc.dg/torture/pr51106-2.c -Os (internal compiler error)
FAIL: gcc.dg/torture/pr51106-2.c -Os (test for excess errors)
FAIL: gcc.dg/torture/pr51106-2.c -O2 -flto -fno-use-linker-plugin -flto-partition=none (internal compiler error)
FAIL: gcc.dg/torture/pr51106-2.c -O2 -flto -fno-use-linker-plugin -flto-partition=none (test for excess errors)
=== gcc Summary ===
# of expected passes 85271
# of unexpected failures 16
# of unexpected successes 5
# of expected failures 259
# of unsupported tests 1249
/export/build/gnu/gcc-x32/build-x86_64-linux/gcc/xgcc version 4.8.0 20120329 (experimental) (GCC)
=== gfortran tests ===
Running target unix/-mx32
FAIL: gfortran.dg/lto/pr45586-2 f_lto_pr45586-2_0.o-f_lto_pr45586-2_0.o link, -O0 -flto -flto-partition=none -fuse-linker-plugin (internal compiler error)
UNRESOLVED: gfortran.dg/lto/pr45586-2 f_lto_pr45586-2_0.o-f_lto_pr45586-2_0.o execute -O0 -flto -flto-partition=none -fuse-linker-plugin
FAIL: gfortran.dg/lto/pr45586-2 f_lto_pr45586-2_0.o-f_lto_pr45586-2_0.o link, -O0 -flto -flto-partition=1to1 -fno-use-linker-plugin (internal compiler error)
UNRESOLVED: gfortran.dg/lto/pr45586-2 f_lto_pr45586-2_0.o-f_lto_pr45586-2_0.o execute -O0 -flto -flto-partition=1to1 -fno-use-linker-plugin
FAIL: gfortran.dg/lto/pr45586-2 f_lto_pr45586-2_0.o-f_lto_pr45586-2_0.o link, -O0 -flto -fuse-linker-plugin -fno-fat-lto-objects (internal compiler error)
UNRESOLVED: gfortran.dg/lto/pr45586-2 f_lto_pr45586-2_0.o-f_lto_pr45586-2_0.o execute -O0 -flto -fuse-linker-plugin -fno-fat-lto-objects
FAIL: gfortran.dg/lto/pr45586 f_lto_pr45586_0.o-f_lto_pr45586_0.o link, -O0 -flto -flto-partition=none -fuse-linker-plugin (internal compiler error)
UNRESOLVED: gfortran.dg/lto/pr45586 f_lto_pr45586_0.o-f_lto_pr45586_0.o execute -O0 -flto -flto-partition=none -fuse-linker-plugin
FAIL: gfortran.dg/lto/pr45586 f_lto_pr45586_0.o-f_lto_pr45586_0.o link, -O0 -flto -flto-partition=1to1 -fno-use-linker-plugin (internal compiler error)
UNRESOLVED: gfortran.dg/lto/pr45586 f_lto_pr45586_0.o-f_lto_pr45586_0.o execute -O0 -flto -flto-partition=1to1 -fno-use-linker-plugin
FAIL: gfortran.dg/lto/pr45586 f_lto_pr45586_0.o-f_lto_pr45586_0.o link, -O0 -flto -fuse-linker-plugin -fno-fat-lto-objects (internal compiler error)
UNRESOLVED: gfortran.dg/lto/pr45586 f_lto_pr45586_0.o-f_lto_pr45586_0.o execute -O0 -flto -fuse-linker-plugin -fno-fat-lto-objects
=== gfortran Summary ===
# of expected passes 41270
# of unexpected failures 6
# of expected failures 56
# of unresolved testcases 6
# of unsupported tests 63
/export/build/gnu/gcc-x32/build-x86_64-linux/gcc/testsuite/gfortran/../../gfortran version 4.8.0 20120329 (experimental) (GCC)
=== g++ tests ===
Running target unix/-mx32
WARNING: program timed out.
=== g++ Summary ===
# of expected passes 48750
# of expected failures 282
# of unsupported tests 527
/export/build/gnu/gcc-x32/build-x86_64-linux/gcc/testsuite/g++/../../g++ version 4.8.0 20120329 (experimental) (GCC)
=== objc tests ===
Running target unix/-mx32
=== objc Summary ===
# of expected passes 2988
# of expected failures 6
# of unsupported tests 74
/export/build/gnu/gcc-x32/build-x86_64-linux/gcc/xgcc version 4.8.0 20120329 (experimental) (GCC)
=== boehm-gc tests ===
Running target unix/-mx32
=== boehm-gc Summary ===
# of expected passes 12
# of unsupported tests 1
=== libffi tests ===
Running target unix/-mx32
=== libffi Summary ===
# of expected passes 1659
# of unsupported tests 55
=== libgomp tests ===
Running target unix/-mx32
=== libgomp Summary ===
# of expected passes 2998
=== libitm tests ===
Running target unix/-mx32
FAIL: libitm.c/cancel.c execution test
FAIL: libitm.c/stackundo.c execution test
=== libitm Summary ===
# of expected passes 24
# of unexpected failures 2
# of expected failures 3
# of unsupported tests 1
=== libjava tests ===
Running target unix/-mx32
FAIL: TestClosureGC run
FAIL: libjava.jar/TestClosureGC.jar execution - gij test
FAIL: libjava.jar/simple.jar output - gij test
FAIL: PR15133 output - gij test
FAIL: PR18116 output - gij test
FAIL: calls output - gij test
FAIL: directbuffer output - gij test
FAIL: final_method output - gij test
FAIL: findclass execution - gij test
FAIL: findclass2 output - gij test
FAIL: iface output - gij test
FAIL: init output - gij test
FAIL: invoke output - gij test
FAIL: jniutf execution - gij test
FAIL: martin execution - gij test
FAIL: noclass output - gij test
FAIL: overload output - gij test
FAIL: pr18278 execution - gij test
WARNING: program timed out.
FAIL: pr23739 execution - gij test
FAIL: register output - gij test
FAIL: register2 output - gij test
FAIL: simple_int output - gij test
FAIL: throwit execution - gij test
FAIL: virtual output - gij test
FAIL: PR16923 output
FAIL: pr29812 execution - gij test
FAIL: getargssize output
FAIL: getlocalvartable output
FAIL: getstacktrace output
FAIL: Array_3 execution - source compiled test
FAIL: Array_3 -findirect-dispatch execution - source compiled test
FAIL: Array_3 -O3 execution - source compiled test
FAIL: Array_3 -O3 -findirect-dispatch execution - source compiled test
FAIL: Divide_1 execution - source compiled test
FAIL: Divide_1 -findirect-dispatch execution - source compiled test
FAIL: Divide_1 -O3 execution - source compiled test
FAIL: Divide_1 -O3 -findirect-dispatch execution - source compiled test
FAIL: Divide_2 execution - source compiled test
FAIL: Divide_2 -findirect-dispatch execution - source compiled test
FAIL: Divide_2 -O3 execution - source compiled test
FAIL: Divide_2 -O3 -findirect-dispatch execution - source compiled test
FAIL: Invoke_1 execution - source compiled test
FAIL: Invoke_1 -findirect-dispatch execution - source compiled test
FAIL: Invoke_1 -O3 execution - source compiled test
FAIL: Invoke_1 -O3 -findirect-dispatch execution - source compiled test
FAIL: PR218 execution - source compiled test
FAIL: PR218 -O3 execution - source compiled test
FAIL: StackTrace2 execution - source compiled test
FAIL: StackTrace2 -findirect-dispatch execution - source compiled test
FAIL: StackTrace2 -O3 execution - source compiled test
FAIL: StackTrace2 -O3 -findirect-dispatch execution - source compiled test
FAIL: Throw_2 execution - source compiled test
FAIL: Throw_2 -findirect-dispatch execution - source compiled test
FAIL: Throw_2 -O3 execution - source compiled test
FAIL: Throw_2 -O3 -findirect-dispatch execution - source compiled test
FAIL: Throw_3 execution - source compiled test
FAIL: Throw_3 -findirect-dispatch execution - source compiled test
FAIL: Throw_3 -O3 execution - source compiled test
FAIL: Throw_3 -O3 -findirect-dispatch execution - source compiled test
FAIL: pr83 -findirect-dispatch execution - source compiled test
FAIL: pr83 -O3 -findirect-dispatch execution - source compiled test
=== libjava Summary ===
# of expected passes 2473
# of unexpected failures 61
# of untested testcases 41
=== libmudflap tests ===
Running target unix/-mx32
FAIL: libmudflap.c++/pass55-frag.cxx ( -O) execution test
=== libmudflap Summary ===
# of expected passes 1435
# of unexpected failures 1
=== libstdc++ tests ===
Running target unix/-mx32
=== libstdc++ Summary ===
# of expected passes 8857
# of expected failures 43
# of unsupported tests 169
Compiler version: 4.8.0 20120329 (experimental) (GCC)
Platform: x86_64-unknown-linux-gnu
configure flags: --enable-clocale=gnu --with-system-zlib --with-demangler-in-ld --prefix=/usr/gcc-4.8.0-x32 --with-local-prefix=/usr/local --enable-gnu-indirect-function --with-multilib-list=m32,m64,mx32 --enable-linker-build-id --enable-gnu-unique-object --with-fpmath=sse