This is the mail archive of the gcc-testresults@gcc.gnu.org mailing list for the GCC project.


Index Nav: [Date Index] [Subject Index] [Author Index] [Thread Index]
Message Nav: [Date Prev] [Date Next] [Thread Prev] [Thread Next]
Other format: [Raw text]

Results for 4.7.0 (GCC) testsuite on alpha-dec-osf5.1b


LAST_UPDATED: Obtained from SVN: tags/gcc_4_7_0_release revision 185675

Native configuration is alpha-dec-osf5.1b

		=== boehm-gc tests ===


Running target unix

		=== boehm-gc Summary ===

# of expected passes		12
# of unsupported tests		1
		=== libffi tests ===


Running target unix

		=== libffi Summary ===

# of expected passes		1634
# of expected failures		10
# of unsupported tests		55
		=== libgomp tests ===


Running target unix

		=== libgomp Summary ===

# of expected passes		2944
# of unsupported tests		3
		=== libitm tests ===


Running target unix
FAIL: libitm.c/cancel.c (internal compiler error)
FAIL: libitm.c/cancel.c (test for excess errors)
WARNING: libitm.c/cancel.c compilation failed to produce executable
FAIL: libitm.c/clone-1.c (internal compiler error)
FAIL: libitm.c/clone-1.c (test for excess errors)
WARNING: libitm.c/clone-1.c compilation failed to produce executable
FAIL: libitm.c/reentrant.c (internal compiler error)
FAIL: libitm.c/reentrant.c (test for excess errors)
WARNING: libitm.c/reentrant.c compilation failed to produce executable
FAIL: libitm.c/stackundo.c (internal compiler error)
FAIL: libitm.c/stackundo.c (test for excess errors)
WARNING: libitm.c/stackundo.c compilation failed to produce executable
FAIL: libitm.c++/eh-1.C (internal compiler error)
FAIL: libitm.c++/eh-1.C (test for excess errors)
WARNING: libitm.c++/eh-1.C compilation failed to produce executable
FAIL: libitm.c++/throwdown.C (internal compiler error)
FAIL: libitm.c++/throwdown.C (test for excess errors)

		=== libitm Summary ===

# of expected passes		15
# of unexpected failures	12
# of expected failures		3
# of unsupported tests		1
		=== libjava tests ===


Running target unix

		=== libjava Summary ===

# of expected passes		2574
		=== libstdc++ tests ===


Running target unix

		=== libstdc++ Summary ===

# of expected passes		7543
# of expected failures		42
# of unsupported tests		667

		=== libstdc++ Summary ===

		=== acats tests ===
FAIL:	c250002
FAIL:	cd5011m
FAIL:	cxa5a03
FAIL:	cxg2017
FAIL:	cxg2020

		=== acats Summary ===
# of expected passes		2315
# of unexpected failures	5

		=== g++ tests ===


Running target unix
FAIL: g++.dg/bprob/g++-bprob-2.C compilation,  -g  -fbranch-probabilities
UNRESOLVED: g++.dg/bprob/g++-bprob-2.C execution,    -g  -fbranch-probabilities
FAIL: g++.dg/bprob/g++-bprob-2.C compilation,  -O0  -fbranch-probabilities
UNRESOLVED: g++.dg/bprob/g++-bprob-2.C execution,    -O0  -fbranch-probabilities
FAIL: g++.dg/bprob/g++-bprob-2.C compilation,  -O1  -fbranch-probabilities
UNRESOLVED: g++.dg/bprob/g++-bprob-2.C execution,    -O1  -fbranch-probabilities
FAIL: g++.dg/bprob/g++-bprob-2.C compilation,  -O2  -fbranch-probabilities
UNRESOLVED: g++.dg/bprob/g++-bprob-2.C execution,    -O2  -fbranch-probabilities
FAIL: g++.dg/bprob/g++-bprob-2.C compilation,  -O3  -fbranch-probabilities
UNRESOLVED: g++.dg/bprob/g++-bprob-2.C execution,    -O3  -fbranch-probabilities
FAIL: g++.dg/bprob/g++-bprob-2.C compilation,  -O3 -g  -fbranch-probabilities
UNRESOLVED: g++.dg/bprob/g++-bprob-2.C execution,    -O3 -g  -fbranch-probabilities
FAIL: g++.dg/bprob/g++-bprob-2.C compilation,  -Os  -fbranch-probabilities
UNRESOLVED: g++.dg/bprob/g++-bprob-2.C execution,    -Os  -fbranch-probabilities
FAIL: tmpdir-g++.dg-struct-layout-1/t027 cp_compat_x_tst.o-cp_compat_y_tst.o execute 
FAIL: g++.dg/abi/thunk5.C scan-assembler weak.*ZTv
FAIL: g++.dg/abi/thunk5.C scan-assembler weak.*ZTv
WARNING: g++.dg/ext/label13.C -std=gnu++98 compilation failed to produce executable
WARNING: g++.dg/ext/label13.C -std=gnu++11 compilation failed to produce executable
FAIL: g++.dg/other/unused1.C scan-assembler (string|ascii?)z?[\\t ]"printer("|\\\\\\\\0)
FAIL: g++.dg/other/unused1.C scan-assembler (string|ascii?)z?[\\t ]"printer("|\\\\\\\\0)
FAIL: g++.dg/simulate-thread/bitfields-2.C  -O0 -g  thread simulation test
FAIL: g++.dg/simulate-thread/bitfields-2.C  -O1 -g  thread simulation test
FAIL: g++.dg/simulate-thread/bitfields-2.C  -O2 -g -std=c++98  thread simulation test
FAIL: g++.dg/simulate-thread/bitfields-2.C  -O3 -g -std=c++11  thread simulation test
FAIL: g++.dg/simulate-thread/bitfields-2.C  -Os -g  thread simulation test
FAIL: g++.dg/simulate-thread/bitfields.C  -O0 -g  thread simulation test
FAIL: g++.dg/simulate-thread/bitfields.C  -O1 -g  thread simulation test
FAIL: g++.dg/simulate-thread/bitfields.C  -O2 -g -std=c++98  thread simulation test
FAIL: g++.dg/simulate-thread/bitfields.C  -O3 -g -std=c++11  thread simulation test
FAIL: g++.dg/simulate-thread/bitfields.C  -Os -g  thread simulation test
FAIL: c-c++-common/simulate-thread/bitfields-1.c  -O0 -g  thread simulation test
FAIL: c-c++-common/simulate-thread/bitfields-1.c  -O1 -g  thread simulation test
FAIL: c-c++-common/simulate-thread/bitfields-1.c  -O2 -g -std=c++98  thread simulation test
FAIL: c-c++-common/simulate-thread/bitfields-1.c  -O3 -g -std=c++11  thread simulation test
FAIL: c-c++-common/simulate-thread/bitfields-1.c  -Os -g  thread simulation test
FAIL: c-c++-common/simulate-thread/bitfields-2.c  -O0 -g  thread simulation test
FAIL: c-c++-common/simulate-thread/bitfields-2.c  -O1 -g  thread simulation test
FAIL: c-c++-common/simulate-thread/bitfields-2.c  -O2 -g -std=c++98  thread simulation test
FAIL: c-c++-common/simulate-thread/bitfields-2.c  -O3 -g -std=c++11  thread simulation test
FAIL: c-c++-common/simulate-thread/bitfields-2.c  -Os -g  thread simulation test
FAIL: c-c++-common/simulate-thread/bitfields-3.c  -O0 -g  thread simulation test
FAIL: c-c++-common/simulate-thread/bitfields-3.c  -O1 -g  thread simulation test
FAIL: c-c++-common/simulate-thread/bitfields-3.c  -O2 -g -std=c++98  thread simulation test
FAIL: c-c++-common/simulate-thread/bitfields-3.c  -O3 -g -std=c++11  thread simulation test
FAIL: c-c++-common/simulate-thread/bitfields-3.c  -Os -g  thread simulation test
FAIL: c-c++-common/simulate-thread/bitfields-4.c  -O0 -g  thread simulation test
FAIL: c-c++-common/simulate-thread/bitfields-4.c  -O1 -g  thread simulation test
FAIL: c-c++-common/simulate-thread/bitfields-4.c  -O2 -g -std=c++98  thread simulation test
FAIL: c-c++-common/simulate-thread/bitfields-4.c  -O3 -g -std=c++11  thread simulation test
FAIL: c-c++-common/simulate-thread/bitfields-4.c  -Os -g  thread simulation test
FAIL: g++.dg/tls/diag-1.C -std=c++98 (internal compiler error)
FAIL: g++.dg/tls/diag-1.C -std=c++98 (test for excess errors)
FAIL: g++.dg/tls/diag-1.C -std=c++11 (internal compiler error)
FAIL: g++.dg/tls/diag-1.C -std=c++11 (test for excess errors)
FAIL: c-c++-common/tm/freq.c -std=gnu++98 (internal compiler error)
FAIL: c-c++-common/tm/freq.c -std=gnu++98 (test for excess errors)
FAIL: c-c++-common/tm/freq.c -std=gnu++11 (internal compiler error)
FAIL: c-c++-common/tm/freq.c -std=gnu++11 (test for excess errors)
FAIL: c-c++-common/tm/inline-asm-2.c -std=gnu++98 (internal compiler error)
FAIL: c-c++-common/tm/inline-asm-2.c -std=gnu++98 (test for excess errors)
FAIL: c-c++-common/tm/inline-asm-2.c -std=gnu++11 (internal compiler error)
FAIL: c-c++-common/tm/inline-asm-2.c -std=gnu++11 (test for excess errors)
FAIL: c-c++-common/tm/memcpy-1.c -std=gnu++98 (internal compiler error)
FAIL: c-c++-common/tm/memcpy-1.c -std=gnu++98 (test for excess errors)
FAIL: c-c++-common/tm/memcpy-1.c -std=gnu++11 (internal compiler error)
FAIL: c-c++-common/tm/memcpy-1.c -std=gnu++11 (test for excess errors)
FAIL: g++.dg/tm/20100727.C -std=gnu++98 (internal compiler error)
FAIL: g++.dg/tm/20100727.C -std=gnu++98 (test for excess errors)
FAIL: g++.dg/tm/20100727.C -std=gnu++11 (internal compiler error)
FAIL: g++.dg/tm/20100727.C -std=gnu++11 (test for excess errors)
FAIL: g++.dg/tm/alias.C -std=gnu++98 (internal compiler error)
FAIL: g++.dg/tm/alias.C -std=gnu++98 (test for excess errors)
UNRESOLVED: g++.dg/tm/alias.C scan-assembler _ZGTtN7ItemsetD1Ev
UNRESOLVED: g++.dg/tm/alias.C scan-assembler _ZGTtN7ItemsetD2Ev
FAIL: g++.dg/tm/alias.C -std=gnu++11 (internal compiler error)
FAIL: g++.dg/tm/alias.C -std=gnu++11 (test for excess errors)
UNRESOLVED: g++.dg/tm/alias.C scan-assembler _ZGTtN7ItemsetD1Ev
UNRESOLVED: g++.dg/tm/alias.C scan-assembler _ZGTtN7ItemsetD2Ev
FAIL: g++.dg/tm/attrib-2.C -std=gnu++98 (internal compiler error)
FAIL: g++.dg/tm/attrib-2.C -std=gnu++98 (test for excess errors)
FAIL: g++.dg/tm/attrib-2.C -std=gnu++11 (internal compiler error)
FAIL: g++.dg/tm/attrib-2.C -std=gnu++11 (test for excess errors)
FAIL: g++.dg/tm/attrib-3.C -std=gnu++98 (internal compiler error)
FAIL: g++.dg/tm/attrib-3.C -std=gnu++98 (test for excess errors)
FAIL: g++.dg/tm/attrib-3.C -std=gnu++11 (internal compiler error)
FAIL: g++.dg/tm/attrib-3.C -std=gnu++11 (test for excess errors)
FAIL: g++.dg/tm/nested-1.C -std=gnu++98 (internal compiler error)
FAIL: g++.dg/tm/nested-1.C -std=gnu++98 (test for excess errors)
FAIL: g++.dg/tm/nested-1.C -std=gnu++11 (internal compiler error)
FAIL: g++.dg/tm/nested-1.C -std=gnu++11 (test for excess errors)
FAIL: g++.dg/tm/nested-2.C -std=gnu++98 (internal compiler error)
FAIL: g++.dg/tm/nested-2.C -std=gnu++98 (test for excess errors)
FAIL: g++.dg/tm/nested-2.C -std=gnu++11 (internal compiler error)
FAIL: g++.dg/tm/nested-2.C -std=gnu++11 (test for excess errors)
FAIL: g++.dg/tm/nested-3.C -std=gnu++98 (internal compiler error)
FAIL: g++.dg/tm/nested-3.C -std=gnu++98 (test for excess errors)
FAIL: g++.dg/tm/nested-3.C -std=gnu++11 (internal compiler error)
FAIL: g++.dg/tm/nested-3.C -std=gnu++11 (test for excess errors)
FAIL: g++.dg/tm/pr46269.C -std=gnu++98 (internal compiler error)
FAIL: g++.dg/tm/pr46269.C -std=gnu++98 (test for excess errors)
FAIL: g++.dg/tm/pr46269.C -std=gnu++11 (internal compiler error)
FAIL: g++.dg/tm/pr46269.C -std=gnu++11 (test for excess errors)
FAIL: g++.dg/tm/pr46714.C -std=gnu++98 (internal compiler error)
FAIL: g++.dg/tm/pr46714.C -std=gnu++98 (test for excess errors)
FAIL: g++.dg/tm/pr46714.C -std=gnu++11 (internal compiler error)
FAIL: g++.dg/tm/pr46714.C -std=gnu++11 (test for excess errors)
FAIL: g++.dg/tm/pr46941.C -std=gnu++98 (internal compiler error)
FAIL: g++.dg/tm/pr46941.C -std=gnu++98 (test for excess errors)
UNRESOLVED: g++.dg/tm/pr46941.C scan-assembler _ZGTtnw[mj]
UNRESOLVED: g++.dg/tm/pr46941.C scan-assembler _ZGTtna[mj]
UNRESOLVED: g++.dg/tm/pr46941.C scan-assembler _ZGTtdlPv
UNRESOLVED: g++.dg/tm/pr46941.C scan-assembler _ZGTtdaPv
FAIL: g++.dg/tm/pr46941.C -std=gnu++11 (internal compiler error)
FAIL: g++.dg/tm/pr46941.C -std=gnu++11 (test for excess errors)
UNRESOLVED: g++.dg/tm/pr46941.C scan-assembler _ZGTtnw[mj]
UNRESOLVED: g++.dg/tm/pr46941.C scan-assembler _ZGTtna[mj]
UNRESOLVED: g++.dg/tm/pr46941.C scan-assembler _ZGTtdlPv
UNRESOLVED: g++.dg/tm/pr46941.C scan-assembler _ZGTtdaPv
FAIL: g++.dg/tm/pr47530.C -std=gnu++98 (internal compiler error)
FAIL: g++.dg/tm/pr47530.C -std=gnu++98 (test for excess errors)
FAIL: g++.dg/tm/pr47530.C -std=gnu++11 (internal compiler error)
FAIL: g++.dg/tm/pr47530.C -std=gnu++11 (test for excess errors)
FAIL: g++.dg/tm/pr47746.C -std=gnu++98 (internal compiler error)
FAIL: g++.dg/tm/pr47746.C -std=gnu++98 (test for excess errors)
FAIL: g++.dg/tm/pr47746.C -std=gnu++11 (internal compiler error)
FAIL: g++.dg/tm/pr47746.C -std=gnu++11 (test for excess errors)
FAIL: g++.dg/tm/pr51411-2.C -std=gnu++98 (internal compiler error)
FAIL: g++.dg/tm/pr51411-2.C -std=gnu++98 (test for excess errors)
UNRESOLVED: g++.dg/tm/pr51411-2.C scan-assembler _ZGTtNKSs7compareERKSs:
FAIL: g++.dg/tm/pr51411-2.C -std=gnu++11 (internal compiler error)
FAIL: g++.dg/tm/pr51411-2.C -std=gnu++11 (test for excess errors)
UNRESOLVED: g++.dg/tm/pr51411-2.C scan-assembler _ZGTtNKSs7compareERKSs:
FAIL: g++.dg/tm/vector-1.C -std=gnu++98 (internal compiler error)
FAIL: g++.dg/tm/vector-1.C -std=gnu++98 (test for excess errors)
FAIL: g++.dg/tm/vector-1.C -std=gnu++11 (internal compiler error)
FAIL: g++.dg/tm/vector-1.C -std=gnu++11 (test for excess errors)

		=== g++ Summary ===

# of expected passes		44284
# of unexpected failures	114
# of expected failures		294
# of unresolved testcases	21
# of unsupported tests		821
/var/gcc/gcc-4.7.0/5.1b-gcc/gcc/testsuite/g++/../../g++  version 4.7.0 (GCC) 

		=== gcc tests ===


Running target unix
FAIL: gcc.c-torture/compile/limits-structnest.c  -Os  (test for excess errors)
WARNING: program timed out.
FAIL: tmpdir-gcc.dg-struct-layout-1/t025 c_compat_x_tst.o-c_compat_y_tst.o execute 
FAIL: tmpdir-gcc.dg-struct-layout-1/t027 c_compat_x_tst.o-c_compat_y_tst.o execute 
FAIL: tmpdir-gcc.dg-struct-layout-1/t028 c_compat_x_tst.o-c_compat_y_tst.o execute 
FAIL: gcc.dg/array-quals-1.c scan-assembler-not \\\\.data(?!\\\\.rel\\\\.ro)
FAIL: gcc.dg/pr44194-1.c scan-rtl-dump dse1 "global deletions = 2"
FAIL: gcc.dg/simulate-thread/atomic-other-int.c  -O0 -g  thread simulation test
FAIL: gcc.dg/simulate-thread/atomic-other-int.c  -O2 -g  thread simulation test
FAIL: gcc.dg/simulate-thread/atomic-other-int.c  -O3 -g  thread simulation test
FAIL: gcc.dg/simulate-thread/atomic-other-longlong.c  -O0 -g  thread simulation test
FAIL: gcc.dg/simulate-thread/atomic-other-longlong.c  -O2 -g  thread simulation test
FAIL: gcc.dg/simulate-thread/atomic-other-longlong.c  -O3 -g  thread simulation test
FAIL: gcc.dg/simulate-thread/atomic-other-short.c  -O0 -g  thread simulation test
FAIL: gcc.dg/simulate-thread/atomic-other-short.c  -O2 -g  thread simulation test
FAIL: gcc.dg/simulate-thread/atomic-other-short.c  -O3 -g  thread simulation test
FAIL: gcc.dg/simulate-thread/subfields.c  -O0 -g  thread simulation test
FAIL: gcc.dg/simulate-thread/subfields.c  -O2 -g  thread simulation test
FAIL: gcc.dg/simulate-thread/subfields.c  -O3 -g  thread simulation test
FAIL: c-c++-common/simulate-thread/bitfields-1.c  -O0 -g  thread simulation test
FAIL: c-c++-common/simulate-thread/bitfields-1.c  -O2 -g  thread simulation test
FAIL: c-c++-common/simulate-thread/bitfields-1.c  -O3 -g  thread simulation test
FAIL: c-c++-common/simulate-thread/bitfields-2.c  -O0 -g  thread simulation test
FAIL: c-c++-common/simulate-thread/bitfields-2.c  -O2 -g  thread simulation test
FAIL: c-c++-common/simulate-thread/bitfields-2.c  -O3 -g  thread simulation test
FAIL: c-c++-common/simulate-thread/bitfields-3.c  -O0 -g  thread simulation test
FAIL: c-c++-common/simulate-thread/bitfields-3.c  -O2 -g  thread simulation test
FAIL: c-c++-common/simulate-thread/bitfields-3.c  -O3 -g  thread simulation test
FAIL: c-c++-common/simulate-thread/bitfields-4.c  -O0 -g  thread simulation test
FAIL: c-c++-common/simulate-thread/bitfields-4.c  -O2 -g  thread simulation test
FAIL: c-c++-common/simulate-thread/bitfields-4.c  -O3 -g  thread simulation test
FAIL: c-c++-common/tm/freq.c (internal compiler error)
FAIL: c-c++-common/tm/freq.c (test for excess errors)
FAIL: c-c++-common/tm/inline-asm-2.c (internal compiler error)
FAIL: c-c++-common/tm/inline-asm-2.c (test for excess errors)
FAIL: c-c++-common/tm/memcpy-1.c (internal compiler error)
FAIL: c-c++-common/tm/memcpy-1.c (test for excess errors)
FAIL: gcc.dg/tm/20100519.c (internal compiler error)
FAIL: gcc.dg/tm/20100519.c (test for excess errors)
FAIL: gcc.dg/tm/20100524-2.c (internal compiler error)
FAIL: gcc.dg/tm/20100524-2.c (test for excess errors)
FAIL: gcc.dg/tm/20100603.c (internal compiler error)
FAIL: gcc.dg/tm/20100603.c (test for excess errors)
FAIL: gcc.dg/tm/20100610.c (internal compiler error)
FAIL: gcc.dg/tm/20100610.c (test for excess errors)
UNRESOLVED: gcc.dg/tm/20100610.c scan-assembler-not ZGTt21calculateCircumCircle
FAIL: gcc.dg/tm/20100615-2.c (internal compiler error)
FAIL: gcc.dg/tm/20100615-2.c (test for excess errors)
FAIL: gcc.dg/tm/20110216.c (internal compiler error)
FAIL: gcc.dg/tm/20110216.c (test for excess errors)
UNRESOLVED: gcc.dg/tm/20110216.c scan-assembler-not _ITM_getTMCloneOrIrrevocable
FAIL: gcc.dg/tm/asm-1.c (internal compiler error)
FAIL: gcc.dg/tm/asm-1.c (test for excess errors)
FAIL: gcc.dg/tm/debug-1.c (internal compiler error)
FAIL: gcc.dg/tm/debug-1.c (test for excess errors)
FAIL: gcc.dg/tm/ipa-3.c (internal compiler error)
FAIL: gcc.dg/tm/ipa-3.c (test for excess errors)
UNRESOLVED: gcc.dg/tm/ipa-3.c scan-assembler _ZGTt3foo
FAIL: gcc.dg/tm/irrevocable-7.c (internal compiler error)
FAIL: gcc.dg/tm/irrevocable-7.c (test for excess errors)
FAIL: gcc.dg/tm/memset.c (internal compiler error)
FAIL: gcc.dg/tm/memset.c (test for excess errors)
UNRESOLVED: gcc.dg/tm/memset.c scan-assembler _ITM_memsetW
FAIL: gcc.dg/tm/nested-2.c (internal compiler error)
FAIL: gcc.dg/tm/nested-2.c (test for excess errors)
FAIL: gcc.dg/tm/pr46567-2.c (internal compiler error)
FAIL: gcc.dg/tm/pr46567-2.c (test for excess errors)
FAIL: gcc.dg/tm/pr47520.c (internal compiler error)
FAIL: gcc.dg/tm/pr47520.c (test for excess errors)
FAIL: gcc.dg/tm/props-4.c (internal compiler error)
FAIL: gcc.dg/tm/props-4.c (test for excess errors)
FAIL: gcc.dg/tm/unused.c (internal compiler error)
FAIL: gcc.dg/tm/unused.c (test for excess errors)
UNRESOLVED: gcc.dg/tm/unused.c scan-assembler _ZGTt11unused_func:
FAIL: gcc.dg/tm/vector-1.c (internal compiler error)
FAIL: gcc.dg/tm/vector-1.c (test for excess errors)

		=== gcc Summary ===

# of expected passes		60655
# of unexpected failures	70
# of expected failures		110
# of unresolved testcases	5
# of unsupported tests		1188
/var/gcc/gcc-4.7.0/5.1b-gcc/gcc/xgcc  version 4.7.0 (GCC) 

		=== gfortran tests ===


Running target unix
FAIL: gfortran.dg/bessel_6.f90  -O0  execution test
FAIL: gfortran.dg/bessel_6.f90  -O1  execution test
FAIL: gfortran.dg/bessel_6.f90  -O2  execution test
FAIL: gfortran.dg/bessel_6.f90  -O3 -fomit-frame-pointer  execution test
FAIL: gfortran.dg/bessel_6.f90  -O3 -fomit-frame-pointer -funroll-loops  execution test
FAIL: gfortran.dg/bessel_6.f90  -O3 -fomit-frame-pointer -funroll-all-loops -finline-functions  execution test
FAIL: gfortran.dg/bessel_6.f90  -O3 -g  execution test
FAIL: gfortran.dg/bessel_6.f90  -Os  execution test
FAIL: gfortran.dg/large_real_kind_2.F90  -O0  execution test
FAIL: gfortran.dg/large_real_kind_2.F90  -O1  execution test
FAIL: gfortran.dg/large_real_kind_2.F90  -O2  execution test
FAIL: gfortran.dg/large_real_kind_2.F90  -O3 -fomit-frame-pointer  execution test
FAIL: gfortran.dg/large_real_kind_2.F90  -O3 -fomit-frame-pointer -funroll-loops  execution test
FAIL: gfortran.dg/large_real_kind_2.F90  -O3 -fomit-frame-pointer -funroll-all-loops -finline-functions  execution test
FAIL: gfortran.dg/large_real_kind_2.F90  -O3 -g  execution test
FAIL: gfortran.dg/large_real_kind_2.F90  -Os  execution test
FAIL: gfortran.dg/nint_2.f90  -O0  execution test
FAIL: gfortran.dg/pr45636.f90  -O  scan-tree-dump-times forwprop2 "memset" 0
FAIL: gfortran.dg/realloc_on_assign_5.f03  -O0  execution test
FAIL: gfortran.dg/realloc_on_assign_5.f03  -O1  execution test
FAIL: gfortran.dg/realloc_on_assign_5.f03  -O2  execution test
FAIL: gfortran.dg/realloc_on_assign_5.f03  -O3 -fomit-frame-pointer  execution test
FAIL: gfortran.dg/realloc_on_assign_5.f03  -O3 -fomit-frame-pointer -funroll-loops  execution test
FAIL: gfortran.dg/realloc_on_assign_5.f03  -O3 -fomit-frame-pointer -funroll-all-loops -finline-functions  execution test
FAIL: gfortran.dg/realloc_on_assign_5.f03  -O3 -g  execution test
FAIL: gfortran.dg/realloc_on_assign_5.f03  -Os  execution test

		=== gfortran Summary ===

# of expected passes		40395
# of unexpected failures	26
# of expected failures		42
# of unsupported tests		81
/var/gcc/gcc-4.7.0/5.1b-gcc/gcc/testsuite/gfortran/../../gfortran  version 4.7.0 (GCC) 

		=== gnat tests ===


Running target unix
FAIL: gnat.dg/array18.adb (test for excess errors)
FAIL: gnat.dg/frame_overflow.adb  (test for errors, line 5)
FAIL: gnat.dg/frame_overflow.adb  (test for errors, line 14)
FAIL: gnat.dg/frame_overflow.adb (test for excess errors)
FAIL: gnat.dg/pack9.adb scan-tree-dump-not optimized "gnat_rcheck"

		=== gnat Summary ===

# of expected passes		1061
# of unexpected failures	5
# of expected failures		13
# of unsupported tests		11
/var/gcc/gcc-4.7.0/5.1b-gcc/gcc/gnatmake version 4.7.0

		=== obj-c++ tests ===


Running target unix

		=== obj-c++ Summary ===

# of expected passes		1400
# of expected failures		10
# of unsupported tests		69
/var/gcc/gcc-4.7.0/5.1b-gcc/gcc/testsuite/obj-c++/../../g++  version 4.7.0 (GCC) 

		=== objc tests ===


Running target unix

		=== objc Summary ===

# of expected passes		2918
# of unsupported tests		66
/var/gcc/gcc-4.7.0/5.1b-gcc/gcc/xgcc  version 4.7.0 (GCC) 


Compiler version: 4.7.0 (GCC) 
Platform: alpha-dec-osf5.1b
configure flags: --prefix=/vol/gcc-4.7 --enable-objc-gc --enable-obsolete --with-gmp-include=/vol/gcc/include --with-gmp-lib=/vol/gcc/lib --with-mpfr-include=/vol/gcc/include --with-mpfr-lib=/vol/gcc/lib --with-mpc-include=/vol/gcc/include --with-mpc-lib=/vol/gcc/lib --enable-languages=all,ada,obj-c++ --build alpha-dec-osf5.1b --host alpha-dec-osf5.1b --target alpha-dec-osf5.1b
BOOT_CFLAGS=-g -O2


Index Nav: [Date Index] [Subject Index] [Author Index] [Thread Index]
Message Nav: [Date Prev] [Date Next] [Thread Prev] [Thread Next]