This is the mail archive of the gcc-testresults@gcc.gnu.org mailing list for the GCC project.


Index Nav: [Date Index] [Subject Index] [Author Index] [Thread Index]
Message Nav: [Date Prev] [Date Next] [Thread Prev] [Thread Next]
Other format: [Raw text]

Results for 4.8.0 20120323 (experimental) [trunk revision 185741] (GCC) testsuite on sparc-sun-solaris2.9


LAST_UPDATED: Fri Mar 23 15:35:29 UTC 2012 (revision 185741)

		=== acats tests ===

		=== acats Summary ===
# of expected passes		2320
# of unexpected failures	0
Native configuration is sparc-sun-solaris2.9

		=== g++ tests ===


Running target unix

		=== g++ Summary for unix ===

# of expected passes		46532
# of expected failures		288
# of unsupported tests		699

Running target unix/-m64
WARNING: program timed out.
FAIL: g++.old-deja/g++.other/init1.C -std=c++98 (test for excess errors)

		=== g++ Summary for unix/-m64 ===

# of expected passes		47768
# of unexpected failures	1
# of expected failures		288
# of unsupported tests		692

		=== g++ Summary ===

# of expected passes		94300
# of unexpected failures	1
# of expected failures		576
# of unsupported tests		1391
/var/gcc/regression/trunk/9-gcc-gas/build/gcc/testsuite/g++/../../g++  version 4.8.0 20120323 (experimental) [trunk revision 185741] (GCC) 

		=== gcc tests ===


Running target unix
WARNING: program timed out.
FAIL: gcc.dg/simulate-thread/speculative-store.c  -O0 -g  thread simulation test
FAIL: gcc.dg/torture/20090618-1.c  -O1  execution test
FAIL: gcc.dg/torture/pr39074-3.c  -O1  execution test
FAIL: gcc.dg/torture/pr39074-3.c  -O2  execution test
FAIL: gcc.dg/torture/pr39074-3.c  -O3 -fomit-frame-pointer  execution test
FAIL: gcc.dg/torture/pr39074-3.c  -O3 -g  execution test
FAIL: gcc.dg/torture/pr39074-3.c  -Os  execution test
FAIL: gcc.dg/torture/pr39074-3.c  -O2 -flto -flto-partition=none  execution test
FAIL: gcc.dg/torture/pr39074-3.c  -O2 -flto  execution test
FAIL: gcc.dg/torture/pr45967-3.c  -O2  execution test
FAIL: gcc.dg/torture/pr45967-3.c  -O3 -fomit-frame-pointer  execution test
FAIL: gcc.dg/torture/pr45967-3.c  -O3 -fomit-frame-pointer -funroll-loops  execution test
FAIL: gcc.dg/torture/pr45967-3.c  -O3 -fomit-frame-pointer -funroll-all-loops -finline-functions  execution test
FAIL: gcc.dg/torture/pr45967-3.c  -O3 -g  execution test
FAIL: gcc.dg/torture/pr45967-3.c  -O2 -flto -flto-partition=none  execution test
FAIL: gcc.dg/torture/pr45967-3.c  -O2 -flto  execution test
FAIL: gcc.dg/torture/pr51106-2.c  -O0  (internal compiler error)
FAIL: gcc.dg/torture/pr51106-2.c  -O0  (test for excess errors)
FAIL: gcc.dg/torture/pr51106-2.c  -O1  (internal compiler error)
FAIL: gcc.dg/torture/pr51106-2.c  -O1  (test for excess errors)
FAIL: gcc.dg/torture/pr51106-2.c  -O2  (internal compiler error)
FAIL: gcc.dg/torture/pr51106-2.c  -O2  (test for excess errors)
FAIL: gcc.dg/torture/pr51106-2.c  -O3 -fomit-frame-pointer  (internal compiler error)
FAIL: gcc.dg/torture/pr51106-2.c  -O3 -fomit-frame-pointer  (test for excess errors)
FAIL: gcc.dg/torture/pr51106-2.c  -O3 -g  (internal compiler error)
FAIL: gcc.dg/torture/pr51106-2.c  -O3 -g  (test for excess errors)
FAIL: gcc.dg/torture/pr51106-2.c  -Os  (internal compiler error)
FAIL: gcc.dg/torture/pr51106-2.c  -Os  (test for excess errors)
FAIL: gcc.dg/torture/pr51106-2.c  -O2 -flto -flto-partition=none  (internal compiler error)
FAIL: gcc.dg/torture/pr51106-2.c  -O2 -flto -flto-partition=none  (test for excess errors)
FAIL: gcc.dg/torture/pr51106-2.c  -O2 -flto  (internal compiler error)
FAIL: gcc.dg/torture/pr51106-2.c  -O2 -flto  (test for excess errors)
FAIL: gcc.dg/torture/pta-ptrarith-2.c  -O1  execution test
WARNING: program timed out.
FAIL: gcc.dg/vect/slp-perm-7.c -flto (test for excess errors)
FAIL: gcc.target/sparc/fpmul-2.c scan-tree-dump optimized "{ 2, 4, 6, 8 }"

		=== gcc Summary for unix ===

# of expected passes		75275
# of unexpected failures	35
# of expected failures		321
# of unsupported tests		1635

Running target unix/-m64
FAIL: gcc.dg/pr44194-1.c scan-rtl-dump dse1 "global deletions = 2"
WARNING: program timed out.
FAIL: gcc.dg/graphite/interchange-8.c (test for excess errors)
WARNING: gcc.dg/graphite/interchange-8.c compilation failed to produce executable
FAIL: gcc.dg/graphite/interchange-8.c scan-tree-dump-times graphite "will be interchanged" 2
FAIL: gcc.dg/torture/20090618-1.c  -O1  execution test
FAIL: gcc.dg/torture/pr39074-3.c  -O1  execution test
FAIL: gcc.dg/torture/pr39074-3.c  -O2  execution test
FAIL: gcc.dg/torture/pr39074-3.c  -O3 -fomit-frame-pointer  execution test
FAIL: gcc.dg/torture/pr39074-3.c  -O3 -g  execution test
FAIL: gcc.dg/torture/pr39074-3.c  -Os  execution test
FAIL: gcc.dg/torture/pr39074-3.c  -O2 -flto -flto-partition=none  execution test
FAIL: gcc.dg/torture/pr39074-3.c  -O2 -flto  execution test
FAIL: gcc.dg/torture/pr51106-2.c  -O0  (internal compiler error)
FAIL: gcc.dg/torture/pr51106-2.c  -O0  (test for excess errors)
FAIL: gcc.dg/torture/pr51106-2.c  -O1  (internal compiler error)
FAIL: gcc.dg/torture/pr51106-2.c  -O1  (test for excess errors)
FAIL: gcc.dg/torture/pr51106-2.c  -O2  (internal compiler error)
FAIL: gcc.dg/torture/pr51106-2.c  -O2  (test for excess errors)
FAIL: gcc.dg/torture/pr51106-2.c  -O3 -fomit-frame-pointer  (internal compiler error)
FAIL: gcc.dg/torture/pr51106-2.c  -O3 -fomit-frame-pointer  (test for excess errors)
FAIL: gcc.dg/torture/pr51106-2.c  -O3 -g  (internal compiler error)
FAIL: gcc.dg/torture/pr51106-2.c  -O3 -g  (test for excess errors)
FAIL: gcc.dg/torture/pr51106-2.c  -Os  (internal compiler error)
FAIL: gcc.dg/torture/pr51106-2.c  -Os  (test for excess errors)
FAIL: gcc.dg/torture/pr51106-2.c  -O2 -flto -flto-partition=none  (internal compiler error)
FAIL: gcc.dg/torture/pr51106-2.c  -O2 -flto -flto-partition=none  (test for excess errors)
FAIL: gcc.dg/torture/pr51106-2.c  -O2 -flto  (internal compiler error)
FAIL: gcc.dg/torture/pr51106-2.c  -O2 -flto  (test for excess errors)
FAIL: gcc.dg/torture/pta-ptrarith-2.c  -O1  execution test
FAIL: gcc.target/sparc/fpmul-2.c scan-tree-dump optimized "{ 2, 4, 6, 8 }"

		=== gcc Summary for unix/-m64 ===

# of expected passes		75925
# of unexpected failures	29
# of expected failures		310
# of unsupported tests		1632

		=== gcc Summary ===

# of expected passes		151200
# of unexpected failures	64
# of expected failures		631
# of unsupported tests		3267
/var/gcc/regression/trunk/9-gcc-gas/build/gcc/xgcc  version 4.8.0 20120323 (experimental) [trunk revision 185741] (GCC) 

		=== gfortran tests ===


Running target unix
FAIL: gfortran.dg/lto/pr45586-2 f_lto_pr45586-2_0.o-f_lto_pr45586-2_0.o link, -O0 -flto -flto-partition=none  (internal compiler error)
UNRESOLVED: gfortran.dg/lto/pr45586-2 f_lto_pr45586-2_0.o-f_lto_pr45586-2_0.o execute -O0 -flto -flto-partition=none 
FAIL: gfortran.dg/lto/pr45586-2 f_lto_pr45586-2_0.o-f_lto_pr45586-2_0.o link, -O0 -flto -flto-partition=1to1  (internal compiler error)
UNRESOLVED: gfortran.dg/lto/pr45586-2 f_lto_pr45586-2_0.o-f_lto_pr45586-2_0.o execute -O0 -flto -flto-partition=1to1 
FAIL: gfortran.dg/lto/pr45586-2 f_lto_pr45586-2_0.o-f_lto_pr45586-2_0.o link, -O0 -flto  (internal compiler error)
UNRESOLVED: gfortran.dg/lto/pr45586-2 f_lto_pr45586-2_0.o-f_lto_pr45586-2_0.o execute -O0 -flto 
FAIL: gfortran.dg/lto/pr45586 f_lto_pr45586_0.o-f_lto_pr45586_0.o link, -O0 -flto -flto-partition=none  (internal compiler error)
UNRESOLVED: gfortran.dg/lto/pr45586 f_lto_pr45586_0.o-f_lto_pr45586_0.o execute -O0 -flto -flto-partition=none 
FAIL: gfortran.dg/lto/pr45586 f_lto_pr45586_0.o-f_lto_pr45586_0.o link, -O2 -flto -flto-partition=none  (internal compiler error)
UNRESOLVED: gfortran.dg/lto/pr45586 f_lto_pr45586_0.o-f_lto_pr45586_0.o execute -O2 -flto -flto-partition=none 
FAIL: gfortran.dg/lto/pr45586 f_lto_pr45586_0.o-f_lto_pr45586_0.o link, -O0 -flto -flto-partition=1to1  (internal compiler error)
UNRESOLVED: gfortran.dg/lto/pr45586 f_lto_pr45586_0.o-f_lto_pr45586_0.o execute -O0 -flto -flto-partition=1to1 
FAIL: gfortran.dg/lto/pr45586 f_lto_pr45586_0.o-f_lto_pr45586_0.o link, -O2 -flto -flto-partition=1to1  (internal compiler error)
UNRESOLVED: gfortran.dg/lto/pr45586 f_lto_pr45586_0.o-f_lto_pr45586_0.o execute -O2 -flto -flto-partition=1to1 
FAIL: gfortran.dg/lto/pr45586 f_lto_pr45586_0.o-f_lto_pr45586_0.o link, -O0 -flto  (internal compiler error)
UNRESOLVED: gfortran.dg/lto/pr45586 f_lto_pr45586_0.o-f_lto_pr45586_0.o execute -O0 -flto 
FAIL: gfortran.dg/lto/pr45586 f_lto_pr45586_0.o-f_lto_pr45586_0.o link, -O2 -flto (internal compiler error)
UNRESOLVED: gfortran.dg/lto/pr45586 f_lto_pr45586_0.o-f_lto_pr45586_0.o execute -O2 -flto

		=== gfortran Summary for unix ===

# of expected passes		40548
# of unexpected failures	9
# of expected failures		58
# of unresolved testcases	9
# of unsupported tests		408

Running target unix/-m64
FAIL: gfortran.dg/pointer_init_1.f90  -Os  (test for excess errors)
WARNING: program timed out.
FAIL: gfortran.dg/lto/pr45586-2 f_lto_pr45586-2_0.o-f_lto_pr45586-2_0.o link, -O0 -flto -flto-partition=none  (internal compiler error)
UNRESOLVED: gfortran.dg/lto/pr45586-2 f_lto_pr45586-2_0.o-f_lto_pr45586-2_0.o execute -O0 -flto -flto-partition=none 
FAIL: gfortran.dg/lto/pr45586-2 f_lto_pr45586-2_0.o-f_lto_pr45586-2_0.o link, -O0 -flto -flto-partition=1to1  (internal compiler error)
UNRESOLVED: gfortran.dg/lto/pr45586-2 f_lto_pr45586-2_0.o-f_lto_pr45586-2_0.o execute -O0 -flto -flto-partition=1to1 
FAIL: gfortran.dg/lto/pr45586-2 f_lto_pr45586-2_0.o-f_lto_pr45586-2_0.o link, -O0 -flto  (internal compiler error)
UNRESOLVED: gfortran.dg/lto/pr45586-2 f_lto_pr45586-2_0.o-f_lto_pr45586-2_0.o execute -O0 -flto 
FAIL: gfortran.dg/lto/pr45586 f_lto_pr45586_0.o-f_lto_pr45586_0.o link, -O0 -flto -flto-partition=none  (internal compiler error)
UNRESOLVED: gfortran.dg/lto/pr45586 f_lto_pr45586_0.o-f_lto_pr45586_0.o execute -O0 -flto -flto-partition=none 
FAIL: gfortran.dg/lto/pr45586 f_lto_pr45586_0.o-f_lto_pr45586_0.o link, -O2 -flto -flto-partition=none  (internal compiler error)
UNRESOLVED: gfortran.dg/lto/pr45586 f_lto_pr45586_0.o-f_lto_pr45586_0.o execute -O2 -flto -flto-partition=none 
FAIL: gfortran.dg/lto/pr45586 f_lto_pr45586_0.o-f_lto_pr45586_0.o link, -O0 -flto -flto-partition=1to1  (internal compiler error)
UNRESOLVED: gfortran.dg/lto/pr45586 f_lto_pr45586_0.o-f_lto_pr45586_0.o execute -O0 -flto -flto-partition=1to1 
FAIL: gfortran.dg/lto/pr45586 f_lto_pr45586_0.o-f_lto_pr45586_0.o link, -O2 -flto -flto-partition=1to1  (internal compiler error)
UNRESOLVED: gfortran.dg/lto/pr45586 f_lto_pr45586_0.o-f_lto_pr45586_0.o execute -O2 -flto -flto-partition=1to1 
FAIL: gfortran.dg/lto/pr45586 f_lto_pr45586_0.o-f_lto_pr45586_0.o link, -O0 -flto  (internal compiler error)
UNRESOLVED: gfortran.dg/lto/pr45586 f_lto_pr45586_0.o-f_lto_pr45586_0.o execute -O0 -flto 
FAIL: gfortran.dg/lto/pr45586 f_lto_pr45586_0.o-f_lto_pr45586_0.o link, -O2 -flto (internal compiler error)
UNRESOLVED: gfortran.dg/lto/pr45586 f_lto_pr45586_0.o-f_lto_pr45586_0.o execute -O2 -flto

		=== gfortran Summary for unix/-m64 ===

# of expected passes		40826
# of unexpected failures	10
# of expected failures		58
# of unresolved testcases	9
# of unsupported tests		271

		=== gfortran Summary ===

# of expected passes		81374
# of unexpected failures	19
# of expected failures		116
# of unresolved testcases	18
# of unsupported tests		679
/var/gcc/regression/trunk/9-gcc-gas/build/gcc/testsuite/gfortran/../../gfortran  version 4.8.0 20120323 (experimental) [trunk revision 185741] (GCC) 

		=== gnat tests ===


Running target unix

		=== gnat Summary for unix ===

# of expected passes		1068
# of expected failures		13
# of unsupported tests		12

Running target unix/-m64

		=== gnat Summary for unix/-m64 ===

# of expected passes		1068
# of expected failures		13
# of unsupported tests		12

		=== gnat Summary ===

# of expected passes		2136
# of expected failures		26
# of unsupported tests		24
/var/gcc/regression/trunk/9-gcc-gas/build/gcc/gnatmake version 4.8.0 20120323 (experimental) [trunk revision 185741]

		=== go tests ===


Running target unix

		=== go Summary for unix ===

# of expected passes		3290
# of expected failures		4
# of untested testcases		7

Running target unix/-m64

		=== go Summary for unix/-m64 ===

# of expected passes		3290
# of expected failures		4
# of untested testcases		7

		=== go Summary ===

# of expected passes		6580
# of expected failures		8
# of untested testcases		14
/var/gcc/regression/trunk/9-gcc-gas/build/gcc/testsuite/go/../../gccgo  version 4.8.0 20120323 (experimental) [trunk revision 185741] (GCC) 

		=== obj-c++ tests ===


Running target unix

		=== obj-c++ Summary for unix ===

# of expected passes		1450
# of expected failures		2
# of unsupported tests		86

Running target unix/-m64

		=== obj-c++ Summary for unix/-m64 ===

# of expected passes		1442
# of expected failures		10
# of unsupported tests		86

		=== obj-c++ Summary ===

# of expected passes		2892
# of expected failures		12
# of unsupported tests		172
/var/gcc/regression/trunk/9-gcc-gas/build/gcc/testsuite/obj-c++/../../g++  version 4.8.0 20120323 (experimental) [trunk revision 185741] (GCC) 

		=== objc tests ===


Running target unix

		=== objc Summary for unix ===

# of expected passes		2994
# of unsupported tests		74

Running target unix/-m64

		=== objc Summary for unix/-m64 ===

# of expected passes		2994
# of unsupported tests		74

		=== objc Summary ===

# of expected passes		5988
# of unsupported tests		148
/var/gcc/regression/trunk/9-gcc-gas/build/gcc/xgcc  version 4.8.0 20120323 (experimental) [trunk revision 185741] (GCC) 

		=== boehm-gc tests ===


Running target unix

		=== boehm-gc Summary for unix ===

# of expected passes		12
# of unsupported tests		1

Running target unix/-m64

		=== boehm-gc Summary for unix/-m64 ===

# of expected passes		12
# of unsupported tests		1

		=== boehm-gc Summary ===

# of expected passes		24
# of unsupported tests		2
		=== libffi tests ===


Running target unix

		=== libffi Summary for unix ===

# of expected passes		1659
# of unsupported tests		55

Running target unix/-m64

		=== libffi Summary for unix/-m64 ===

# of expected passes		1659
# of unsupported tests		55

		=== libffi Summary ===

# of expected passes		3318
# of unsupported tests		110
		=== libgo tests ===


Running target unix
FAIL: math
FAIL: net
FAIL: time
FAIL: crypto/rand
FAIL: net/http
FAIL: net/http/httputil
FAIL: text/template
FAIL: testing/quick

		=== libgo Summary for unix ===

# of expected passes		115
# of unexpected failures	8

Running target unix/-m64
FAIL: log
FAIL: math
FAIL: net
FAIL: time
FAIL: crypto/rand
FAIL: net/http
FAIL: net/http/httputil

		=== libgo Summary for unix/-m64 ===

# of expected passes		116
# of unexpected failures	7

		=== libgo Summary ===

# of expected passes		231
# of unexpected failures	15
		=== libgomp tests ===


Running target unix

		=== libgomp Summary for unix ===

# of expected passes		2978
# of unsupported tests		10

Running target unix/-m64

		=== libgomp Summary for unix/-m64 ===

# of expected passes		2978
# of unsupported tests		10

		=== libgomp Summary ===

# of expected passes		5956
# of unsupported tests		20
		=== libitm tests ===


Running target unix

		=== libitm Summary for unix ===

# of expected passes		26
# of expected failures		3
# of unsupported tests		1

Running target unix/-m64

		=== libitm Summary for unix/-m64 ===

# of expected passes		26
# of expected failures		3
# of unsupported tests		1

		=== libitm Summary ===

# of expected passes		52
# of expected failures		6
# of unsupported tests		2
		=== libjava tests ===


Running target unix

		=== libjava Summary for unix ===

# of expected passes		2574

Running target unix/-m64
WARNING: program timed out.
FAIL: err7 -O3 -findirect-dispatch compilation from source

		=== libjava Summary for unix/-m64 ===

# of expected passes		2571
# of unexpected failures	1
# of untested testcases		2

		=== libjava Summary ===

# of expected passes		5145
# of unexpected failures	1
# of untested testcases		2
		=== libstdc++ tests ===


Running target unix

		=== libstdc++ Summary for unix ===

# of expected passes		7314
# of expected failures		45
# of unsupported tests		828

Running target unix/-m64

		=== libstdc++ Summary for unix/-m64 ===

# of expected passes		7314
# of expected failures		45
# of unsupported tests		828

		=== libstdc++ Summary ===

# of expected passes		14628
# of expected failures		90
# of unsupported tests		1656

Compiler version: 4.8.0 20120323 (experimental) [trunk revision 185741] (GCC) 
Platform: sparc-sun-solaris2.9
configure flags: --prefix=/vol/gcc --target=sparc-sun-solaris2.9 --enable-objc-gc --with-host-libstdcxx='-L/vol/gcc-4.4/lib -Wl,-Bstatic -lstdc++ -Wl,-Bdynamic -lm' --with-boot-ldflags='-static-libstdc++ -static-libgcc -L/vol/gcc-4.4/lib' --with-as=/vol/gcc/bin/gas-2.22 --with-gnu-as --with-gmp-include=/vol/gcc/include --with-gmp-lib=/vol/gcc/lib --with-mpfr-include=/vol/gcc/include --with-mpfr-lib=/vol/gcc/lib --with-mpc-include=/vol/gcc/include --with-mpc-lib=/vol/gcc/lib --enable-languages=all,ada,obj-c++,go --with-ppl-include=/vol/gcc/include --with-ppl-lib=/vol/gcc/lib --with-cloog-include=/vol/gcc/include --with-cloog-lib=/vol/gcc/lib --enable-cloog-backend=ppl
BOOT_CFLAGS=-g -O2


Index Nav: [Date Index] [Subject Index] [Author Index] [Thread Index]
Message Nav: [Date Prev] [Date Next] [Thread Prev] [Thread Next]