This is the mail archive of the gcc-testresults@gcc.gnu.org mailing list for the GCC project.


Index Nav: [Date Index] [Subject Index] [Author Index] [Thread Index]
Message Nav: [Date Prev] [Date Next] [Thread Prev] [Thread Next]
Other format: [Raw text]

Results for 4.7.0 (Blastwave.org Inc. Fri Mar 23 12:41:17 GMT 2012) testsuite on sparc-sun-solaris2.8


mimas-sparc-SunOS5.8 $ date
Mon Mar 26 09:45:23 GMT 2012
mimas-sparc-SunOS5.8 $
mimas-sparc-SunOS5.8 $ uname -a
SunOS mimas 5.8 Generic_127721-03 sun4u sparc SUNW,UltraAX-i2 Solaris
mimas-sparc-SunOS5.8 $
mimas-sparc-SunOS5.8 $ cat /etc/release
                       Solaris 8 2/04 s28s_hw4wos_05a SPARC
           Copyright 2004 Sun Microsystems, Inc.  All Rights Reserved.
                            Assembled 08 January 2004
mimas-sparc-SunOS5.8 $
mimas-sparc-SunOS5.8 $ which gcc
/opt/bw/bin/gcc
mimas-sparc-SunOS5.8 $ gcc --version
gcc (Blastwave.org Inc. Thu Mar  1 21:07:19 GMT 2012) 4.6.3
Copyright (C) 2011 Free Software Foundation, Inc.
This is free software; see the source for copying conditions.  There is NO
warranty; not even for MERCHANTABILITY or FITNESS FOR A PARTICULAR PURPOSE.

mimas-sparc-SunOS5.8 $
mimas-sparc-SunOS5.8 $ which as
/usr/ccs/bin/as
mimas-sparc-SunOS5.8 $ which ld
/usr/ccs/bin/ld

mimas-sparc-SunOS5.8 $ ../../bw/src/gcc-4.7.0/contrib/test_summary
cat <<'EOF' |
LAST_UPDATED: Obtained from SVN: tags/gcc_4_7_0_release revision 185675

                === acats tests ===

                === acats Summary ===
# of expected passes            2320
# of unexpected failures        0
Native configuration is sparc-sun-solaris2.8

                === g++ tests ===


Running target unix
FAIL: g++.dg/torture/pr31863.C  -O2 -flto  (test for excess errors)

                === g++ Summary ===

# of expected passes            45912
# of unexpected failures        1
# of expected failures          290
# of unsupported tests          820
/opt/gcc-build/gcc-4.7.0-SunOS5.8-sparc/gcc/testsuite/g++/../../g++  version
4.7.0 (Blastwave.org Inc. Fri Mar 23 12:41:17 GMT 2012)

                === gcc tests ===


Running target unix

                === gcc Summary ===

# of expected passes            74612
# of expected failures          316
# of unsupported tests          1665
/opt/gcc-build/gcc-4.7.0-SunOS5.8-sparc/gcc/xgcc  version 4.7.0 (Blastwave.org
Inc. Fri Mar 23 12:41:17 GMT 2012)

                === gfortran tests ===


Running target unix

                === gfortran Summary ===

# of expected passes            40093
# of expected failures          44
# of unsupported tests          420
/opt/gcc-build/gcc-4.7.0-SunOS5.8-sparc/gcc/testsuite/gfortran/../../gfortran 
version 4.7.0 (Blastwave.org Inc. Fri Mar 23 12:41:17 GMT 2012)

                === gnat tests ===


Running target unix

                === gnat Summary ===

# of expected passes            1064
# of expected failures          13
# of unsupported tests          12
/opt/gcc-build/gcc-4.7.0-SunOS5.8-sparc/gcc/gnatmake version 4.7.0

                === objc tests ===


Running target unix

                === objc Summary ===

# of expected passes            2994
# of unsupported tests          74
/opt/gcc-build/gcc-4.7.0-SunOS5.8-sparc/gcc/xgcc  version 4.7.0 (Blastwave.org
Inc. Fri Mar 23 12:41:17 GMT 2012)

                === libgomp tests ===


Running target unix

                === libgomp Summary ===

# of expected passes            2930
# of unsupported tests          10
                === libitm tests ===


Running target unix

                === libitm Summary ===

# of expected passes            26
# of expected failures          3
# of unsupported tests          1
                === libstdc++ tests ===


Running target unix

                === libstdc++ Summary ===

# of expected passes            7612
# of expected failures          45
# of unsupported tests          632

Compiler version: 4.7.0 (Blastwave.org Inc. Fri Mar 23 12:41:17 GMT 2012)
Platform: sparc-sun-solaris2.8
configure flags: --host=sparc-sun-solaris2.8 --build=sparc-sun-solaris2.8
--enable-obsolete --with-as=/usr/ccs/bin/as --without-gnu-ld
--with-ld=/usr/ccs/bin/ld --enable-multilib --enable-nls
--enable-threads=posix --prefix=/opt/bw --enable-shared
--libdir=/opt/bw/lib/sparcv8 --with-gmp-include=/opt/bw/include
--with-gmp-lib=/opt/bw/lib/sparcv8 --with-mpfr-include=/opt/bw/include
--with-mpfr-lib=/opt/bw/lib/sparcv8 --with-mpc-include=/opt/bw/include
--with-mpc-lib=/opt/bw/lib/sparcv8 --libexecdir=/opt/bw/lib
--with-gxx-include-dir=/opt/bw/include --with-local-prefix=/opt/bw/include
--with-pkgversion='Blastwave.org Inc. Fri Mar 23 12:41:17 GMT 2012'
--with-bugurl=http://www.blastwave.org/support
--enable-languages=c,c++,objc,fortran,ada --enable-bootstrap
EOF


-- 
--
http://pgp.mit.edu:11371/pks/lookup?op=vindex&search=0x1D936C72FA35B44B
+-------------------------+-----------------------------------+
| Dennis Clarke           | Solaris and Linux and Open Source |
| dclarke@blastwave.org   | Respect for open standards.       |
+-------------------------+-----------------------------------+


Index Nav: [Date Index] [Subject Index] [Author Index] [Thread Index]
Message Nav: [Date Prev] [Date Next] [Thread Prev] [Thread Next]