This is the mail archive of the
gcc-testresults@gcc.gnu.org
mailing list for the GCC project.
Results for 4.8.0 20120324 (experimental) (GCC) testsuite on s390x-ibm-linux-gnu default
- From: Andreas Krebbel <Andreas dot Krebbel at de dot ibm dot com>
- To: gcc-testresults at gcc dot gnu dot org
- Date: Sun, 25 Mar 2012 03:36:31 +0200
- Subject: Results for 4.8.0 20120324 (experimental) (GCC) testsuite on s390x-ibm-linux-gnu default
LAST_UPDATED: Sat Mar 24 18:20:21 UTC 2012 (revision 185763)
=== acats tests ===
Running chapter a ...
Running chapter c2 ...
Running chapter c3 ...
Running chapter c4 ...
Running chapter c5 ...
FAIL: c52103x
FAIL: c52104x
FAIL: c52104y
Running chapter c6 ...
Running chapter c7 ...
Running chapter c8 ...
Running chapter c9 ...
Running chapter ca ...
Running chapter cb ...
FAIL: cb1010a
Running chapter cc ...
Running chapter cd ...
Running chapter ce ...
Running chapter cxa ...
Running chapter cxb ...
Running chapter cxf ...
Running chapter cxg ...
Running chapter cxh ...
Running chapter cz ...
Running chapter d ...
Running chapter e ...
Running chapter gcc ...
Running chapter l ...
=== acats Summary ===
# of expected passes 2316
# of unexpected failures 4
Native configuration is s390x-ibm-linux-gnu default
=== g++ tests ===
Running target unix
Running /gcc/testsuite/g++.dg/bprob/bprob.exp ...
Running /gcc/testsuite/g++.dg/charset/charset.exp ...
Running /gcc/testsuite/g++.dg/compat/compat.exp ...
Running /gcc/testsuite/g++.dg/compat/struct-layout-1.exp ...
Running /gcc/testsuite/g++.dg/debug/debug.exp ...
Running /gcc/testsuite/g++.dg/debug/dwarf2/dwarf2.exp ...
Running /gcc/testsuite/g++.dg/dfp/dfp.exp ...
Running /gcc/testsuite/g++.dg/dg.exp ...
Running /gcc/testsuite/g++.dg/gcov/gcov.exp ...
Running /gcc/testsuite/g++.dg/gomp/gomp.exp ...
Running /gcc/testsuite/g++.dg/graphite/graphite.exp ...
Running /gcc/testsuite/g++.dg/guality/guality.exp ...
Running /gcc/testsuite/g++.dg/lto/lto.exp ...
Running /gcc/testsuite/g++.dg/pch/pch.exp ...
Running /gcc/testsuite/g++.dg/plugin/plugin.exp ...
Running /gcc/testsuite/g++.dg/simulate-thread/simulate-thread.exp ...
Running /gcc/testsuite/g++.dg/special/ecos.exp ...
Running /gcc/testsuite/g++.dg/tls/tls.exp ...
Running /gcc/testsuite/g++.dg/tm/tm.exp ...
Running /gcc/testsuite/g++.dg/torture/dg-torture.exp ...
Running /gcc/testsuite/g++.dg/torture/stackalign/stackalign.exp ...
Running /gcc/testsuite/g++.dg/tree-prof/tree-prof.exp ...
Running /gcc/testsuite/g++.dg/vect/vect.exp ...
Running /gcc/testsuite/g++.old-deja/old-deja.exp ...
=== g++ Summary ===
# of expected passes 48369
# of expected failures 286
# of unsupported tests 651
-default/gcc/testsuite/g++/../../g++ version 4.8.0 20120324 (experimental) (GCC)
=== gcc tests ===
Running target unix
Running /gcc/testsuite/gcc.c-torture/compile/compile.exp ...
Running /gcc/testsuite/gcc.c-torture/execute/builtins/builtins.exp ...
Running /gcc/testsuite/gcc.c-torture/execute/execute.exp ...
Running /gcc/testsuite/gcc.c-torture/execute/ieee/ieee.exp ...
Running /gcc/testsuite/gcc.c-torture/unsorted/unsorted.exp ...
Running /gcc/testsuite/gcc.dg/autopar/autopar.exp ...
Running /gcc/testsuite/gcc.dg/charset/charset.exp ...
Running /gcc/testsuite/gcc.dg/compat/compat.exp ...
Running /gcc/testsuite/gcc.dg/compat/struct-layout-1.exp ...
Running /gcc/testsuite/gcc.dg/cpp/cpp.exp ...
Running /gcc/testsuite/gcc.dg/cpp/trad/trad.exp ...
Running /gcc/testsuite/gcc.dg/debug/debug.exp ...
Running /gcc/testsuite/gcc.dg/debug/dwarf2/dwarf2.exp ...
Running /gcc/testsuite/gcc.dg/dfp/dfp.exp ...
Running /gcc/testsuite/gcc.dg/dg.exp ...
FAIL: gcc.dg/uninit-13.c unconditional (test for warnings, line 8)
FAIL: gcc.dg/uninit-13.c (test for excess errors)
Running /gcc/testsuite/gcc.dg/fixed-point/fixed-point.exp ...
Running /gcc/testsuite/gcc.dg/format/format.exp ...
Running /gcc/testsuite/gcc.dg/gomp/gomp.exp ...
Running /gcc/testsuite/gcc.dg/graphite/graphite.exp ...
Running /gcc/testsuite/gcc.dg/guality/guality.exp ...
XPASS: gcc.dg/guality/example.c -O0 execution test
XPASS: gcc.dg/guality/example.c -O1 execution test
XPASS: gcc.dg/guality/example.c -O2 execution test
XPASS: gcc.dg/guality/example.c -Os execution test
XPASS: gcc.dg/guality/example.c -O2 -flto -flto-partition=none execution test
XPASS: gcc.dg/guality/example.c -O2 -flto execution test
XPASS: gcc.dg/guality/guality.c -O0 execution test
XPASS: gcc.dg/guality/guality.c -O1 execution test
XPASS: gcc.dg/guality/guality.c -O2 execution test
XPASS: gcc.dg/guality/guality.c -O3 -fomit-frame-pointer execution test
XPASS: gcc.dg/guality/guality.c -O3 -g execution test
XPASS: gcc.dg/guality/guality.c -Os execution test
XPASS: gcc.dg/guality/guality.c -O2 -flto -flto-partition=none execution test
XPASS: gcc.dg/guality/guality.c -O2 -flto execution test
XPASS: gcc.dg/guality/inline-params.c -O2 execution test
XPASS: gcc.dg/guality/inline-params.c -O3 -fomit-frame-pointer execution test
XPASS: gcc.dg/guality/inline-params.c -O3 -g execution test
XPASS: gcc.dg/guality/inline-params.c -Os execution test
XPASS: gcc.dg/guality/inline-params.c -O2 -flto -flto-partition=none execution test
XPASS: gcc.dg/guality/inline-params.c -O2 -flto execution test
XPASS: gcc.dg/guality/pr41353-1.c -O0 line 28 j == 28 + 37
FAIL: gcc.dg/guality/pr41353-1.c -O1 line 28 i == 37
XPASS: gcc.dg/guality/pr41353-1.c -O1 line 28 j == 28 + 37
FAIL: gcc.dg/guality/pr41353-1.c -O1 line 28 i1 == 2 * 37
FAIL: gcc.dg/guality/pr41353-1.c -O1 line 28 i2 == 3 * 37
FAIL: gcc.dg/guality/pr41353-1.c -O2 line 28 i == 37
XPASS: gcc.dg/guality/pr41353-1.c -O2 line 28 j == 28 + 37
FAIL: gcc.dg/guality/pr41353-1.c -O2 line 28 i1 == 2 * 37
FAIL: gcc.dg/guality/pr41353-1.c -O2 line 28 i2 == 3 * 37
FAIL: gcc.dg/guality/pr41353-1.c -O3 -fomit-frame-pointer line 28 i == 37
XPASS: gcc.dg/guality/pr41353-1.c -O3 -fomit-frame-pointer line 28 j == 28 + 37
FAIL: gcc.dg/guality/pr41353-1.c -O3 -fomit-frame-pointer line 28 i1 == 2 * 37
FAIL: gcc.dg/guality/pr41353-1.c -O3 -fomit-frame-pointer line 28 i2 == 3 * 37
FAIL: gcc.dg/guality/pr41353-1.c -O3 -g line 28 i == 37
XPASS: gcc.dg/guality/pr41353-1.c -O3 -g line 28 j == 28 + 37
FAIL: gcc.dg/guality/pr41353-1.c -O3 -g line 28 i1 == 2 * 37
FAIL: gcc.dg/guality/pr41353-1.c -O3 -g line 28 i2 == 3 * 37
FAIL: gcc.dg/guality/pr41353-1.c -Os line 28 i == 37
XPASS: gcc.dg/guality/pr41353-1.c -Os line 28 j == 28 + 37
FAIL: gcc.dg/guality/pr41353-1.c -Os line 28 i1 == 2 * 37
FAIL: gcc.dg/guality/pr41353-1.c -Os line 28 i2 == 3 * 37
FAIL: gcc.dg/guality/pr41353-1.c -O2 -flto -flto-partition=none line 28 i == 37
XPASS: gcc.dg/guality/pr41353-1.c -O2 -flto -flto-partition=none line 28 j == 28 + 37
FAIL: gcc.dg/guality/pr41353-1.c -O2 -flto -flto-partition=none line 28 i1 == 2 * 37
FAIL: gcc.dg/guality/pr41353-1.c -O2 -flto -flto-partition=none line 28 i2 == 3 * 37
FAIL: gcc.dg/guality/pr41353-1.c -O2 -flto line 28 i == 37
XPASS: gcc.dg/guality/pr41353-1.c -O2 -flto line 28 j == 28 + 37
FAIL: gcc.dg/guality/pr41353-1.c -O2 -flto line 28 i1 == 2 * 37
FAIL: gcc.dg/guality/pr41353-1.c -O2 -flto line 28 i2 == 3 * 37
XPASS: gcc.dg/guality/pr41447-1.c -O0 execution test
XPASS: gcc.dg/guality/pr41447-1.c -O1 execution test
XPASS: gcc.dg/guality/pr41447-1.c -O2 execution test
XPASS: gcc.dg/guality/pr41447-1.c -O3 -fomit-frame-pointer execution test
XPASS: gcc.dg/guality/pr41447-1.c -O3 -g execution test
XPASS: gcc.dg/guality/pr41447-1.c -Os execution test
XPASS: gcc.dg/guality/pr41447-1.c -O2 -flto -flto-partition=none execution test
XPASS: gcc.dg/guality/pr41447-1.c -O2 -flto execution test
XPASS: gcc.dg/guality/pr41616-1.c -O0 execution test
XPASS: gcc.dg/guality/pr41616-1.c -O1 execution test
XPASS: gcc.dg/guality/pr41616-1.c -O2 execution test
XPASS: gcc.dg/guality/pr41616-1.c -O3 -fomit-frame-pointer execution test
XPASS: gcc.dg/guality/pr41616-1.c -O3 -g execution test
XPASS: gcc.dg/guality/pr41616-1.c -Os execution test
XPASS: gcc.dg/guality/pr41616-1.c -O2 -flto -flto-partition=none execution test
XPASS: gcc.dg/guality/pr41616-1.c -O2 -flto execution test
FAIL: gcc.dg/guality/pr43051-1.c -O1 line 35 v == 1
FAIL: gcc.dg/guality/pr43051-1.c -O1 line 40 v == 1
FAIL: gcc.dg/guality/pr43051-1.c -O2 line 35 v == 1
FAIL: gcc.dg/guality/pr43051-1.c -O2 line 40 v == 1
FAIL: gcc.dg/guality/pr43051-1.c -O3 -fomit-frame-pointer line 35 v == 1
FAIL: gcc.dg/guality/pr43051-1.c -O3 -fomit-frame-pointer line 40 v == 1
FAIL: gcc.dg/guality/pr43051-1.c -O3 -fomit-frame-pointer -funroll-loops line 35 v == 1
FAIL: gcc.dg/guality/pr43051-1.c -O3 -fomit-frame-pointer -funroll-loops line 40 v == 1
FAIL: gcc.dg/guality/pr43051-1.c -O3 -fomit-frame-pointer -funroll-all-loops -finline-functions line 35 v == 1
FAIL: gcc.dg/guality/pr43051-1.c -O3 -fomit-frame-pointer -funroll-all-loops -finline-functions line 40 v == 1
FAIL: gcc.dg/guality/pr43051-1.c -O3 -g line 35 v == 1
FAIL: gcc.dg/guality/pr43051-1.c -O3 -g line 40 v == 1
FAIL: gcc.dg/guality/pr43051-1.c -Os line 35 v == 1
FAIL: gcc.dg/guality/pr43051-1.c -Os line 40 v == 1
FAIL: gcc.dg/guality/pr43051-1.c -O2 -flto -flto-partition=none line 35 v == 1
FAIL: gcc.dg/guality/pr43051-1.c -O2 -flto -flto-partition=none line 40 v == 1
FAIL: gcc.dg/guality/pr43051-1.c -O2 -flto line 35 v == 1
FAIL: gcc.dg/guality/pr43051-1.c -O2 -flto line 40 v == 1
FAIL: gcc.dg/guality/pr43077-1.c -O0 line 42 b == 2
FAIL: gcc.dg/guality/pr43077-1.c -O0 line 42 c == 3
FAIL: gcc.dg/guality/pr43077-1.c -O0 line 42 varb == 2
FAIL: gcc.dg/guality/pr43077-1.c -O0 line 42 varc == 3
FAIL: gcc.dg/guality/pr43077-1.c -O1 line 42 b == 2
FAIL: gcc.dg/guality/pr43077-1.c -O1 line 42 varb == 2
FAIL: gcc.dg/guality/pr43077-1.c -O2 line 42 b == 2
FAIL: gcc.dg/guality/pr43077-1.c -O2 line 42 varb == 2
FAIL: gcc.dg/guality/pr43077-1.c -O3 -fomit-frame-pointer line 42 b == 2
FAIL: gcc.dg/guality/pr43077-1.c -O3 -fomit-frame-pointer line 42 varb == 2
FAIL: gcc.dg/guality/pr43077-1.c -O3 -g line 42 b == 2
FAIL: gcc.dg/guality/pr43077-1.c -O3 -g line 42 varb == 2
FAIL: gcc.dg/guality/pr43077-1.c -Os line 42 b == 2
FAIL: gcc.dg/guality/pr43077-1.c -Os line 42 varb == 2
FAIL: gcc.dg/guality/pr43077-1.c -O2 -flto -flto-partition=none line 42 b == 2
FAIL: gcc.dg/guality/pr43077-1.c -O2 -flto -flto-partition=none line 42 varb == 2
FAIL: gcc.dg/guality/pr43077-1.c -O2 -flto line 42 b == 2
FAIL: gcc.dg/guality/pr43077-1.c -O2 -flto line 42 varb == 2
FAIL: gcc.dg/guality/sra-1.c -O1 line 43 a.i == 4
FAIL: gcc.dg/guality/sra-1.c -O1 line 43 a.j == 14
FAIL: gcc.dg/guality/sra-1.c -O2 line 43 a.i == 4
FAIL: gcc.dg/guality/sra-1.c -O2 line 43 a.j == 14
FAIL: gcc.dg/guality/sra-1.c -O3 -fomit-frame-pointer line 43 a.i == 4
FAIL: gcc.dg/guality/sra-1.c -O3 -fomit-frame-pointer line 43 a.j == 14
FAIL: gcc.dg/guality/sra-1.c -O3 -g line 43 a.i == 4
FAIL: gcc.dg/guality/sra-1.c -O3 -g line 43 a.j == 14
FAIL: gcc.dg/guality/sra-1.c -Os line 43 a.i == 4
FAIL: gcc.dg/guality/sra-1.c -Os line 43 a.j == 14
FAIL: gcc.dg/guality/sra-1.c -O2 -flto -flto-partition=none line 43 a.i == 4
FAIL: gcc.dg/guality/sra-1.c -O2 -flto -flto-partition=none line 43 a.j == 14
FAIL: gcc.dg/guality/sra-1.c -O2 -flto line 43 a.i == 4
FAIL: gcc.dg/guality/sra-1.c -O2 -flto line 43 a.j == 14
FAIL: gcc.dg/guality/vla-1.c -O0 line 17 sizeof (a) == 6
FAIL: gcc.dg/guality/vla-1.c -O0 line 24 sizeof (a) == 17 * sizeof (short)
FAIL: gcc.dg/guality/vla-1.c -O1 line 17 sizeof (a) == 6
FAIL: gcc.dg/guality/vla-1.c -O1 line 24 sizeof (a) == 17 * sizeof (short)
FAIL: gcc.dg/guality/vla-1.c -O2 line 17 sizeof (a) == 6
FAIL: gcc.dg/guality/vla-1.c -O2 line 24 sizeof (a) == 17 * sizeof (short)
FAIL: gcc.dg/guality/vla-1.c -O3 -fomit-frame-pointer line 17 sizeof (a) == 6
FAIL: gcc.dg/guality/vla-1.c -O3 -fomit-frame-pointer line 24 sizeof (a) == 17 * sizeof (short)
FAIL: gcc.dg/guality/vla-1.c -O3 -g line 17 sizeof (a) == 6
FAIL: gcc.dg/guality/vla-1.c -O3 -g line 24 sizeof (a) == 17 * sizeof (short)
FAIL: gcc.dg/guality/vla-1.c -Os line 17 sizeof (a) == 6
FAIL: gcc.dg/guality/vla-1.c -Os line 24 sizeof (a) == 17 * sizeof (short)
FAIL: gcc.dg/guality/vla-1.c -O2 -flto -flto-partition=none line 17 sizeof (a) == 6
FAIL: gcc.dg/guality/vla-1.c -O2 -flto -flto-partition=none line 24 sizeof (a) == 17 * sizeof (short)
FAIL: gcc.dg/guality/vla-1.c -O2 -flto line 17 sizeof (a) == 6
FAIL: gcc.dg/guality/vla-1.c -O2 -flto line 24 sizeof (a) == 17 * sizeof (short)
FAIL: gcc.dg/guality/vla-2.c -O0 line 16 sizeof (a) == 5 * sizeof (int)
FAIL: gcc.dg/guality/vla-2.c -O0 line 25 sizeof (a) == 6 * sizeof (int)
FAIL: gcc.dg/guality/vla-2.c -O1 line 16 sizeof (a) == 5 * sizeof (int)
FAIL: gcc.dg/guality/vla-2.c -O1 line 25 sizeof (a) == 6 * sizeof (int)
FAIL: gcc.dg/guality/vla-2.c -O2 line 16 sizeof (a) == 5 * sizeof (int)
FAIL: gcc.dg/guality/vla-2.c -O2 line 25 sizeof (a) == 6 * sizeof (int)
FAIL: gcc.dg/guality/vla-2.c -O3 -fomit-frame-pointer line 16 sizeof (a) == 5 * sizeof (int)
FAIL: gcc.dg/guality/vla-2.c -O3 -fomit-frame-pointer line 25 sizeof (a) == 6 * sizeof (int)
FAIL: gcc.dg/guality/vla-2.c -O3 -g line 16 sizeof (a) == 5 * sizeof (int)
FAIL: gcc.dg/guality/vla-2.c -O3 -g line 25 sizeof (a) == 6 * sizeof (int)
FAIL: gcc.dg/guality/vla-2.c -Os line 16 sizeof (a) == 5 * sizeof (int)
FAIL: gcc.dg/guality/vla-2.c -Os line 25 sizeof (a) == 6 * sizeof (int)
FAIL: gcc.dg/guality/vla-2.c -O2 -flto -flto-partition=none line 16 sizeof (a) == 5 * sizeof (int)
FAIL: gcc.dg/guality/vla-2.c -O2 -flto -flto-partition=none line 25 sizeof (a) == 6 * sizeof (int)
FAIL: gcc.dg/guality/vla-2.c -O2 -flto line 16 sizeof (a) == 5 * sizeof (int)
FAIL: gcc.dg/guality/vla-2.c -O2 -flto line 25 sizeof (a) == 6 * sizeof (int)
Running /gcc/testsuite/gcc.dg/ipa/ipa.exp ...
Running /gcc/testsuite/gcc.dg/lto/lto.exp ...
Running /gcc/testsuite/gcc.dg/matrix/matrix.exp ...
Running /gcc/testsuite/gcc.dg/noncompile/noncompile.exp ...
Running /gcc/testsuite/gcc.dg/pch/pch.exp ...
Running /gcc/testsuite/gcc.dg/plugin/plugin.exp ...
Running /gcc/testsuite/gcc.dg/simulate-thread/simulate-thread.exp ...
Running /gcc/testsuite/gcc.dg/special/mips-abi.exp ...
Running /gcc/testsuite/gcc.dg/special/special.exp ...
Running /gcc/testsuite/gcc.dg/tls/tls.exp ...
Running /gcc/testsuite/gcc.dg/tm/tm.exp ...
Running /gcc/testsuite/gcc.dg/torture/dg-torture.exp ...
FAIL: gcc.dg/torture/pr51106-2.c -O0 (internal compiler error)
FAIL: gcc.dg/torture/pr51106-2.c -O0 (test for excess errors)
FAIL: gcc.dg/torture/pr51106-2.c -O1 (internal compiler error)
FAIL: gcc.dg/torture/pr51106-2.c -O1 (test for excess errors)
FAIL: gcc.dg/torture/pr51106-2.c -O2 (internal compiler error)
FAIL: gcc.dg/torture/pr51106-2.c -O2 (test for excess errors)
FAIL: gcc.dg/torture/pr51106-2.c -O3 -fomit-frame-pointer (internal compiler error)
FAIL: gcc.dg/torture/pr51106-2.c -O3 -fomit-frame-pointer (test for excess errors)
FAIL: gcc.dg/torture/pr51106-2.c -O3 -g (internal compiler error)
FAIL: gcc.dg/torture/pr51106-2.c -O3 -g (test for excess errors)
FAIL: gcc.dg/torture/pr51106-2.c -Os (internal compiler error)
FAIL: gcc.dg/torture/pr51106-2.c -Os (test for excess errors)
FAIL: gcc.dg/torture/pr51106-2.c -O2 -flto -flto-partition=none (internal compiler error)
FAIL: gcc.dg/torture/pr51106-2.c -O2 -flto -flto-partition=none (test for excess errors)
FAIL: gcc.dg/torture/pr51106-2.c -O2 -flto (internal compiler error)
FAIL: gcc.dg/torture/pr51106-2.c -O2 -flto (test for excess errors)
Running /gcc/testsuite/gcc.dg/torture/stackalign/stackalign.exp ...
Running /gcc/testsuite/gcc.dg/torture/tls/tls.exp ...
Running /gcc/testsuite/gcc.dg/tree-prof/tree-prof.exp ...
Running /gcc/testsuite/gcc.dg/tree-ssa/tree-ssa.exp ...
XPASS: gcc.dg/tree-ssa/20040204-1.c scan-tree-dump-times optimized "link_error" 0
Running /gcc/testsuite/gcc.dg/vect/costmodel/i386/i386-costmodel-vect.exp ...
Running /gcc/testsuite/gcc.dg/vect/costmodel/ppc/ppc-costmodel-vect.exp ...
Running /gcc/testsuite/gcc.dg/vect/costmodel/spu/spu-costmodel-vect.exp ...
Running /gcc/testsuite/gcc.dg/vect/costmodel/x86_64/x86_64-costmodel-vect.exp ...
Running /gcc/testsuite/gcc.dg/vect/vect.exp ...
Running /gcc/testsuite/gcc.dg/vmx/vmx.exp ...
Running /gcc/testsuite/gcc.dg/vxworks/vxworks.exp ...
Running /gcc/testsuite/gcc.dg/weak/weak.exp ...
Running /gcc/testsuite/gcc.misc-tests/acker1.exp ...
Running /gcc/testsuite/gcc.misc-tests/arm-isr.exp ...
Running /gcc/testsuite/gcc.misc-tests/bprob.exp ...
Running /gcc/testsuite/gcc.misc-tests/dectest.exp ...
Running /gcc/testsuite/gcc.misc-tests/dhry.exp ...
Running /gcc/testsuite/gcc.misc-tests/gcov.exp ...
Running /gcc/testsuite/gcc.misc-tests/help.exp ...
Running /gcc/testsuite/gcc.misc-tests/i386-prefetch.exp ...
Running /gcc/testsuite/gcc.misc-tests/linkage.exp ...
Running /gcc/testsuite/gcc.misc-tests/matrix1.exp ...
Running /gcc/testsuite/gcc.misc-tests/mg-2.exp ...
Running /gcc/testsuite/gcc.misc-tests/mg.exp ...
Running /gcc/testsuite/gcc.misc-tests/options.exp ...
Running /gcc/testsuite/gcc.misc-tests/sieve.exp ...
Running /gcc/testsuite/gcc.misc-tests/sort2.exp ...
Running /gcc/testsuite/gcc.target/alpha/alpha.exp ...
Running /gcc/testsuite/gcc.target/arm/aapcs/aapcs.exp ...
Running /gcc/testsuite/gcc.target/arm/arm.exp ...
Running /gcc/testsuite/gcc.target/arm/neon/neon.exp ...
Running /gcc/testsuite/gcc.target/avr/avr.exp ...
Running /gcc/testsuite/gcc.target/avr/torture/avr-torture.exp ...
Running /gcc/testsuite/gcc.target/bfin/bfin.exp ...
Running /gcc/testsuite/gcc.target/bfin/builtins/bfin-builtins.exp ...
Running /gcc/testsuite/gcc.target/cris/cris.exp ...
Running /gcc/testsuite/gcc.target/cris/torture/cris-torture.exp ...
Running /gcc/testsuite/gcc.target/epiphany/epiphany.exp ...
Running /gcc/testsuite/gcc.target/frv/frv.exp ...
Running /gcc/testsuite/gcc.target/i386/i386.exp ...
Running /gcc/testsuite/gcc.target/i386/math-torture/math-torture.exp ...
Running /gcc/testsuite/gcc.target/i386/stackalign/stackalign.exp ...
Running /gcc/testsuite/gcc.target/ia64/ia64.exp ...
Running /gcc/testsuite/gcc.target/m68k/m68k.exp ...
Running /gcc/testsuite/gcc.target/microblaze/microblaze.exp ...
Running /gcc/testsuite/gcc.target/mips/inter/mips16-inter.exp ...
Running /gcc/testsuite/gcc.target/mips/mips-nonpic/mips-nonpic.exp ...
Running /gcc/testsuite/gcc.target/mips/mips.exp ...
Running /gcc/testsuite/gcc.target/powerpc/powerpc.exp ...
Running /gcc/testsuite/gcc.target/rx/rx.exp ...
Running /gcc/testsuite/gcc.target/s390/s390.exp ...
Running /gcc/testsuite/gcc.target/sh/sh.exp ...
Running /gcc/testsuite/gcc.target/sparc/sparc.exp ...
Running /gcc/testsuite/gcc.target/spu/ea/ea.exp ...
Running /gcc/testsuite/gcc.target/spu/spu.exp ...
Running /gcc/testsuite/gcc.target/tic6x/builtins/c6x-builtins.exp ...
Running /gcc/testsuite/gcc.target/tic6x/tic6x.exp ...
Running /gcc/testsuite/gcc.target/x86_64/abi/abi-x86_64.exp ...
Running /gcc/testsuite/gcc.target/x86_64/abi/avx/abi-avx.exp ...
Running /gcc/testsuite/gcc.target/x86_64/abi/callabi/callabi.exp ...
Running /gcc/testsuite/gcc.target/xstormy16/xstormy16.exp ...
Running /gcc/testsuite/gcc.test-framework/test-framework.exp ...
=== gcc Summary ===
# of expected passes 75907
# of unexpected failures 121
# of unexpected successes 45
# of expected failures 113
# of unsupported tests 1235
-default/gcc/xgcc version 4.8.0 20120324 (experimental) (GCC)
=== gfortran tests ===
Running target unix
Running /gcc/testsuite/gfortran.dg/coarray/caf.exp ...
Running /gcc/testsuite/gfortran.dg/debug/debug.exp ...
Running /gcc/testsuite/gfortran.dg/dg.exp ...
Running /gcc/testsuite/gfortran.dg/gomp/gomp.exp ...
Running /gcc/testsuite/gfortran.dg/graphite/graphite.exp ...
Running /gcc/testsuite/gfortran.dg/guality/guality.exp ...
Running /gcc/testsuite/gfortran.dg/lto/lto.exp ...
FAIL: gfortran.dg/lto/pr45586-2 f_lto_pr45586-2_0.o-f_lto_pr45586-2_0.o link, -O0 -flto -flto-partition=none (internal compiler error)
UNRESOLVED: gfortran.dg/lto/pr45586-2 f_lto_pr45586-2_0.o-f_lto_pr45586-2_0.o execute -O0 -flto -flto-partition=none
FAIL: gfortran.dg/lto/pr45586-2 f_lto_pr45586-2_0.o-f_lto_pr45586-2_0.o link, -O0 -flto -flto-partition=1to1 (internal compiler error)
UNRESOLVED: gfortran.dg/lto/pr45586-2 f_lto_pr45586-2_0.o-f_lto_pr45586-2_0.o execute -O0 -flto -flto-partition=1to1
FAIL: gfortran.dg/lto/pr45586-2 f_lto_pr45586-2_0.o-f_lto_pr45586-2_0.o link, -O0 -flto (internal compiler error)
UNRESOLVED: gfortran.dg/lto/pr45586-2 f_lto_pr45586-2_0.o-f_lto_pr45586-2_0.o execute -O0 -flto
FAIL: gfortran.dg/lto/pr45586 f_lto_pr45586_0.o-f_lto_pr45586_0.o link, -O0 -flto -flto-partition=none (internal compiler error)
UNRESOLVED: gfortran.dg/lto/pr45586 f_lto_pr45586_0.o-f_lto_pr45586_0.o execute -O0 -flto -flto-partition=none
FAIL: gfortran.dg/lto/pr45586 f_lto_pr45586_0.o-f_lto_pr45586_0.o link, -O0 -flto -flto-partition=1to1 (internal compiler error)
UNRESOLVED: gfortran.dg/lto/pr45586 f_lto_pr45586_0.o-f_lto_pr45586_0.o execute -O0 -flto -flto-partition=1to1
FAIL: gfortran.dg/lto/pr45586 f_lto_pr45586_0.o-f_lto_pr45586_0.o link, -O0 -flto (internal compiler error)
UNRESOLVED: gfortran.dg/lto/pr45586 f_lto_pr45586_0.o-f_lto_pr45586_0.o execute -O0 -flto
Running /gcc/testsuite/gfortran.dg/vect/vect.exp ...
Running /gcc/testsuite/gfortran.fortran-torture/compile/compile.exp ...
Running /gcc/testsuite/gfortran.fortran-torture/execute/execute.exp ...
=== gfortran Summary ===
# of expected passes 40547
# of unexpected failures 6
# of expected failures 42
# of unresolved testcases 6
# of unsupported tests 74
-default/gcc/testsuite/gfortran/../../gfortran version 4.8.0 20120324 (experimental) (GCC)
=== gnat tests ===
Running target unix
Running /gcc/testsuite/gnat.dg/dg.exp ...
FAIL: gnat.dg/return3.adb scan-assembler loc 1 6
FAIL: gnat.dg/stack_check2.adb execution test
Running /gcc/testsuite/gnat.dg/specs/specs.exp ...
Running /gcc/testsuite/gnat.dg/style/style.exp ...
=== gnat Summary ===
# of expected passes 1065
# of unexpected failures 2
# of expected failures 13
# of unsupported tests 11
-default/gcc/gnatmake version 4.8.0 20120324 (experimental)
=== obj-c++ tests ===
Running target unix
Running /gcc/testsuite/obj-c++.dg/attributes/attributes.exp ...
Running /gcc/testsuite/obj-c++.dg/dg.exp ...
Running /gcc/testsuite/obj-c++.dg/lto/lto.exp ...
Running /gcc/testsuite/obj-c++.dg/property/property.exp ...
Running /gcc/testsuite/obj-c++.dg/strings/strings.exp ...
Running /gcc/testsuite/obj-c++.dg/tls/tls.exp ...
Running /gcc/testsuite/obj-c++.dg/torture/dg-torture.exp ...
Running /gcc/testsuite/obj-c++.dg/torture/strings/strings.exp ...
Running /gcc/testsuite/obj-c++.dg/torture/tls/tls.exp ...
=== obj-c++ Summary ===
# of expected passes 1442
# of expected failures 10
# of unsupported tests 86
-default/gcc/testsuite/obj-c++/../../g++ version 4.8.0 20120324 (experimental) (GCC)
=== objc tests ===
Running target unix
Running /gcc/testsuite/objc.dg/attributes/attributes.exp ...
Running /gcc/testsuite/objc.dg/dg.exp ...
Running /gcc/testsuite/objc.dg/gnu-encoding/gnu-encoding.exp ...
Running /gcc/testsuite/objc.dg/lto/lto.exp ...
Running /gcc/testsuite/objc.dg/pch/pch.exp ...
Running /gcc/testsuite/objc.dg/property/property.exp ...
Running /gcc/testsuite/objc.dg/special/special.exp ...
Running /gcc/testsuite/objc.dg/strings/strings.exp ...
Running /gcc/testsuite/objc.dg/tls/tls.exp ...
Running /gcc/testsuite/objc.dg/torture/dg-torture.exp ...
Running /gcc/testsuite/objc.dg/torture/strings/strings.exp ...
Running /gcc/testsuite/objc.dg/torture/tls/tls.exp ...
Running /gcc/testsuite/objc/compile/compile.exp ...
Running /gcc/testsuite/objc/execute/exceptions/exceptions.exp ...
Running /gcc/testsuite/objc/execute/execute.exp ...
=== objc Summary ===
# of expected passes 2994
# of unsupported tests 74
-default/gcc/xgcc version 4.8.0 20120324 (experimental) (GCC)
=== boehm-gc tests ===
Running target unix
Running /boehm-gc/testsuite/boehm-gc.c/c.exp ...
Running /boehm-gc/testsuite/boehm-gc.lib/lib.exp ...
=== boehm-gc Summary ===
# of expected passes 12
# of unsupported tests 1
=== libffi tests ===
Running target unix
Running /libffi/testsuite/libffi.call/call.exp ...
FAIL: libffi.call/err_bad_abi.c -O0 -W -Wall execution test
FAIL: libffi.call/err_bad_abi.c -O2 execution test
FAIL: libffi.call/err_bad_abi.c -O3 execution test
FAIL: libffi.call/err_bad_abi.c -Os execution test
FAIL: libffi.call/err_bad_abi.c -O2 -fomit-frame-pointer execution test
Running /libffi/testsuite/libffi.special/special.exp ...
=== libffi Summary ===
# of expected passes 1654
# of unexpected failures 5
# of unsupported tests 55
=== libgomp tests ===
Running target unix
Running /libgomp/testsuite/libgomp.c/c.exp ...
Running /libgomp/testsuite/libgomp.c++/c++.exp ...
Running /libgomp/testsuite/libgomp.fortran/fortran.exp ...
Running /libgomp/testsuite/libgomp.graphite/graphite.exp ...
=== libgomp Summary ===
# of expected passes 2950
# of unsupported tests 1
=== libjava tests ===
Running target unix
Running /libjava/testsuite/libjava.cni/cni.exp ...
Running /libjava/testsuite/libjava.jar/jar.exp ...
Running /libjava/testsuite/libjava.jni/jni.exp ...
Running /libjava/testsuite/libjava.jvmti/jvmti-interp.exp ...
Running /libjava/testsuite/libjava.jvmti/jvmti.exp ...
Running /libjava/testsuite/libjava.lang/lang.exp ...
Running /libjava/testsuite/libjava.loader/loader.exp ...
Running /libjava/testsuite/libjava.mauve/mauve.exp ...
Running /libjava/testsuite/libjava.special/special.exp ...
Running /libjava/testsuite/libjava.verify/verify.exp ...
=== libjava Summary ===
# of expected passes 2574
=== libmudflap tests ===
Running target unix
Running /libmudflap/testsuite/libmudflap.c/cfrags.exp ...
Running /libmudflap/testsuite/libmudflap.c/externs.exp ...
Running /libmudflap/testsuite/libmudflap.c++/c++frags.exp ...
FAIL: libmudflap.c++/pass41-frag.cxx (-static) (test for excess errors)
WARNING: libmudflap.c++/pass41-frag.cxx (-static) compilation failed to produce executable
Running /libmudflap/testsuite/libmudflap.c++/ctors.exp ...
Running /libmudflap/testsuite/libmudflap.cth/cthfrags.exp ...
=== libmudflap Summary ===
# of expected passes 1904
# of unexpected failures 1
=== libstdc++ tests ===
Running target unix
Running /libstdc++-v3/testsuite/libstdc++-abi/abi.exp ...
Running /libstdc++-v3/testsuite/libstdc++-dg/conformance.exp ...
=== libstdc++ Summary ===
# of expected passes 8854
# of expected failures 43
# of unsupported tests 169
Version: 4.8.0 20120324 (experimental) (GCC)
Platform: s390x-ibm-linux-gnu default
configure flags: --prefix=/build/build-system/build/20120324/gcc-head/install-s390x-default --enable-shared --with-system-zlib --enable-threads=posix --enable-__cxa_atexit --enable-checking --enable-languages=c,c++,objc,obj-c++,java,fortran,ada --with-mode=zarch
GCC version: