This is the mail archive of the gcc-testresults@gcc.gnu.org mailing list for the GCC project.


Index Nav: [Date Index] [Subject Index] [Author Index] [Thread Index]
Message Nav: [Date Prev] [Date Next] [Thread Prev] [Thread Next]
Other format: [Raw text]

Results for 4.8.0 20120323 (experimental) [trunk revision 185749] (GCC) testsuite on armv7l-unknown-linux-gnueabi


LAST_UPDATED: Fri Mar 23 19:27:01 UTC 2012 (revision 185749)

Native configuration is armv7l-unknown-linux-gnueabi

		=== libgomp tests ===


Running target unix

		=== libgomp Summary ===

# of expected passes		1291
# of unsupported tests		1
		=== libitm tests ===


Running target unix

		=== libitm Summary ===

# of expected passes		26
# of expected failures		3
# of unsupported tests		1
		=== libmudflap tests ===


Running target unix
FAIL: libmudflap.c++/pass55-frag.cxx ( -O) execution test

		=== libmudflap Summary ===

# of expected passes		1905
# of unexpected failures	1
		=== libstdc++ tests ===


Running target unix

		=== libstdc++ Summary ===

# of expected passes		8010
# of expected failures		43
# of unsupported tests		495
		=== gcc tests ===


Running target unix
FAIL: gcc.c-torture/compile/920928-2.c  -Os  (internal compiler error)
FAIL: gcc.c-torture/compile/920928-2.c  -Os  (test for excess errors)
FAIL: gcc.dg/20021014-1.c (test for excess errors)
UNRESOLVED: gcc.dg/20021014-1.c compilation failed to produce executable
FAIL: gcc.dg/c99-stdint-1.c (test for excess errors)
FAIL: gcc.dg/c99-stdint-7.c (test for excess errors)
FAIL: gcc.dg/di-longlong64-sync-1.c (test for excess errors)
UNRESOLVED: gcc.dg/di-longlong64-sync-1.c compilation failed to produce executable
FAIL: gcc.dg/nest.c (test for excess errors)
UNRESOLVED: gcc.dg/nest.c compilation failed to produce executable
FAIL: gcc.dg/nested-func-4.c (test for excess errors)
UNRESOLVED: gcc.dg/nested-func-4.c compilation failed to produce executable
FAIL: gcc.dg/pr32450.c (test for excess errors)
UNRESOLVED: gcc.dg/pr32450.c compilation failed to produce executable
FAIL: gcc.dg/pr43643.c (test for excess errors)
UNRESOLVED: gcc.dg/pr43643.c compilation failed to produce executable
FAIL: gcc.dg/pr49994-3.c (test for excess errors)
FAIL: gcc.dg/uninit-13.c unconditional (test for warnings, line 8)
FAIL: gcc.dg/uninit-13.c (test for excess errors)
FAIL: gcc.dg/torture/pr51106-2.c  -O0  (internal compiler error)
FAIL: gcc.dg/torture/pr51106-2.c  -O0  (test for excess errors)
FAIL: gcc.dg/torture/pr51106-2.c  -O1  (internal compiler error)
FAIL: gcc.dg/torture/pr51106-2.c  -O1  (test for excess errors)
FAIL: gcc.dg/torture/pr51106-2.c  -O2  (internal compiler error)
FAIL: gcc.dg/torture/pr51106-2.c  -O2  (test for excess errors)
FAIL: gcc.dg/torture/pr51106-2.c  -O3 -fomit-frame-pointer  (internal compiler error)
FAIL: gcc.dg/torture/pr51106-2.c  -O3 -fomit-frame-pointer  (test for excess errors)
FAIL: gcc.dg/torture/pr51106-2.c  -O3 -g  (internal compiler error)
FAIL: gcc.dg/torture/pr51106-2.c  -O3 -g  (test for excess errors)
FAIL: gcc.dg/torture/pr51106-2.c  -Os  (internal compiler error)
FAIL: gcc.dg/torture/pr51106-2.c  -Os  (test for excess errors)
FAIL: gcc.dg/torture/pr51106-2.c  -O2 -flto -fno-use-linker-plugin -flto-partition=none  (internal compiler error)
FAIL: gcc.dg/torture/pr51106-2.c  -O2 -flto -fno-use-linker-plugin -flto-partition=none  (test for excess errors)
FAIL: gcc.dg/torture/stackalign/builtin-apply-4.c  -O2 -flto -fuse-linker-plugin -fno-fat-lto-objects  execution test
FAIL: gcc.dg/torture/stackalign/builtin-apply-4.c  -O2 -flto -fuse-linker-plugin -fno-fat-lto-objects  execution test
FAIL: gcc.dg/torture/tls/run-gd.c  -O0  -pie -fpie  (test for excess errors)
UNRESOLVED: gcc.dg/torture/tls/run-gd.c  -O0  -pie -fpie  compilation failed to produce executable
FAIL: gcc.dg/torture/tls/run-gd.c  -O1  -pie -fpie  (test for excess errors)
UNRESOLVED: gcc.dg/torture/tls/run-gd.c  -O1  -pie -fpie  compilation failed to produce executable
FAIL: gcc.dg/torture/tls/run-gd.c  -O2  -pie -fpie  (test for excess errors)
UNRESOLVED: gcc.dg/torture/tls/run-gd.c  -O2  -pie -fpie  compilation failed to produce executable
FAIL: gcc.dg/torture/tls/run-gd.c  -O3 -fomit-frame-pointer  -pie -fpie  (test for excess errors)
UNRESOLVED: gcc.dg/torture/tls/run-gd.c  -O3 -fomit-frame-pointer  -pie -fpie  compilation failed to produce executable
FAIL: gcc.dg/torture/tls/run-gd.c  -O3 -g  -pie -fpie  (test for excess errors)
UNRESOLVED: gcc.dg/torture/tls/run-gd.c  -O3 -g  -pie -fpie  compilation failed to produce executable
FAIL: gcc.dg/torture/tls/run-gd.c  -Os  -pie -fpie  (test for excess errors)
UNRESOLVED: gcc.dg/torture/tls/run-gd.c  -Os  -pie -fpie  compilation failed to produce executable
FAIL: gcc.dg/torture/tls/run-gd.c  -O0  -pie -fPIE  (test for excess errors)
UNRESOLVED: gcc.dg/torture/tls/run-gd.c  -O0  -pie -fPIE  compilation failed to produce executable
FAIL: gcc.dg/torture/tls/run-gd.c  -O1  -pie -fPIE  (test for excess errors)
UNRESOLVED: gcc.dg/torture/tls/run-gd.c  -O1  -pie -fPIE  compilation failed to produce executable
FAIL: gcc.dg/torture/tls/run-gd.c  -O2  -pie -fPIE  (test for excess errors)
UNRESOLVED: gcc.dg/torture/tls/run-gd.c  -O2  -pie -fPIE  compilation failed to produce executable
FAIL: gcc.dg/torture/tls/run-gd.c  -O3 -fomit-frame-pointer  -pie -fPIE  (test for excess errors)
UNRESOLVED: gcc.dg/torture/tls/run-gd.c  -O3 -fomit-frame-pointer  -pie -fPIE  compilation failed to produce executable
FAIL: gcc.dg/torture/tls/run-gd.c  -O3 -g  -pie -fPIE  (test for excess errors)
UNRESOLVED: gcc.dg/torture/tls/run-gd.c  -O3 -g  -pie -fPIE  compilation failed to produce executable
FAIL: gcc.dg/torture/tls/run-gd.c  -Os  -pie -fPIE  (test for excess errors)
UNRESOLVED: gcc.dg/torture/tls/run-gd.c  -Os  -pie -fPIE  compilation failed to produce executable
FAIL: gcc.dg/torture/tls/run-ie.c  -O0  -pie -fpie  (test for excess errors)
UNRESOLVED: gcc.dg/torture/tls/run-ie.c  -O0  -pie -fpie  compilation failed to produce executable
FAIL: gcc.dg/torture/tls/run-ie.c  -O1  -pie -fpie  (test for excess errors)
UNRESOLVED: gcc.dg/torture/tls/run-ie.c  -O1  -pie -fpie  compilation failed to produce executable
FAIL: gcc.dg/torture/tls/run-ie.c  -O2  -pie -fpie  (test for excess errors)
UNRESOLVED: gcc.dg/torture/tls/run-ie.c  -O2  -pie -fpie  compilation failed to produce executable
FAIL: gcc.dg/torture/tls/run-ie.c  -O3 -fomit-frame-pointer  -pie -fpie  (test for excess errors)
UNRESOLVED: gcc.dg/torture/tls/run-ie.c  -O3 -fomit-frame-pointer  -pie -fpie  compilation failed to produce executable
FAIL: gcc.dg/torture/tls/run-ie.c  -O3 -g  -pie -fpie  (test for excess errors)
UNRESOLVED: gcc.dg/torture/tls/run-ie.c  -O3 -g  -pie -fpie  compilation failed to produce executable
FAIL: gcc.dg/torture/tls/run-ie.c  -Os  -pie -fpie  (test for excess errors)
UNRESOLVED: gcc.dg/torture/tls/run-ie.c  -Os  -pie -fpie  compilation failed to produce executable
FAIL: gcc.dg/torture/tls/run-ie.c  -O0  -pie -fPIE  (test for excess errors)
UNRESOLVED: gcc.dg/torture/tls/run-ie.c  -O0  -pie -fPIE  compilation failed to produce executable
FAIL: gcc.dg/torture/tls/run-ie.c  -O1  -pie -fPIE  (test for excess errors)
UNRESOLVED: gcc.dg/torture/tls/run-ie.c  -O1  -pie -fPIE  compilation failed to produce executable
FAIL: gcc.dg/torture/tls/run-ie.c  -O2  -pie -fPIE  (test for excess errors)
UNRESOLVED: gcc.dg/torture/tls/run-ie.c  -O2  -pie -fPIE  compilation failed to produce executable
FAIL: gcc.dg/torture/tls/run-ie.c  -O3 -fomit-frame-pointer  -pie -fPIE  (test for excess errors)
UNRESOLVED: gcc.dg/torture/tls/run-ie.c  -O3 -fomit-frame-pointer  -pie -fPIE  compilation failed to produce executable
FAIL: gcc.dg/torture/tls/run-ie.c  -O3 -g  -pie -fPIE  (test for excess errors)
UNRESOLVED: gcc.dg/torture/tls/run-ie.c  -O3 -g  -pie -fPIE  compilation failed to produce executable
FAIL: gcc.dg/torture/tls/run-ie.c  -Os  -pie -fPIE  (test for excess errors)
UNRESOLVED: gcc.dg/torture/tls/run-ie.c  -Os  -pie -fPIE  compilation failed to produce executable
FAIL: gcc.dg/torture/tls/run-ld.c  -O0  -pie -fpie  (test for excess errors)
UNRESOLVED: gcc.dg/torture/tls/run-ld.c  -O0  -pie -fpie  compilation failed to produce executable
FAIL: gcc.dg/torture/tls/run-ld.c  -O1  -pie -fpie  (test for excess errors)
UNRESOLVED: gcc.dg/torture/tls/run-ld.c  -O1  -pie -fpie  compilation failed to produce executable
FAIL: gcc.dg/torture/tls/run-ld.c  -O2  -pie -fpie  (test for excess errors)
UNRESOLVED: gcc.dg/torture/tls/run-ld.c  -O2  -pie -fpie  compilation failed to produce executable
FAIL: gcc.dg/torture/tls/run-ld.c  -O3 -fomit-frame-pointer  -pie -fpie  (test for excess errors)
UNRESOLVED: gcc.dg/torture/tls/run-ld.c  -O3 -fomit-frame-pointer  -pie -fpie  compilation failed to produce executable
FAIL: gcc.dg/torture/tls/run-ld.c  -O3 -g  -pie -fpie  (test for excess errors)
UNRESOLVED: gcc.dg/torture/tls/run-ld.c  -O3 -g  -pie -fpie  compilation failed to produce executable
FAIL: gcc.dg/torture/tls/run-ld.c  -Os  -pie -fpie  (test for excess errors)
UNRESOLVED: gcc.dg/torture/tls/run-ld.c  -Os  -pie -fpie  compilation failed to produce executable
FAIL: gcc.dg/torture/tls/run-ld.c  -O0  -pie -fPIE  (test for excess errors)
UNRESOLVED: gcc.dg/torture/tls/run-ld.c  -O0  -pie -fPIE  compilation failed to produce executable
FAIL: gcc.dg/torture/tls/run-ld.c  -O1  -pie -fPIE  (test for excess errors)
UNRESOLVED: gcc.dg/torture/tls/run-ld.c  -O1  -pie -fPIE  compilation failed to produce executable
FAIL: gcc.dg/torture/tls/run-ld.c  -O2  -pie -fPIE  (test for excess errors)
UNRESOLVED: gcc.dg/torture/tls/run-ld.c  -O2  -pie -fPIE  compilation failed to produce executable
FAIL: gcc.dg/torture/tls/run-ld.c  -O3 -fomit-frame-pointer  -pie -fPIE  (test for excess errors)
UNRESOLVED: gcc.dg/torture/tls/run-ld.c  -O3 -fomit-frame-pointer  -pie -fPIE  compilation failed to produce executable
FAIL: gcc.dg/torture/tls/run-ld.c  -O3 -g  -pie -fPIE  (test for excess errors)
UNRESOLVED: gcc.dg/torture/tls/run-ld.c  -O3 -g  -pie -fPIE  compilation failed to produce executable
FAIL: gcc.dg/torture/tls/run-ld.c  -Os  -pie -fPIE  (test for excess errors)
UNRESOLVED: gcc.dg/torture/tls/run-ld.c  -Os  -pie -fPIE  compilation failed to produce executable
FAIL: gcc.dg/torture/tls/run-le.c  -O0  -pie -fpie  (test for excess errors)
UNRESOLVED: gcc.dg/torture/tls/run-le.c  -O0  -pie -fpie  compilation failed to produce executable
FAIL: gcc.dg/torture/tls/run-le.c  -O1  -pie -fpie  (test for excess errors)
UNRESOLVED: gcc.dg/torture/tls/run-le.c  -O1  -pie -fpie  compilation failed to produce executable
FAIL: gcc.dg/torture/tls/run-le.c  -O2  -pie -fpie  (test for excess errors)
UNRESOLVED: gcc.dg/torture/tls/run-le.c  -O2  -pie -fpie  compilation failed to produce executable
FAIL: gcc.dg/torture/tls/run-le.c  -O3 -fomit-frame-pointer  -pie -fpie  (test for excess errors)
UNRESOLVED: gcc.dg/torture/tls/run-le.c  -O3 -fomit-frame-pointer  -pie -fpie  compilation failed to produce executable
FAIL: gcc.dg/torture/tls/run-le.c  -O3 -g  -pie -fpie  (test for excess errors)
UNRESOLVED: gcc.dg/torture/tls/run-le.c  -O3 -g  -pie -fpie  compilation failed to produce executable
FAIL: gcc.dg/torture/tls/run-le.c  -Os  -pie -fpie  (test for excess errors)
UNRESOLVED: gcc.dg/torture/tls/run-le.c  -Os  -pie -fpie  compilation failed to produce executable
FAIL: gcc.dg/torture/tls/run-le.c  -O0  -pie -fPIE  (test for excess errors)
UNRESOLVED: gcc.dg/torture/tls/run-le.c  -O0  -pie -fPIE  compilation failed to produce executable
FAIL: gcc.dg/torture/tls/run-le.c  -O1  -pie -fPIE  (test for excess errors)
UNRESOLVED: gcc.dg/torture/tls/run-le.c  -O1  -pie -fPIE  compilation failed to produce executable
FAIL: gcc.dg/torture/tls/run-le.c  -O2  -pie -fPIE  (test for excess errors)
UNRESOLVED: gcc.dg/torture/tls/run-le.c  -O2  -pie -fPIE  compilation failed to produce executable
FAIL: gcc.dg/torture/tls/run-le.c  -O3 -fomit-frame-pointer  -pie -fPIE  (test for excess errors)
UNRESOLVED: gcc.dg/torture/tls/run-le.c  -O3 -fomit-frame-pointer  -pie -fPIE  compilation failed to produce executable
FAIL: gcc.dg/torture/tls/run-le.c  -O3 -g  -pie -fPIE  (test for excess errors)
UNRESOLVED: gcc.dg/torture/tls/run-le.c  -O3 -g  -pie -fPIE  compilation failed to produce executable
FAIL: gcc.dg/torture/tls/run-le.c  -Os  -pie -fPIE  (test for excess errors)
UNRESOLVED: gcc.dg/torture/tls/run-le.c  -Os  -pie -fPIE  compilation failed to produce executable
FAIL: gcc.dg/torture/tls/thr-init-1.c  -O0  -pie -fpie  (test for excess errors)
UNRESOLVED: gcc.dg/torture/tls/thr-init-1.c  -O0  -pie -fpie  compilation failed to produce executable
FAIL: gcc.dg/torture/tls/thr-init-1.c  -O1  -pie -fpie  (test for excess errors)
UNRESOLVED: gcc.dg/torture/tls/thr-init-1.c  -O1  -pie -fpie  compilation failed to produce executable
FAIL: gcc.dg/torture/tls/thr-init-1.c  -O2  -pie -fpie  (test for excess errors)
UNRESOLVED: gcc.dg/torture/tls/thr-init-1.c  -O2  -pie -fpie  compilation failed to produce executable
FAIL: gcc.dg/torture/tls/thr-init-1.c  -O3 -fomit-frame-pointer  -pie -fpie  (test for excess errors)
UNRESOLVED: gcc.dg/torture/tls/thr-init-1.c  -O3 -fomit-frame-pointer  -pie -fpie  compilation failed to produce executable
FAIL: gcc.dg/torture/tls/thr-init-1.c  -O3 -g  -pie -fpie  (test for excess errors)
UNRESOLVED: gcc.dg/torture/tls/thr-init-1.c  -O3 -g  -pie -fpie  compilation failed to produce executable
FAIL: gcc.dg/torture/tls/thr-init-1.c  -Os  -pie -fpie  (test for excess errors)
UNRESOLVED: gcc.dg/torture/tls/thr-init-1.c  -Os  -pie -fpie  compilation failed to produce executable
FAIL: gcc.dg/torture/tls/thr-init-1.c  -O0  -pie -fPIE  (test for excess errors)
UNRESOLVED: gcc.dg/torture/tls/thr-init-1.c  -O0  -pie -fPIE  compilation failed to produce executable
FAIL: gcc.dg/torture/tls/thr-init-1.c  -O1  -pie -fPIE  (test for excess errors)
UNRESOLVED: gcc.dg/torture/tls/thr-init-1.c  -O1  -pie -fPIE  compilation failed to produce executable
FAIL: gcc.dg/torture/tls/thr-init-1.c  -O2  -pie -fPIE  (test for excess errors)
UNRESOLVED: gcc.dg/torture/tls/thr-init-1.c  -O2  -pie -fPIE  compilation failed to produce executable
FAIL: gcc.dg/torture/tls/thr-init-1.c  -O3 -fomit-frame-pointer  -pie -fPIE  (test for excess errors)
UNRESOLVED: gcc.dg/torture/tls/thr-init-1.c  -O3 -fomit-frame-pointer  -pie -fPIE  compilation failed to produce executable
FAIL: gcc.dg/torture/tls/thr-init-1.c  -O3 -g  -pie -fPIE  (test for excess errors)
UNRESOLVED: gcc.dg/torture/tls/thr-init-1.c  -O3 -g  -pie -fPIE  compilation failed to produce executable
FAIL: gcc.dg/torture/tls/thr-init-1.c  -Os  -pie -fPIE  (test for excess errors)
UNRESOLVED: gcc.dg/torture/tls/thr-init-1.c  -Os  -pie -fPIE  compilation failed to produce executable
FAIL: gcc.dg/torture/tls/thr-init-2.c  -O0  -pie -fpie  (test for excess errors)
UNRESOLVED: gcc.dg/torture/tls/thr-init-2.c  -O0  -pie -fpie  compilation failed to produce executable
FAIL: gcc.dg/torture/tls/thr-init-2.c  -O1  -pie -fpie  (test for excess errors)
UNRESOLVED: gcc.dg/torture/tls/thr-init-2.c  -O1  -pie -fpie  compilation failed to produce executable
FAIL: gcc.dg/torture/tls/thr-init-2.c  -O2  -pie -fpie  (test for excess errors)
UNRESOLVED: gcc.dg/torture/tls/thr-init-2.c  -O2  -pie -fpie  compilation failed to produce executable
FAIL: gcc.dg/torture/tls/thr-init-2.c  -O3 -fomit-frame-pointer  -pie -fpie  (test for excess errors)
UNRESOLVED: gcc.dg/torture/tls/thr-init-2.c  -O3 -fomit-frame-pointer  -pie -fpie  compilation failed to produce executable
FAIL: gcc.dg/torture/tls/thr-init-2.c  -O3 -g  -pie -fpie  (test for excess errors)
UNRESOLVED: gcc.dg/torture/tls/thr-init-2.c  -O3 -g  -pie -fpie  compilation failed to produce executable
FAIL: gcc.dg/torture/tls/thr-init-2.c  -Os  -pie -fpie  (test for excess errors)
UNRESOLVED: gcc.dg/torture/tls/thr-init-2.c  -Os  -pie -fpie  compilation failed to produce executable
FAIL: gcc.dg/torture/tls/thr-init-2.c  -O0  -pie -fPIE  (test for excess errors)
UNRESOLVED: gcc.dg/torture/tls/thr-init-2.c  -O0  -pie -fPIE  compilation failed to produce executable
FAIL: gcc.dg/torture/tls/thr-init-2.c  -O1  -pie -fPIE  (test for excess errors)
UNRESOLVED: gcc.dg/torture/tls/thr-init-2.c  -O1  -pie -fPIE  compilation failed to produce executable
FAIL: gcc.dg/torture/tls/thr-init-2.c  -O2  -pie -fPIE  (test for excess errors)
UNRESOLVED: gcc.dg/torture/tls/thr-init-2.c  -O2  -pie -fPIE  compilation failed to produce executable
FAIL: gcc.dg/torture/tls/thr-init-2.c  -O3 -fomit-frame-pointer  -pie -fPIE  (test for excess errors)
UNRESOLVED: gcc.dg/torture/tls/thr-init-2.c  -O3 -fomit-frame-pointer  -pie -fPIE  compilation failed to produce executable
FAIL: gcc.dg/torture/tls/thr-init-2.c  -O3 -g  -pie -fPIE  (test for excess errors)
UNRESOLVED: gcc.dg/torture/tls/thr-init-2.c  -O3 -g  -pie -fPIE  compilation failed to produce executable
FAIL: gcc.dg/torture/tls/thr-init-2.c  -Os  -pie -fPIE  (test for excess errors)
UNRESOLVED: gcc.dg/torture/tls/thr-init-2.c  -Os  -pie -fPIE  compilation failed to produce executable
FAIL: gcc.dg/torture/tls/tls-test.c  -O0  -pie -fpie  (test for excess errors)
UNRESOLVED: gcc.dg/torture/tls/tls-test.c  -O0  -pie -fpie  compilation failed to produce executable
FAIL: gcc.dg/torture/tls/tls-test.c  -O1  -pie -fpie  (test for excess errors)
UNRESOLVED: gcc.dg/torture/tls/tls-test.c  -O1  -pie -fpie  compilation failed to produce executable
FAIL: gcc.dg/torture/tls/tls-test.c  -O2  -pie -fpie  (test for excess errors)
UNRESOLVED: gcc.dg/torture/tls/tls-test.c  -O2  -pie -fpie  compilation failed to produce executable
FAIL: gcc.dg/torture/tls/tls-test.c  -O3 -fomit-frame-pointer  -pie -fpie  (test for excess errors)
UNRESOLVED: gcc.dg/torture/tls/tls-test.c  -O3 -fomit-frame-pointer  -pie -fpie  compilation failed to produce executable
FAIL: gcc.dg/torture/tls/tls-test.c  -O3 -g  -pie -fpie  (test for excess errors)
UNRESOLVED: gcc.dg/torture/tls/tls-test.c  -O3 -g  -pie -fpie  compilation failed to produce executable
FAIL: gcc.dg/torture/tls/tls-test.c  -Os  -pie -fpie  (test for excess errors)
UNRESOLVED: gcc.dg/torture/tls/tls-test.c  -Os  -pie -fpie  compilation failed to produce executable
FAIL: gcc.dg/torture/tls/tls-test.c  -O0  -pie -fPIE  (test for excess errors)
UNRESOLVED: gcc.dg/torture/tls/tls-test.c  -O0  -pie -fPIE  compilation failed to produce executable
FAIL: gcc.dg/torture/tls/tls-test.c  -O1  -pie -fPIE  (test for excess errors)
UNRESOLVED: gcc.dg/torture/tls/tls-test.c  -O1  -pie -fPIE  compilation failed to produce executable
FAIL: gcc.dg/torture/tls/tls-test.c  -O2  -pie -fPIE  (test for excess errors)
UNRESOLVED: gcc.dg/torture/tls/tls-test.c  -O2  -pie -fPIE  compilation failed to produce executable
FAIL: gcc.dg/torture/tls/tls-test.c  -O3 -fomit-frame-pointer  -pie -fPIE  (test for excess errors)
UNRESOLVED: gcc.dg/torture/tls/tls-test.c  -O3 -fomit-frame-pointer  -pie -fPIE  compilation failed to produce executable
FAIL: gcc.dg/torture/tls/tls-test.c  -O3 -g  -pie -fPIE  (test for excess errors)
UNRESOLVED: gcc.dg/torture/tls/tls-test.c  -O3 -g  -pie -fPIE  compilation failed to produce executable
FAIL: gcc.dg/torture/tls/tls-test.c  -Os  -pie -fPIE  (test for excess errors)
UNRESOLVED: gcc.dg/torture/tls/tls-test.c  -Os  -pie -fPIE  compilation failed to produce executable
FAIL: gcc.dg/tree-ssa/pr42585.c scan-tree-dump-times optimized "struct _fat_ptr _ans" 0
FAIL: gcc.dg/tree-ssa/pr42585.c scan-tree-dump-times optimized "struct _fat_ptr _T2" 0
FAIL: gcc.dg/tree-ssa/pr43491.c scan-tree-dump-times pre "Eliminated: 3" 1
FAIL: gcc.dg/tree-ssa/sra-12.c scan-tree-dump-times release_ssa "l;" 0
FAIL: gcc.dg/vect/pr22480.c (internal compiler error)
FAIL: gcc.dg/vect/pr22480.c (test for excess errors)
FAIL: gcc.dg/vect/vect-104.c scan-tree-dump-times vect "possible dependence between data-refs" 1
FAIL: gcc.dg/vect/vect-109.c scan-tree-dump-times vect "Vectorizing an unaligned access" 3
FAIL: gcc.dg/vect/vect-13.c scan-tree-dump-times vect "Vectorizing an unaligned access" 0
FAIL: gcc.dg/vect/vect-17.c scan-tree-dump-times vect "Vectorizing an unaligned access" 0
FAIL: gcc.dg/vect/vect-18.c scan-tree-dump-times vect "Vectorizing an unaligned access" 0
FAIL: gcc.dg/vect/vect-19.c scan-tree-dump-times vect "Vectorizing an unaligned access" 0
FAIL: gcc.dg/vect/vect-2-big-array.c scan-tree-dump-times vect "Vectorizing an unaligned access" 0
FAIL: gcc.dg/vect/vect-20.c scan-tree-dump-times vect "Vectorizing an unaligned access" 0
FAIL: gcc.dg/vect/vect-21.c scan-tree-dump-times vect "Vectorizing an unaligned access" 0
FAIL: gcc.dg/vect/vect-22.c scan-tree-dump-times vect "Vectorizing an unaligned access" 0
FAIL: gcc.dg/vect/vect-27.c scan-tree-dump-times vect "Alignment of access forced using peeling" 0
FAIL: gcc.dg/vect/vect-29.c scan-tree-dump-times vect "Alignment of access forced using peeling" 0
FAIL: gcc.dg/vect/vect-3.c scan-tree-dump-times vect "Vectorizing an unaligned access" 0
FAIL: gcc.dg/vect/vect-4.c scan-tree-dump-times vect "Vectorizing an unaligned access" 0
FAIL: gcc.dg/vect/vect-5.c scan-tree-dump-times vect "Vectorizing an unaligned access" 0
FAIL: gcc.dg/vect/vect-58.c scan-tree-dump-times vect "Vectorizing an unaligned access" 0
FAIL: gcc.dg/vect/vect-7.c scan-tree-dump-times vect "Vectorizing an unaligned access" 0
FAIL: gcc.dg/vect/vect-72.c scan-tree-dump-times vect "Alignment of access forced using peeling" 0
FAIL: gcc.dg/vect/vect-73-big-array.c scan-tree-dump-times vect "Vectorizing an unaligned access" 0
FAIL: gcc.dg/vect/vect-73.c scan-tree-dump-times vect "Vectorizing an unaligned access" 0
FAIL: gcc.dg/vect/vect-77-global.c scan-tree-dump-times vect "Vectorizing an unaligned access" 1
FAIL: gcc.dg/vect/vect-78-global.c scan-tree-dump-times vect "Vectorizing an unaligned access" 1
FAIL: gcc.dg/vect/vect-86.c scan-tree-dump-times vect "Alignment of access forced using peeling" 0
FAIL: gcc.dg/vect/vect-92.c scan-tree-dump-times vect "Vectorizing an unaligned access" 0
FAIL: gcc.dg/vect/vect-97-big-array.c scan-tree-dump-times vect "Vectorizing an unaligned access" 0
FAIL: gcc.dg/vect/vect-97.c scan-tree-dump-times vect "Vectorizing an unaligned access" 0
FAIL: gcc.dg/vect/vect-all-big-array.c scan-tree-dump-times vect "Alignment of access forced using peeling" 0
FAIL: gcc.dg/vect/vect-all.c scan-tree-dump-times vect "Alignment of access forced using peeling" 0
FAIL: gcc.dg/vect/vect-multitypes-1.c scan-tree-dump-times vect "Alignment of access forced using peeling" 2
FAIL: gcc.dg/vect/vect-multitypes-1.c scan-tree-dump-times vect "Vectorizing an unaligned access" 4
FAIL: gcc.dg/vect/vect-multitypes-11.c scan-tree-dump-times vect "vectorized 1 loops" 1
FAIL: gcc.dg/vect/vect-multitypes-12.c scan-tree-dump-times vect "vectorized 1 loops" 1
FAIL: gcc.dg/vect/vect-outer-1-big-array.c scan-tree-dump-times vect "strided access in outer loop" 1
FAIL: gcc.dg/vect/vect-outer-1.c scan-tree-dump-times vect "strided access in outer loop" 1
FAIL: gcc.dg/vect/vect-outer-1a-big-array.c scan-tree-dump-times vect "strided access in outer loop" 1
FAIL: gcc.dg/vect/vect-outer-1a.c scan-tree-dump-times vect "strided access in outer loop" 1
FAIL: gcc.dg/vect/vect-outer-1b-big-array.c scan-tree-dump-times vect "strided access in outer loop" 1
FAIL: gcc.dg/vect/vect-outer-1b.c scan-tree-dump-times vect "strided access in outer loop" 1
FAIL: gcc.dg/vect/vect-outer-2b.c scan-tree-dump-times vect "strided access in outer loop" 1
FAIL: gcc.dg/vect/vect-outer-3a-big-array.c scan-tree-dump-times vect "step doesn't divide the vector-size" 2
FAIL: gcc.dg/vect/vect-outer-3a.c scan-tree-dump-times vect "step doesn't divide the vector-size" 2
FAIL: gcc.dg/vect/vect-outer-3b.c scan-tree-dump-times vect "strided access in outer loop" 2
FAIL: gcc.dg/vect/vect-peel-3.c scan-tree-dump-times vect "Vectorizing an unaligned access" 1
FAIL: gcc.dg/vect/vect-peel-4.c scan-tree-dump-times vect "Vectorizing an unaligned access" 1
FAIL: gcc.dg/vect/vect-peel-4.c scan-tree-dump-times vect "Alignment of access forced using peeling" 0
FAIL: gcc.dg/vect/vect-reduc-dot-s16b.c scan-tree-dump-times vect "vectorized 1 loops" 0
FAIL: gcc.dg/vect/vect-reduc-dot-s8b.c scan-tree-dump-times vect "vect_recog_widen_mult_pattern: detected" 1
FAIL: gcc.dg/vect/vect-reduc-pattern-1a.c scan-tree-dump-times vect "vectorized 1 loops" 0
FAIL: gcc.dg/vect/vect-reduc-pattern-1b-big-array.c scan-tree-dump-times vect "vectorized 1 loops" 0
FAIL: gcc.dg/vect/vect-reduc-pattern-1b.c scan-tree-dump-times vect "vectorized 1 loops" 0
FAIL: gcc.dg/vect/vect-reduc-pattern-1c-big-array.c scan-tree-dump-times vect "vectorized 1 loops" 0
FAIL: gcc.dg/vect/vect-reduc-pattern-1c.c scan-tree-dump-times vect "vectorized 1 loops" 0
FAIL: gcc.dg/vect/vect-reduc-pattern-2a.c scan-tree-dump-times vect "vectorized 1 loops" 0
FAIL: gcc.dg/vect/vect-reduc-pattern-2b-big-array.c scan-tree-dump-times vect "vectorized 1 loops" 0
FAIL: gcc.dg/vect/vect-reduc-pattern-2b.c scan-tree-dump-times vect "vectorized 1 loops" 0
FAIL: gcc.dg/vect/slp-25.c scan-tree-dump-times vect "Vectorizing an unaligned access" 0
FAIL: gcc.dg/vect/slp-25.c scan-tree-dump-times vect "Alignment of access forced using peeling" 2
FAIL: gcc.dg/vect/slp-perm-8.c scan-tree-dump-times vect "vectorized 1 loops" 2
XPASS: gcc.dg/vect/slp-reduc-3.c scan-tree-dump-times vect "vectorizing stmts using SLP" 1
FAIL: gcc.dg/vect/pr22480.c -flto (internal compiler error)
FAIL: gcc.dg/vect/pr22480.c -flto (test for excess errors)
FAIL: gcc.dg/vect/vect-104.c -flto scan-tree-dump-times vect "possible dependence between data-refs" 1
FAIL: gcc.dg/vect/vect-109.c -flto scan-tree-dump-times vect "Vectorizing an unaligned access" 3
FAIL: gcc.dg/vect/vect-13.c -flto scan-tree-dump-times vect "Vectorizing an unaligned access" 0
FAIL: gcc.dg/vect/vect-17.c -flto scan-tree-dump-times vect "Vectorizing an unaligned access" 0
FAIL: gcc.dg/vect/vect-18.c -flto scan-tree-dump-times vect "Vectorizing an unaligned access" 0
FAIL: gcc.dg/vect/vect-19.c -flto scan-tree-dump-times vect "Vectorizing an unaligned access" 0
FAIL: gcc.dg/vect/vect-2-big-array.c -flto scan-tree-dump-times vect "Vectorizing an unaligned access" 0
FAIL: gcc.dg/vect/vect-20.c -flto scan-tree-dump-times vect "Vectorizing an unaligned access" 0
FAIL: gcc.dg/vect/vect-21.c -flto scan-tree-dump-times vect "Vectorizing an unaligned access" 0
FAIL: gcc.dg/vect/vect-22.c -flto scan-tree-dump-times vect "Vectorizing an unaligned access" 0
FAIL: gcc.dg/vect/vect-27.c -flto scan-tree-dump-times vect "Alignment of access forced using peeling" 0
FAIL: gcc.dg/vect/vect-29.c -flto scan-tree-dump-times vect "Alignment of access forced using peeling" 0
FAIL: gcc.dg/vect/vect-3.c -flto scan-tree-dump-times vect "Vectorizing an unaligned access" 0
FAIL: gcc.dg/vect/vect-4.c -flto scan-tree-dump-times vect "Vectorizing an unaligned access" 0
FAIL: gcc.dg/vect/vect-5.c -flto scan-tree-dump-times vect "Vectorizing an unaligned access" 0
FAIL: gcc.dg/vect/vect-58.c -flto scan-tree-dump-times vect "Vectorizing an unaligned access" 0
FAIL: gcc.dg/vect/vect-7.c -flto scan-tree-dump-times vect "Vectorizing an unaligned access" 0
FAIL: gcc.dg/vect/vect-72.c -flto scan-tree-dump-times vect "Alignment of access forced using peeling" 0
FAIL: gcc.dg/vect/vect-73-big-array.c -flto scan-tree-dump-times vect "Vectorizing an unaligned access" 0
FAIL: gcc.dg/vect/vect-73.c -flto scan-tree-dump-times vect "Vectorizing an unaligned access" 0
FAIL: gcc.dg/vect/vect-77-global.c -flto scan-tree-dump-times vect "Vectorizing an unaligned access" 1
FAIL: gcc.dg/vect/vect-78-global.c -flto scan-tree-dump-times vect "Vectorizing an unaligned access" 1
FAIL: gcc.dg/vect/vect-86.c -flto scan-tree-dump-times vect "Alignment of access forced using peeling" 0
FAIL: gcc.dg/vect/vect-92.c -flto scan-tree-dump-times vect "Vectorizing an unaligned access" 0
FAIL: gcc.dg/vect/vect-97-big-array.c -flto scan-tree-dump-times vect "Vectorizing an unaligned access" 0
FAIL: gcc.dg/vect/vect-97.c -flto scan-tree-dump-times vect "Vectorizing an unaligned access" 0
FAIL: gcc.dg/vect/vect-all-big-array.c -flto scan-tree-dump-times vect "Alignment of access forced using peeling" 0
FAIL: gcc.dg/vect/vect-all.c -flto scan-tree-dump-times vect "Alignment of access forced using peeling" 0
FAIL: gcc.dg/vect/vect-multitypes-1.c -flto scan-tree-dump-times vect "Alignment of access forced using peeling" 2
FAIL: gcc.dg/vect/vect-multitypes-1.c -flto scan-tree-dump-times vect "Vectorizing an unaligned access" 4
FAIL: gcc.dg/vect/vect-multitypes-11.c -flto scan-tree-dump-times vect "vectorized 1 loops" 1
FAIL: gcc.dg/vect/vect-multitypes-12.c -flto scan-tree-dump-times vect "vectorized 1 loops" 1
FAIL: gcc.dg/vect/vect-outer-1-big-array.c -flto scan-tree-dump-times vect "strided access in outer loop" 1
FAIL: gcc.dg/vect/vect-outer-1.c -flto scan-tree-dump-times vect "strided access in outer loop" 1
FAIL: gcc.dg/vect/vect-outer-1a-big-array.c -flto scan-tree-dump-times vect "strided access in outer loop" 1
FAIL: gcc.dg/vect/vect-outer-1a.c -flto scan-tree-dump-times vect "strided access in outer loop" 1
FAIL: gcc.dg/vect/vect-outer-1b-big-array.c -flto scan-tree-dump-times vect "strided access in outer loop" 1
FAIL: gcc.dg/vect/vect-outer-1b.c -flto scan-tree-dump-times vect "strided access in outer loop" 1
FAIL: gcc.dg/vect/vect-outer-2b.c -flto scan-tree-dump-times vect "strided access in outer loop" 1
FAIL: gcc.dg/vect/vect-outer-3a-big-array.c -flto scan-tree-dump-times vect "step doesn't divide the vector-size" 2
FAIL: gcc.dg/vect/vect-outer-3a.c -flto scan-tree-dump-times vect "step doesn't divide the vector-size" 2
FAIL: gcc.dg/vect/vect-outer-3b.c -flto scan-tree-dump-times vect "strided access in outer loop" 2
FAIL: gcc.dg/vect/vect-peel-3.c -flto scan-tree-dump-times vect "Vectorizing an unaligned access" 1
FAIL: gcc.dg/vect/vect-peel-4.c -flto scan-tree-dump-times vect "Vectorizing an unaligned access" 1
FAIL: gcc.dg/vect/vect-peel-4.c -flto scan-tree-dump-times vect "Alignment of access forced using peeling" 0
FAIL: gcc.dg/vect/vect-reduc-dot-s16b.c -flto scan-tree-dump-times vect "vectorized 1 loops" 0
FAIL: gcc.dg/vect/vect-reduc-dot-s8b.c -flto scan-tree-dump-times vect "vect_recog_widen_mult_pattern: detected" 1
FAIL: gcc.dg/vect/vect-reduc-pattern-1a.c -flto scan-tree-dump-times vect "vectorized 1 loops" 0
FAIL: gcc.dg/vect/vect-reduc-pattern-1b-big-array.c -flto scan-tree-dump-times vect "vectorized 1 loops" 0
FAIL: gcc.dg/vect/vect-reduc-pattern-1b.c -flto scan-tree-dump-times vect "vectorized 1 loops" 0
FAIL: gcc.dg/vect/vect-reduc-pattern-1c-big-array.c -flto scan-tree-dump-times vect "vectorized 1 loops" 0
FAIL: gcc.dg/vect/vect-reduc-pattern-1c.c -flto scan-tree-dump-times vect "vectorized 1 loops" 0
FAIL: gcc.dg/vect/vect-reduc-pattern-2a.c -flto scan-tree-dump-times vect "vectorized 1 loops" 0
FAIL: gcc.dg/vect/vect-reduc-pattern-2b-big-array.c -flto scan-tree-dump-times vect "vectorized 1 loops" 0
FAIL: gcc.dg/vect/vect-reduc-pattern-2b.c -flto scan-tree-dump-times vect "vectorized 1 loops" 0
FAIL: gcc.dg/vect/slp-25.c -flto scan-tree-dump-times vect "Vectorizing an unaligned access" 0
FAIL: gcc.dg/vect/slp-25.c -flto scan-tree-dump-times vect "Alignment of access forced using peeling" 2
FAIL: gcc.dg/vect/slp-perm-8.c -flto scan-tree-dump-times vect "vectorized 1 loops" 2
XPASS: gcc.dg/vect/slp-reduc-3.c -flto scan-tree-dump-times vect "vectorizing stmts using SLP" 1
FAIL: gcc.dg/vect/no-vfa-vect-101.c scan-tree-dump-times vect "can't determine dependence" 1
FAIL: gcc.dg/vect/no-vfa-vect-102.c scan-tree-dump-times vect "possible dependence between data-refs" 1
FAIL: gcc.dg/vect/no-vfa-vect-102a.c scan-tree-dump-times vect "possible dependence between data-refs" 1
FAIL: gcc.dg/vect/no-vfa-vect-37.c scan-tree-dump-times vect "can't determine dependence" 2
FAIL: gcc.dg/vect/no-vfa-vect-79.c scan-tree-dump-times vect "can't determine dependence" 1
FAIL: gcc.dg/vect/wrapv-vect-7.c scan-tree-dump-times vect "Vectorizing an unaligned access" 0
FAIL: gcc.dg/vect/wrapv-vect-reduc-pattern-2c.c scan-tree-dump-times vect "vectorized 1 loops" 0
FAIL: gcc.dg/vect/no-section-anchors-vect-31.c scan-tree-dump-times vect "Alignment of access forced using peeling" 2
FAIL: gcc.dg/vect/no-section-anchors-vect-36.c scan-tree-dump-times vect "Vectorizing an unaligned access" 0
FAIL: gcc.dg/vect/no-section-anchors-vect-36.c scan-tree-dump-times vect "Alignment of access forced using peeling" 0
FAIL: gcc.dg/vect/no-section-anchors-vect-64.c scan-tree-dump-times vect "Alignment of access forced using peeling" 2
FAIL: gcc.dg/vect/no-section-anchors-vect-65.c scan-tree-dump-times vect "Vectorizing an unaligned access" 0
FAIL: gcc.dg/vect/no-section-anchors-vect-69.c scan-tree-dump-times vect "Alignment of access forced using peeling" 2
FAIL: gcc.dg/vect/no-scevccp-outer-13.c (internal compiler error)
FAIL: gcc.dg/vect/no-scevccp-outer-13.c (test for excess errors)
UNRESOLVED: gcc.dg/vect/no-scevccp-outer-13.c compilation failed to produce executable
XPASS: gcc.dg/vect/no-scevccp-outer-16.c scan-tree-dump-times vect "OUTER LOOP VECTORIZED." 1
XPASS: gcc.dg/vect/no-scevccp-outer-17.c scan-tree-dump-times vect "OUTER LOOP VECTORIZED." 1
XPASS: gcc.dg/vect/no-scevccp-outer-19.c scan-tree-dump-times vect "OUTER LOOP VECTORIZED." 1
XPASS: gcc.dg/vect/no-scevccp-outer-21.c scan-tree-dump-times vect "OUTER LOOP VECTORIZED." 1
FAIL: gcc.dg/vect/no-scevccp-outer-7.c (internal compiler error)
FAIL: gcc.dg/vect/no-scevccp-outer-7.c (test for excess errors)
UNRESOLVED: gcc.dg/vect/no-scevccp-outer-7.c compilation failed to produce executable
FAIL: gcc.target/arm/pr42575.c scan-assembler-not mov
FAIL: gcc.target/arm/thumb-16bit-ops.c scan-assembler adds\\tr0, r0, r1
FAIL: gcc.target/arm/thumb-16bit-ops.c scan-assembler adds\\tr0, r0, #255
FAIL: gcc.target/arm/thumb-16bit-ops.c scan-assembler subs\\tr0, r0, #255
FAIL: gcc.target/arm/thumb-16bit-ops.c scan-assembler adds\\tr0, r1, #7
FAIL: gcc.target/arm/thumb-16bit-ops.c scan-assembler subs\\tr0, r1, #7
FAIL: gcc.target/arm/thumb-16bit-ops.c scan-assembler movs\\tr0, #255
FAIL: gcc.target/arm/thumb-16bit-ops.c scan-assembler lsls\\tr0, r1, #15
FAIL: gcc.target/arm/thumb-16bit-ops.c scan-assembler lsls\\tr0, r0, r1
FAIL: gcc.target/arm/thumb-16bit-ops.c scan-assembler lsl\\tr0, r1, r2
FAIL: gcc.target/arm/thumb-16bit-ops.c scan-assembler asrs\\tr0, r1, #15
FAIL: gcc.target/arm/thumb-16bit-ops.c scan-assembler asrs\\tr0, r0, r1
FAIL: gcc.target/arm/thumb-16bit-ops.c scan-assembler asr\\tr0, r1, r2
FAIL: gcc.target/arm/thumb-16bit-ops.c scan-assembler lsrs\\tr0, r1, #15
FAIL: gcc.target/arm/thumb-16bit-ops.c scan-assembler lsrs\\tr0, r0, r1
FAIL: gcc.target/arm/thumb-16bit-ops.c scan-assembler lsr\\tr0, r1, r2
FAIL: gcc.target/arm/thumb-16bit-ops.c scan-assembler muls\\tr0, r1, r0
FAIL: gcc.target/arm/thumb-16bit-ops.c scan-assembler mvns\\tr0, r1
FAIL: gcc.target/arm/thumb-16bit-ops.c scan-assembler negs\\tr0, r1
FAIL: gcc.target/arm/thumb-ifcvt.c scan-assembler lslne
FAIL: gcc.target/arm/thumb-ifcvt.c scan-assembler asrne

		=== gcc Summary ===

# of expected passes		81961
# of unexpected failures	275
# of unexpected successes	6
# of expected failures		255
# of unresolved testcases	92
# of unsupported tests		1164
/opt/trunk/objdir/gcc/xgcc  version 4.8.0 20120323 (experimental) [trunk revision 185749] (GCC) 

		=== g++ tests ===


Running target unix
FAIL: g++.old-deja/g++.law/profile1.C -std=gnu++98 (test for excess errors)
UNRESOLVED: g++.old-deja/g++.law/profile1.C -std=gnu++98 compilation failed to produce executable
FAIL: g++.old-deja/g++.law/profile1.C -std=gnu++11 (test for excess errors)
UNRESOLVED: g++.old-deja/g++.law/profile1.C -std=gnu++11 compilation failed to produce executable

		=== g++ Summary ===

# of expected passes		46664
# of unexpected failures	2
# of expected failures		287
# of unresolved testcases	2
# of unsupported tests		615
/opt/trunk/objdir/gcc/testsuite/g++/../../g++  version 4.8.0 20120323 (experimental) [trunk revision 185749] (GCC) 


Compiler version: 4.8.0 20120323 (experimental) [trunk revision 185749] (GCC) 
Platform: armv7l-unknown-linux-gnueabi
configure flags: --prefix=/opt/install-gcc-trunk --enable-languages=c,c++ --with-cpu=cortex-a9 --with-fpu=vfpv3 --with-float=softfp

Build Logs: http://rcn-ee.homeip.net:81/dl/gcc/


Index Nav: [Date Index] [Subject Index] [Author Index] [Thread Index]
Message Nav: [Date Prev] [Date Next] [Thread Prev] [Thread Next]