This is the mail archive of the gcc-testresults@gcc.gnu.org mailing list for the GCC project.


Index Nav: [Date Index] [Subject Index] [Author Index] [Thread Index]
Message Nav: [Date Prev] [Date Next] [Thread Prev] [Thread Next]
Other format: [Raw text]

Results for 4.6.3 (Blastwave.org Inc. Sat Mar 17 15:58:04 GMT 2012) testsuite on i386-pc-solaris2.8


titan-i386-SunOS5.8 $ date
Wed Mar 21 13:13:24 GMT 2012
titan-i386-SunOS5.8 $
titan-i386-SunOS5.8 $ uname -a
SunOS titan 5.8 Generic_127722-03 i86pc i386 i86pc
titan-i386-SunOS5.8 $
titan-i386-SunOS5.8 $ cat /etc/release
                       Solaris 8 2/02 s28x_u7wos_08a INTEL
           Copyright 2002 Sun Microsystems, Inc.  All Rights Reserved.
                           Assembled 18 December 2001
titan-i386-SunOS5.8 $
titan-i386-SunOS5.8 $ which gcc
/opt/bw/bin/gcc
titan-i386-SunOS5.8 $  gcc --version
gcc (Blastwave.org Inc. Fri Mar  9 00:14:07 GMT 2012) 4.5.3
Copyright (C) 2010 Free Software Foundation, Inc.
This is free software; see the source for copying conditions.  There is NO
warranty; not even for MERCHANTABILITY or FITNESS FOR A PARTICULAR PURPOSE.

titan-i386-SunOS5.8 $ which as
/usr/ccs/bin/as
titan-i386-SunOS5.8 $ which ld
/usr/ccs/bin/ld
titan-i386-SunOS5.8 $
titan-i386-SunOS5.8 $ ulimit -a
time(seconds)        unlimited
file(blocks)         unlimited
data(kbytes)         unlimited
stack(kbytes)        32768
coredump(blocks)     unlimited
nofiles(descriptors) 256
vmemory(kbytes)      unlimited
titan-i386-SunOS5.8 $ ../gcc-4.6.3/contrib/test_summary
cat <<'EOF' |
LAST_UPDATED: Obtained from SVN: tags/gcc_4_6_3_release revision 184738

                === acats tests ===

                === acats Summary ===
# of expected passes            2321
# of unexpected failures        0
Native configuration is i386-pc-solaris2.8

                === g++ tests ===


Running target unix
XPASS: g++.dg/uninit-pred-3_b.C (test for excess errors)
FAIL: g++.dg/lto/20091219 cp_lto_20091219_0.o-cp_lto_20091219_0.o link, -O3 -flto
UNRESOLVED: g++.dg/lto/20091219 cp_lto_20091219_0.o-cp_lto_20091219_0.o
execute -O3 -flto
FAIL: g++.dg/torture/pr31863.C  -O2 -flto  (test for excess errors)

                === g++ Summary ===

# of expected passes            26829
# of unexpected failures        2
# of unexpected successes       1
# of expected failures          170
# of unresolved testcases       1
# of unsupported tests          275
/opt/bw/src/gcc-4.6.3-SunOS5.8-i386/gcc/testsuite/g++/../../g++  version 4.6.3
(Blastwave.org Inc. Sat Mar 17 15:58:04 GMT 2012)

                === gcc tests ===


Running target unix
WARNING: program timed out.
FAIL: gcc.c-torture/compile/pr37669-2.c  -Os  (test for excess errors)
FAIL: gcc.dg/lto/20110201-1 c_lto_20110201-1_0.o-c_lto_20110201-1_0.o link, 
-O0 -flto
UNRESOLVED: gcc.dg/lto/20110201-1 c_lto_20110201-1_0.o-c_lto_20110201-1_0.o
execute  -O0 -flto
FAIL: gcc.dg/vect/pr48172.c (test for excess errors)
UNRESOLVED: gcc.dg/vect/pr48172.c compilation failed to produce executable
FAIL: gcc.dg/vect/pr48377.c (test for excess errors)
UNRESOLVED: gcc.dg/vect/pr48377.c compilation failed to produce executable

                === gcc Summary ===

# of expected passes            74029
# of unexpected failures        4
# of expected failures          212
# of unresolved testcases       3
# of unsupported tests          1904
/opt/bw/src/gcc-4.6.3-SunOS5.8-i386/gcc/xgcc  version 4.6.3 (Blastwave.org
Inc. Sat Mar 17 15:58:04 GMT 2012)

                === gfortran tests ===


Running target unix

                === gfortran Summary ===

# of expected passes            37940
# of expected failures          41
# of unsupported tests          375
/opt/bw/src/gcc-4.6.3-SunOS5.8-i386/gcc/testsuite/gfortran/../../gfortran 
version 4.6.3 (Blastwave.org Inc. Sat Mar 17 15:58:04 GMT 2012)

                === gnat tests ===


Running target unix

                === gnat Summary ===

# of expected passes            872
# of expected failures          10
# of unsupported tests          4
/opt/bw/src/gcc-4.6.3-SunOS5.8-i386/gcc/gnatmake version 4.6.3

                === objc tests ===


Running target unix

                === objc Summary ===

# of expected passes            2920
# of expected failures          6
# of unsupported tests          74
/opt/bw/src/gcc-4.6.3-SunOS5.8-i386/gcc/xgcc  version 4.6.3 (Blastwave.org
Inc. Sat Mar 17 15:58:04 GMT 2012)

                === libgomp tests ===


Running target unix

                === libgomp Summary ===

# of expected passes            2628
# of unsupported tests          3
                === libstdc++ tests ===


Running target unix
FAIL: 27_io/basic_stringbuf/seekoff/wchar_t/1.cc execution test

                === libstdc++ Summary ===

# of expected passes            6904
# of unexpected failures        1
# of expected failures          84
# of unsupported tests          743

                === libstdc++ Summary ===


Compiler version: 4.6.3 (Blastwave.org Inc. Sat Mar 17 15:58:04 GMT 2012)
Platform: i386-pc-solaris2.8
configure flags: --host=i386-pc-solaris2.8 --build=i386-pc-solaris2.8
--with-as=/usr/ccs/bin/as --without-gnu-ld --with-ld=/usr/ccs/bin/ld
--enable-multilib --enable-nls --enable-threads=posix --prefix=/opt/bw
--enable-shared --libdir=/opt/bw/lib/i386 --with-gmp-include=/opt/bw/include
--with-gmp-lib=/opt/bw/lib/i386 --with-mpfr-include=/opt/bw/include
--with-mpfr-lib=/opt/bw/lib/i386 --with-mpc-include=/opt/bw/include
--with-mpc-lib=/opt/bw/lib/i386 --libexecdir=/opt/bw/lib
--with-gxx-include-dir=/opt/bw/include --with-local-prefix=/opt/bw/include
--with-pkgversion='Blastwave.org Inc. Sat Mar 17 15:58:04 GMT 2012'
--with-bugurl=http://www.blastwave.org/support
--enable-languages=c,c++,objc,fortran,ada --enable-bootstrap
EOF


-- 
--
http://pgp.mit.edu:11371/pks/lookup?op=vindex&search=0x1D936C72FA35B44B
+-------------------------+-----------------------------------+
| Dennis Clarke           | Solaris and Linux and Open Source |
| dclarke@blastwave.org   | Respect for open standards.       |
+-------------------------+-----------------------------------+


Index Nav: [Date Index] [Subject Index] [Author Index] [Thread Index]
Message Nav: [Date Prev] [Date Next] [Thread Prev] [Thread Next]