This is the mail archive of the
gcc-testresults@gcc.gnu.org
mailing list for the GCC project.
Results for 4.8.0 20120313 (experimental) [trunk revision 185345] (Debian 20120313-1) testsuite on arm-unknown-linux-gnueabihf
- From: Matthias Klose <doko at debian dot org>
- To: gcc-testresults at gcc dot gnu dot org
- Cc: debian-gcc at lists dot debian dot org
- Date: Tue, 20 Mar 2012 17:54:09 +0000
- Subject: Results for 4.8.0 20120313 (experimental) [trunk revision 185345] (Debian 20120313-1) testsuite on arm-unknown-linux-gnueabihf
- Reply-to: Matthias Klose <doko at debian dot org>
LAST_UPDATED: Tue Mar 13 16:51:13 UTC 2012 (revision 185345)
Native configuration is arm-unknown-linux-gnueabihf
=== boehm-gc tests ===
Running target unix
=== boehm-gc Summary ===
# of expected passes 12
# of unsupported tests 1
=== libffi tests ===
Running target unix
XPASS: libffi.call/cls_longdouble.c -O0 -W -Wall execution test
XPASS: libffi.call/cls_longdouble.c -O2 execution test
XPASS: libffi.call/cls_longdouble.c -O3 execution test
XPASS: libffi.call/cls_longdouble.c -Os execution test
XPASS: libffi.call/cls_longdouble.c -O2 -fomit-frame-pointer execution test
=== libffi Summary ===
# of expected passes 1654
# of unexpected successes 5
# of unsupported tests 55
=== libgomp tests ===
Running target unix
=== libgomp Summary ===
# of expected passes 2994
# of unsupported tests 1
=== libjava tests ===
Running target unix
FAIL: pr29812 execution - gij test
FAIL: ExtraClassLoader execution - source compiled test
FAIL: ExtraClassLoader -findirect-dispatch execution - source compiled test
FAIL: ExtraClassLoader -O3 execution - source compiled test
FAIL: ExtraClassLoader -O3 -findirect-dispatch execution - source compiled test
FAIL: InvokeInterface execution - source compiled test
FAIL: InvokeInterface -findirect-dispatch execution - source compiled test
FAIL: InvokeInterface -O3 execution - source compiled test
FAIL: InvokeInterface -O3 -findirect-dispatch execution - source compiled test
FAIL: StackTrace2 execution - source compiled test
FAIL: StackTrace2 -findirect-dispatch execution - source compiled test
FAIL: StackTrace2 -O3 execution - source compiled test
FAIL: StackTrace2 -O3 -findirect-dispatch execution - source compiled test
FAIL: Throw_2 execution - source compiled test
FAIL: Throw_2 -findirect-dispatch execution - source compiled test
FAIL: Throw_2 -O3 execution - source compiled test
FAIL: Throw_2 -O3 -findirect-dispatch execution - source compiled test
FAIL: Throw_3 execution - source compiled test
FAIL: Throw_3 -findirect-dispatch execution - source compiled test
FAIL: Throw_3 -O3 execution - source compiled test
FAIL: Throw_3 -O3 -findirect-dispatch execution - source compiled test
FAIL: WalkerTest output - source compiled test
FAIL: WalkerTest -findirect-dispatch output - source compiled test
FAIL: WalkerTest -O3 output - source compiled test
FAIL: WalkerTest -O3 -findirect-dispatch output - source compiled test
FAIL: pr21785 execution - source compiled test
FAIL: pr21785 -findirect-dispatch execution - source compiled test
FAIL: pr21785 -O3 execution - source compiled test
FAIL: pr21785 -O3 -findirect-dispatch execution - source compiled test
FAIL: stacktrace output - source compiled test
FAIL: stacktrace -findirect-dispatch output - source compiled test
FAIL: stacktrace -O3 output - source compiled test
FAIL: stacktrace -O3 -findirect-dispatch output - source compiled test
=== libjava Summary ===
# of expected passes 2516
# of unexpected failures 33
# of untested testcases 25
=== libmudflap tests ===
Running target unix
FAIL: libmudflap.c++/pass55-frag.cxx ( -O) execution test
=== libmudflap Summary ===
# of expected passes 1905
# of unexpected failures 1
=== libstdc++ tests ===
Running target unix
FAIL: 22_locale/time_get/get_date/wchar_t/4.cc execution test
=== libstdc++ Summary ===
# of expected passes 8619
# of unexpected failures 1
# of expected failures 43
# of unsupported tests 188
Target: arm-linux-gnueabihf
gcc version 4.8.0 20120313 (experimental) [trunk revision 185345] (Debian 20120313-1)
=== g++ tests ===
Running target unix
UNRESOLVED: attribute_plugin.c compilation, -I. -I/build/buildd-gcc-snapshot_20120313-1-armhf-YrICj6/gcc-snapshot-20120313/src/gcc/testsuite -I/build/buildd-gcc-snapshot_20120313-1-armhf-YrICj6/gcc-snapshot-20120313/src/gcc/testsuite/../../gcc -I/build/buildd-gcc-snapshot_20120313-1-armhf-YrICj6/gcc-snapshot-20120313/build/gcc/testsuite/g++/../../../gcc -I/build/buildd-gcc-snapshot_20120313-1-armhf-YrICj6/gcc-snapshot-20120313/src/gcc/testsuite/../../include -I/build/buildd-gcc-snapshot_20120313-1-armhf-YrICj6/gcc-snapshot-20120313/src/gcc/testsuite/../../libcpp/include -I/build/buildd-gcc-snapshot_20120313-1-armhf-YrICj6/gcc-snapshot-20120313/build/gcc/testsuite/g++/../../../intl -DIN_GCC -fPIC -shared
UNRESOLVED: pragma_plugin.c compilation, -I. -I/build/buildd-gcc-snapshot_20120313-1-armhf-YrICj6/gcc-snapshot-20120313/src/gcc/testsuite -I/build/buildd-gcc-snapshot_20120313-1-armhf-YrICj6/gcc-snapshot-20120313/src/gcc/testsuite/../../gcc -I/build/buildd-gcc-snapshot_20120313-1-armhf-YrICj6/gcc-snapshot-20120313/build/gcc/testsuite/g++/../../../gcc -I/build/buildd-gcc-snapshot_20120313-1-armhf-YrICj6/gcc-snapshot-20120313/src/gcc/testsuite/../../include -I/build/buildd-gcc-snapshot_20120313-1-armhf-YrICj6/gcc-snapshot-20120313/src/gcc/testsuite/../../libcpp/include -I/build/buildd-gcc-snapshot_20120313-1-armhf-YrICj6/gcc-snapshot-20120313/build/gcc/testsuite/g++/../../../intl -DIN_GCC -fPIC -shared
UNRESOLVED: selfassign.c compilation, -I. -I/build/buildd-gcc-snapshot_20120313-1-armhf-YrICj6/gcc-snapshot-20120313/src/gcc/testsuite -I/build/buildd-gcc-snapshot_20120313-1-armhf-YrICj6/gcc-snapshot-20120313/src/gcc/testsuite/../../gcc -I/build/buildd-gcc-snapshot_20120313-1-armhf-YrICj6/gcc-snapshot-20120313/build/gcc/testsuite/g++/../../../gcc -I/build/buildd-gcc-snapshot_20120313-1-armhf-YrICj6/gcc-snapshot-20120313/src/gcc/testsuite/../../include -I/build/buildd-gcc-snapshot_20120313-1-armhf-YrICj6/gcc-snapshot-20120313/src/gcc/testsuite/../../libcpp/include -I/build/buildd-gcc-snapshot_20120313-1-armhf-YrICj6/gcc-snapshot-20120313/build/gcc/testsuite/g++/../../../intl -O -DIN_GCC -fPIC -shared
UNRESOLVED: dumb_plugin.c compilation, -I. -I/build/buildd-gcc-snapshot_20120313-1-armhf-YrICj6/gcc-snapshot-20120313/src/gcc/testsuite -I/build/buildd-gcc-snapshot_20120313-1-armhf-YrICj6/gcc-snapshot-20120313/src/gcc/testsuite/../../gcc -I/build/buildd-gcc-snapshot_20120313-1-armhf-YrICj6/gcc-snapshot-20120313/build/gcc/testsuite/g++/../../../gcc -I/build/buildd-gcc-snapshot_20120313-1-armhf-YrICj6/gcc-snapshot-20120313/src/gcc/testsuite/../../include -I/build/buildd-gcc-snapshot_20120313-1-armhf-YrICj6/gcc-snapshot-20120313/src/gcc/testsuite/../../libcpp/include -I/build/buildd-gcc-snapshot_20120313-1-armhf-YrICj6/gcc-snapshot-20120313/build/gcc/testsuite/g++/../../../intl -DIN_GCC -fPIC -shared
UNRESOLVED: header_plugin.c compilation, -I. -I/build/buildd-gcc-snapshot_20120313-1-armhf-YrICj6/gcc-snapshot-20120313/src/gcc/testsuite -I/build/buildd-gcc-snapshot_20120313-1-armhf-YrICj6/gcc-snapshot-20120313/src/gcc/testsuite/../../gcc -I/build/buildd-gcc-snapshot_20120313-1-armhf-YrICj6/gcc-snapshot-20120313/build/gcc/testsuite/g++/../../../gcc -I/build/buildd-gcc-snapshot_20120313-1-armhf-YrICj6/gcc-snapshot-20120313/src/gcc/testsuite/../../include -I/build/buildd-gcc-snapshot_20120313-1-armhf-YrICj6/gcc-snapshot-20120313/src/gcc/testsuite/../../libcpp/include -I/build/buildd-gcc-snapshot_20120313-1-armhf-YrICj6/gcc-snapshot-20120313/build/gcc/testsuite/g++/../../../intl -DIN_GCC -fPIC -shared
UNRESOLVED: decl_plugin.c compilation, -I. -I/build/buildd-gcc-snapshot_20120313-1-armhf-YrICj6/gcc-snapshot-20120313/src/gcc/testsuite -I/build/buildd-gcc-snapshot_20120313-1-armhf-YrICj6/gcc-snapshot-20120313/src/gcc/testsuite/../../gcc -I/build/buildd-gcc-snapshot_20120313-1-armhf-YrICj6/gcc-snapshot-20120313/build/gcc/testsuite/g++/../../../gcc -I/build/buildd-gcc-snapshot_20120313-1-armhf-YrICj6/gcc-snapshot-20120313/src/gcc/testsuite/../../include -I/build/buildd-gcc-snapshot_20120313-1-armhf-YrICj6/gcc-snapshot-20120313/src/gcc/testsuite/../../libcpp/include -I/build/buildd-gcc-snapshot_20120313-1-armhf-YrICj6/gcc-snapshot-20120313/build/gcc/testsuite/g++/../../../intl -DIN_GCC -fPIC -shared
FAIL: g++.old-deja/g++.jason/enum6.C -std=gnu++98 (test for excess errors)
FAIL: g++.old-deja/g++.jason/enum6.C -std=gnu++11 (test for excess errors)
FAIL: g++.old-deja/g++.law/enum9.C -std=gnu++98 (test for excess errors)
FAIL: g++.old-deja/g++.law/enum9.C -std=gnu++11 (test for excess errors)
FAIL: g++.old-deja/g++.other/enum4.C -std=gnu++98 (test for excess errors)
FAIL: g++.old-deja/g++.other/enum4.C -std=gnu++11 (test for excess errors)
=== g++ Summary ===
# of expected passes 46486
# of unexpected failures 6
# of expected failures 287
# of unresolved testcases 6
# of unsupported tests 613
/build/buildd-gcc-snapshot_20120313-1-armhf-YrICj6/gcc-snapshot-20120313/build/gcc/testsuite/g++/../../g++ version 4.8.0 20120313 (experimental) [trunk revision 185345] (Debian 20120313-1)
=== gcc tests ===
Running target unix
FAIL: gcc.dg/builtin-apply2.c execution test
FAIL: gcc.dg/c99-stdint-1.c (test for excess errors)
FAIL: gcc.dg/c99-stdint-7.c (test for excess errors)
FAIL: gcc.dg/fshort-wchar.c (test for excess errors)
FAIL: gcc.dg/pr49994-3.c (test for excess errors)
UNRESOLVED: selfassign.c compilation, -I. -I/build/buildd-gcc-snapshot_20120313-1-armhf-YrICj6/gcc-snapshot-20120313/src/gcc/testsuite -I/build/buildd-gcc-snapshot_20120313-1-armhf-YrICj6/gcc-snapshot-20120313/src/gcc/testsuite/../../gcc -I/build/buildd-gcc-snapshot_20120313-1-armhf-YrICj6/gcc-snapshot-20120313/build/gcc/testsuite/gcc/../../../gcc -I/build/buildd-gcc-snapshot_20120313-1-armhf-YrICj6/gcc-snapshot-20120313/src/gcc/testsuite/../../include -I/build/buildd-gcc-snapshot_20120313-1-armhf-YrICj6/gcc-snapshot-20120313/src/gcc/testsuite/../../libcpp/include -I/build/buildd-gcc-snapshot_20120313-1-armhf-YrICj6/gcc-snapshot-20120313/build/gcc/testsuite/gcc/../../../intl -O -DIN_GCC -fPIC -shared
UNRESOLVED: ggcplug.c compilation, -I. -I/build/buildd-gcc-snapshot_20120313-1-armhf-YrICj6/gcc-snapshot-20120313/src/gcc/testsuite -I/build/buildd-gcc-snapshot_20120313-1-armhf-YrICj6/gcc-snapshot-20120313/src/gcc/testsuite/../../gcc -I/build/buildd-gcc-snapshot_20120313-1-armhf-YrICj6/gcc-snapshot-20120313/build/gcc/testsuite/gcc/../../../gcc -I/build/buildd-gcc-snapshot_20120313-1-armhf-YrICj6/gcc-snapshot-20120313/src/gcc/testsuite/../../include -I/build/buildd-gcc-snapshot_20120313-1-armhf-YrICj6/gcc-snapshot-20120313/src/gcc/testsuite/../../libcpp/include -I/build/buildd-gcc-snapshot_20120313-1-armhf-YrICj6/gcc-snapshot-20120313/build/gcc/testsuite/gcc/../../../intl -O -DIN_GCC -fPIC -shared
UNRESOLVED: one_time_plugin.c compilation, -I. -I/build/buildd-gcc-snapshot_20120313-1-armhf-YrICj6/gcc-snapshot-20120313/src/gcc/testsuite -I/build/buildd-gcc-snapshot_20120313-1-armhf-YrICj6/gcc-snapshot-20120313/src/gcc/testsuite/../../gcc -I/build/buildd-gcc-snapshot_20120313-1-armhf-YrICj6/gcc-snapshot-20120313/build/gcc/testsuite/gcc/../../../gcc -I/build/buildd-gcc-snapshot_20120313-1-armhf-YrICj6/gcc-snapshot-20120313/src/gcc/testsuite/../../include -I/build/buildd-gcc-snapshot_20120313-1-armhf-YrICj6/gcc-snapshot-20120313/src/gcc/testsuite/../../libcpp/include -I/build/buildd-gcc-snapshot_20120313-1-armhf-YrICj6/gcc-snapshot-20120313/build/gcc/testsuite/gcc/../../../intl -DIN_GCC -fPIC -shared
UNRESOLVED: start_unit_plugin.c compilation, -I. -I/build/buildd-gcc-snapshot_20120313-1-armhf-YrICj6/gcc-snapshot-20120313/src/gcc/testsuite -I/build/buildd-gcc-snapshot_20120313-1-armhf-YrICj6/gcc-snapshot-20120313/src/gcc/testsuite/../../gcc -I/build/buildd-gcc-snapshot_20120313-1-armhf-YrICj6/gcc-snapshot-20120313/build/gcc/testsuite/gcc/../../../gcc -I/build/buildd-gcc-snapshot_20120313-1-armhf-YrICj6/gcc-snapshot-20120313/src/gcc/testsuite/../../include -I/build/buildd-gcc-snapshot_20120313-1-armhf-YrICj6/gcc-snapshot-20120313/src/gcc/testsuite/../../libcpp/include -I/build/buildd-gcc-snapshot_20120313-1-armhf-YrICj6/gcc-snapshot-20120313/build/gcc/testsuite/gcc/../../../intl -DIN_GCC -fPIC -shared
UNRESOLVED: finish_unit_plugin.c compilation, -I. -I/build/buildd-gcc-snapshot_20120313-1-armhf-YrICj6/gcc-snapshot-20120313/src/gcc/testsuite -I/build/buildd-gcc-snapshot_20120313-1-armhf-YrICj6/gcc-snapshot-20120313/src/gcc/testsuite/../../gcc -I/build/buildd-gcc-snapshot_20120313-1-armhf-YrICj6/gcc-snapshot-20120313/build/gcc/testsuite/gcc/../../../gcc -I/build/buildd-gcc-snapshot_20120313-1-armhf-YrICj6/gcc-snapshot-20120313/src/gcc/testsuite/../../include -I/build/buildd-gcc-snapshot_20120313-1-armhf-YrICj6/gcc-snapshot-20120313/src/gcc/testsuite/../../libcpp/include -I/build/buildd-gcc-snapshot_20120313-1-armhf-YrICj6/gcc-snapshot-20120313/build/gcc/testsuite/gcc/../../../intl -DIN_GCC -fPIC -shared
FAIL: gcc.dg/tls/pr42894.c (test for excess errors)
FAIL: gcc.dg/torture/stackalign/builtin-apply-2.c -O0 execution test
FAIL: gcc.dg/torture/stackalign/builtin-apply-2.c -O0 execution test
FAIL: gcc.dg/torture/stackalign/builtin-apply-2.c -O1 execution test
FAIL: gcc.dg/torture/stackalign/builtin-apply-2.c -Os execution test
FAIL: gcc.dg/tree-ssa/sra-12.c scan-tree-dump-times release_ssa "l;" 0
FAIL: gcc.dg/vect/vect-104.c scan-tree-dump-times vect "possible dependence between data-refs" 1
FAIL: gcc.dg/vect/vect-multitypes-11.c scan-tree-dump-times vect "vectorized 1 loops" 1
FAIL: gcc.dg/vect/vect-multitypes-12.c scan-tree-dump-times vect "vectorized 1 loops" 1
FAIL: gcc.dg/vect/vect-outer-1-big-array.c scan-tree-dump-times vect "strided access in outer loop" 1
FAIL: gcc.dg/vect/vect-outer-1.c scan-tree-dump-times vect "strided access in outer loop" 1
FAIL: gcc.dg/vect/vect-outer-1a-big-array.c scan-tree-dump-times vect "strided access in outer loop" 1
FAIL: gcc.dg/vect/vect-outer-1a.c scan-tree-dump-times vect "strided access in outer loop" 1
FAIL: gcc.dg/vect/vect-outer-1b-big-array.c scan-tree-dump-times vect "strided access in outer loop" 1
FAIL: gcc.dg/vect/vect-outer-1b.c scan-tree-dump-times vect "strided access in outer loop" 1
FAIL: gcc.dg/vect/vect-outer-2b.c scan-tree-dump-times vect "strided access in outer loop" 1
FAIL: gcc.dg/vect/vect-outer-3a-big-array.c scan-tree-dump-times vect "step doesn't divide the vector-size" 2
FAIL: gcc.dg/vect/vect-outer-3a.c scan-tree-dump-times vect "step doesn't divide the vector-size" 2
FAIL: gcc.dg/vect/vect-outer-3b.c scan-tree-dump-times vect "strided access in outer loop" 2
FAIL: gcc.dg/vect/vect-reduc-dot-s16b.c scan-tree-dump-times vect "vectorized 1 loops" 0
FAIL: gcc.dg/vect/vect-reduc-dot-s8b.c scan-tree-dump-times vect "vect_recog_widen_mult_pattern: detected" 1
FAIL: gcc.dg/vect/vect-reduc-pattern-1a.c scan-tree-dump-times vect "vectorized 1 loops" 0
FAIL: gcc.dg/vect/vect-reduc-pattern-1b-big-array.c scan-tree-dump-times vect "vectorized 1 loops" 0
FAIL: gcc.dg/vect/vect-reduc-pattern-1b.c scan-tree-dump-times vect "vectorized 1 loops" 0
FAIL: gcc.dg/vect/vect-reduc-pattern-1c-big-array.c scan-tree-dump-times vect "vectorized 1 loops" 0
FAIL: gcc.dg/vect/vect-reduc-pattern-1c.c scan-tree-dump-times vect "vectorized 1 loops" 0
FAIL: gcc.dg/vect/vect-reduc-pattern-2a.c scan-tree-dump-times vect "vectorized 1 loops" 0
FAIL: gcc.dg/vect/vect-reduc-pattern-2b-big-array.c scan-tree-dump-times vect "vectorized 1 loops" 0
FAIL: gcc.dg/vect/vect-reduc-pattern-2b.c scan-tree-dump-times vect "vectorized 1 loops" 0
FAIL: gcc.dg/vect/slp-perm-8.c scan-tree-dump-times vect "vectorized 1 loops" 2
XPASS: gcc.dg/vect/slp-reduc-3.c scan-tree-dump-times vect "vectorizing stmts using SLP" 1
FAIL: gcc.dg/vect/vect-104.c -flto scan-tree-dump-times vect "possible dependence between data-refs" 1
FAIL: gcc.dg/vect/vect-multitypes-11.c -flto scan-tree-dump-times vect "vectorized 1 loops" 1
FAIL: gcc.dg/vect/vect-multitypes-12.c -flto scan-tree-dump-times vect "vectorized 1 loops" 1
FAIL: gcc.dg/vect/vect-outer-1-big-array.c -flto scan-tree-dump-times vect "strided access in outer loop" 1
FAIL: gcc.dg/vect/vect-outer-1.c -flto scan-tree-dump-times vect "strided access in outer loop" 1
FAIL: gcc.dg/vect/vect-outer-1a-big-array.c -flto scan-tree-dump-times vect "strided access in outer loop" 1
FAIL: gcc.dg/vect/vect-outer-1a.c -flto scan-tree-dump-times vect "strided access in outer loop" 1
FAIL: gcc.dg/vect/vect-outer-1b-big-array.c -flto scan-tree-dump-times vect "strided access in outer loop" 1
FAIL: gcc.dg/vect/vect-outer-1b.c -flto scan-tree-dump-times vect "strided access in outer loop" 1
FAIL: gcc.dg/vect/vect-outer-2b.c -flto scan-tree-dump-times vect "strided access in outer loop" 1
FAIL: gcc.dg/vect/vect-outer-3a-big-array.c -flto scan-tree-dump-times vect "step doesn't divide the vector-size" 2
FAIL: gcc.dg/vect/vect-outer-3a.c -flto scan-tree-dump-times vect "step doesn't divide the vector-size" 2
FAIL: gcc.dg/vect/vect-outer-3b.c -flto scan-tree-dump-times vect "strided access in outer loop" 2
FAIL: gcc.dg/vect/vect-reduc-dot-s16b.c -flto scan-tree-dump-times vect "vectorized 1 loops" 0
FAIL: gcc.dg/vect/vect-reduc-dot-s8b.c -flto scan-tree-dump-times vect "vect_recog_widen_mult_pattern: detected" 1
FAIL: gcc.dg/vect/vect-reduc-pattern-1a.c -flto scan-tree-dump-times vect "vectorized 1 loops" 0
FAIL: gcc.dg/vect/vect-reduc-pattern-1b-big-array.c -flto scan-tree-dump-times vect "vectorized 1 loops" 0
FAIL: gcc.dg/vect/vect-reduc-pattern-1b.c -flto scan-tree-dump-times vect "vectorized 1 loops" 0
FAIL: gcc.dg/vect/vect-reduc-pattern-1c-big-array.c -flto scan-tree-dump-times vect "vectorized 1 loops" 0
FAIL: gcc.dg/vect/vect-reduc-pattern-1c.c -flto scan-tree-dump-times vect "vectorized 1 loops" 0
FAIL: gcc.dg/vect/vect-reduc-pattern-2a.c -flto scan-tree-dump-times vect "vectorized 1 loops" 0
FAIL: gcc.dg/vect/vect-reduc-pattern-2b-big-array.c -flto scan-tree-dump-times vect "vectorized 1 loops" 0
FAIL: gcc.dg/vect/vect-reduc-pattern-2b.c -flto scan-tree-dump-times vect "vectorized 1 loops" 0
FAIL: gcc.dg/vect/slp-perm-8.c -flto scan-tree-dump-times vect "vectorized 1 loops" 2
XPASS: gcc.dg/vect/slp-reduc-3.c -flto scan-tree-dump-times vect "vectorizing stmts using SLP" 1
FAIL: gcc.dg/vect/no-vfa-vect-101.c scan-tree-dump-times vect "can't determine dependence" 1
FAIL: gcc.dg/vect/no-vfa-vect-102.c scan-tree-dump-times vect "possible dependence between data-refs" 1
FAIL: gcc.dg/vect/no-vfa-vect-102a.c scan-tree-dump-times vect "possible dependence between data-refs" 1
FAIL: gcc.dg/vect/no-vfa-vect-37.c scan-tree-dump-times vect "can't determine dependence" 2
FAIL: gcc.dg/vect/no-vfa-vect-79.c scan-tree-dump-times vect "can't determine dependence" 1
FAIL: gcc.dg/vect/wrapv-vect-reduc-pattern-2c.c scan-tree-dump-times vect "vectorized 1 loops" 0
XPASS: gcc.dg/vect/no-scevccp-outer-16.c scan-tree-dump-times vect "OUTER LOOP VECTORIZED." 1
XPASS: gcc.dg/vect/no-scevccp-outer-17.c scan-tree-dump-times vect "OUTER LOOP VECTORIZED." 1
XPASS: gcc.dg/vect/no-scevccp-outer-19.c scan-tree-dump-times vect "OUTER LOOP VECTORIZED." 1
XPASS: gcc.dg/vect/no-scevccp-outer-21.c scan-tree-dump-times vect "OUTER LOOP VECTORIZED." 1
FAIL: gcc.target/arm/combine-movs.c scan-assembler movs\\tr[0-9]
FAIL: gcc.target/arm/g2.c (test for excess errors)
UNRESOLVED: gcc.target/arm/g2.c scan-assembler mla[ \\t].*
FAIL: gcc.target/arm/pr40887.c (test for excess errors)
UNRESOLVED: gcc.target/arm/pr40887.c scan-assembler blx
FAIL: gcc.target/arm/pr42575.c scan-assembler-not mov
FAIL: gcc.target/arm/scd42-1.c (test for excess errors)
UNRESOLVED: gcc.target/arm/scd42-1.c scan-assembler mov[ \\t].*17
FAIL: gcc.target/arm/scd42-2.c (test for excess errors)
UNRESOLVED: gcc.target/arm/scd42-2.c scan-assembler mov[ \\t].*272
FAIL: gcc.target/arm/scd42-3.c (test for excess errors)
UNRESOLVED: gcc.target/arm/scd42-3.c scan-assembler ldr[ \\t].*
FAIL: gcc.target/arm/thumb-ltu.c (test for excess errors)
UNRESOLVED: gcc.target/arm/thumb-ltu.c scan-assembler-not uxtb
FAIL: gcc.target/arm/unsigned-extend-1.c (test for excess errors)
UNRESOLVED: gcc.target/arm/unsigned-extend-1.c scan-assembler-not uxtb
FAIL: gcc.target/arm/xor-and.c (test for excess errors)
UNRESOLVED: gcc.target/arm/xor-and.c scan-assembler orr
UNRESOLVED: gcc.target/arm/xor-and.c scan-assembler-not mvn
UNRESOLVED: gcc.target/arm/xor-and.c scan-assembler-not uxth
=== gcc Summary ===
# of expected passes 82084
# of unexpected failures 75
# of unexpected successes 6
# of expected failures 255
# of unresolved testcases 15
# of unsupported tests 1146
/build/buildd-gcc-snapshot_20120313-1-armhf-YrICj6/gcc-snapshot-20120313/build/gcc/xgcc version 4.8.0 20120313 (experimental) [trunk revision 185345] (Debian 20120313-1)
=== gfortran tests ===
Running target unix
FAIL: gfortran.dg/enum_10.f90 -O0 (test for excess errors)
FAIL: gfortran.dg/enum_10.f90 -O1 (test for excess errors)
FAIL: gfortran.dg/enum_10.f90 -O2 (test for excess errors)
FAIL: gfortran.dg/enum_10.f90 -O3 -fomit-frame-pointer (test for excess errors)
FAIL: gfortran.dg/enum_10.f90 -O3 -fomit-frame-pointer -funroll-loops (test for excess errors)
FAIL: gfortran.dg/enum_10.f90 -O3 -fomit-frame-pointer -funroll-all-loops -finline-functions (test for excess errors)
FAIL: gfortran.dg/enum_10.f90 -O3 -g (test for excess errors)
FAIL: gfortran.dg/enum_10.f90 -Os (test for excess errors)
FAIL: gfortran.dg/enum_9.f90 -O0 (test for excess errors)
FAIL: gfortran.dg/enum_9.f90 -O1 (test for excess errors)
FAIL: gfortran.dg/enum_9.f90 -O2 (test for excess errors)
FAIL: gfortran.dg/enum_9.f90 -O3 -fomit-frame-pointer (test for excess errors)
FAIL: gfortran.dg/enum_9.f90 -O3 -fomit-frame-pointer -funroll-loops (test for excess errors)
FAIL: gfortran.dg/enum_9.f90 -O3 -fomit-frame-pointer -funroll-all-loops -finline-functions (test for excess errors)
FAIL: gfortran.dg/enum_9.f90 -O3 -g (test for excess errors)
FAIL: gfortran.dg/enum_9.f90 -Os (test for excess errors)
FAIL: gfortran.dg/lto/pr45586-2 f_lto_pr45586-2_0.o-f_lto_pr45586-2_0.o link, -O0 -flto -flto-partition=none -fuse-linker-plugin (internal compiler error)
UNRESOLVED: gfortran.dg/lto/pr45586-2 f_lto_pr45586-2_0.o-f_lto_pr45586-2_0.o execute -O0 -flto -flto-partition=none -fuse-linker-plugin
FAIL: gfortran.dg/lto/pr45586-2 f_lto_pr45586-2_0.o-f_lto_pr45586-2_0.o link, -O0 -flto -flto-partition=1to1 -fno-use-linker-plugin (internal compiler error)
UNRESOLVED: gfortran.dg/lto/pr45586-2 f_lto_pr45586-2_0.o-f_lto_pr45586-2_0.o execute -O0 -flto -flto-partition=1to1 -fno-use-linker-plugin
FAIL: gfortran.dg/lto/pr45586-2 f_lto_pr45586-2_0.o-f_lto_pr45586-2_0.o link, -O0 -flto -fuse-linker-plugin -fno-fat-lto-objects (internal compiler error)
UNRESOLVED: gfortran.dg/lto/pr45586-2 f_lto_pr45586-2_0.o-f_lto_pr45586-2_0.o execute -O0 -flto -fuse-linker-plugin -fno-fat-lto-objects
FAIL: gfortran.dg/lto/pr45586 f_lto_pr45586_0.o-f_lto_pr45586_0.o link, -O0 -flto -flto-partition=none -fuse-linker-plugin (internal compiler error)
UNRESOLVED: gfortran.dg/lto/pr45586 f_lto_pr45586_0.o-f_lto_pr45586_0.o execute -O0 -flto -flto-partition=none -fuse-linker-plugin
FAIL: gfortran.dg/lto/pr45586 f_lto_pr45586_0.o-f_lto_pr45586_0.o link, -O2 -flto -flto-partition=none -fuse-linker-plugin -fno-fat-lto-objects (internal compiler error)
UNRESOLVED: gfortran.dg/lto/pr45586 f_lto_pr45586_0.o-f_lto_pr45586_0.o execute -O2 -flto -flto-partition=none -fuse-linker-plugin -fno-fat-lto-objects
FAIL: gfortran.dg/lto/pr45586 f_lto_pr45586_0.o-f_lto_pr45586_0.o link, -O0 -flto -flto-partition=1to1 -fno-use-linker-plugin (internal compiler error)
UNRESOLVED: gfortran.dg/lto/pr45586 f_lto_pr45586_0.o-f_lto_pr45586_0.o execute -O0 -flto -flto-partition=1to1 -fno-use-linker-plugin
FAIL: gfortran.dg/lto/pr45586 f_lto_pr45586_0.o-f_lto_pr45586_0.o link, -O2 -flto -flto-partition=1to1 -fno-use-linker-plugin (internal compiler error)
UNRESOLVED: gfortran.dg/lto/pr45586 f_lto_pr45586_0.o-f_lto_pr45586_0.o execute -O2 -flto -flto-partition=1to1 -fno-use-linker-plugin
FAIL: gfortran.dg/lto/pr45586 f_lto_pr45586_0.o-f_lto_pr45586_0.o link, -O0 -flto -fuse-linker-plugin -fno-fat-lto-objects (internal compiler error)
UNRESOLVED: gfortran.dg/lto/pr45586 f_lto_pr45586_0.o-f_lto_pr45586_0.o execute -O0 -flto -fuse-linker-plugin -fno-fat-lto-objects
FAIL: gfortran.dg/lto/pr45586 f_lto_pr45586_0.o-f_lto_pr45586_0.o link, -O2 -flto -fuse-linker-plugin (internal compiler error)
UNRESOLVED: gfortran.dg/lto/pr45586 f_lto_pr45586_0.o-f_lto_pr45586_0.o execute -O2 -flto -fuse-linker-plugin
FAIL: gfortran.dg/vect/pr19049.f90 -O scan-tree-dump-times vect "complicated access pattern" 1
FAIL: gfortran.dg/vect/pr32380.f -O scan-tree-dump-times vect "vectorized 7 loops" 1
=== gfortran Summary ===
# of expected passes 40010
# of unexpected failures 27
# of expected failures 56
# of unresolved testcases 9
# of unsupported tests 403
/build/buildd-gcc-snapshot_20120313-1-armhf-YrICj6/gcc-snapshot-20120313/build/gcc/testsuite/gfortran/../../gfortran version 4.8.0 20120313 (experimental) [trunk revision 185345] (Debian 20120313-1)
=== obj-c++ tests ===
Running target unix
=== obj-c++ Summary ===
# of expected passes 1450
# of expected failures 2
# of unsupported tests 86
/build/buildd-gcc-snapshot_20120313-1-armhf-YrICj6/gcc-snapshot-20120313/build/gcc/testsuite/obj-c++/../../g++ version 4.8.0 20120313 (experimental) [trunk revision 185345] (Debian 20120313-1)
=== objc tests ===
Running target unix
FAIL: objc.dg-struct-layout-encoding-1/t025_main.m execution test
FAIL: objc.dg-struct-layout-encoding-1/t027_main.m execution test
FAIL: objc.dg-struct-layout-encoding-1/t028_main.m execution test
FAIL: objc.dg-struct-layout-encoding-1/t029_main.m execution test
FAIL: objc.dg-struct-layout-encoding-1/t030_main.m execution test
FAIL: objc.dg-struct-layout-encoding-1/t031_main.m execution test
=== objc Summary ===
# of expected passes 2988
# of unexpected failures 6
# of unsupported tests 74
/build/buildd-gcc-snapshot_20120313-1-armhf-YrICj6/gcc-snapshot-20120313/build/gcc/xgcc version 4.8.0 20120313 (experimental) [trunk revision 185345] (Debian 20120313-1)
Compiler version: 4.8.0 20120313 (experimental) [trunk revision 185345] (Debian 20120313-1)
Platform: arm-unknown-linux-gnueabihf
configure flags: -v --with-pkgversion='Debian 20120313-1' --with-bugurl=file:///usr/share/doc/gcc-snapshot/README.Bugs --enable-languages=c,c++,java,fortran,objc,obj-c++ --prefix=/usr/lib/gcc-snapshot --enable-shared --enable-linker-build-id --with-system-zlib --disable-nls --with-sysroot=/ --enable-clocale=gnu --enable-libstdcxx-debug --enable-libstdcxx-time=yes --enable-gnu-unique-object --disable-libitm --enable-plugin --disable-browser-plugin --enable-java-awt=gtk --enable-gtk-cairo --with-java-home=/usr/lib/jvm/java-1.5.0-gcj-4.8-snap/jre --enable-java-home --with-jvm-root-dir=/usr/lib/jvm/java-1.5.0-gcj-4.8-snap --with-jvm-jar-dir=/usr/lib/jvm-exports/java-1.5.0-gcj-4.8-snap --with-arch-directory=arm --with-ecj-jar=/usr/share/java/eclipse-ecj.jar --enable-objc-gc --disable-sjlj-exceptions --with-arch=armv7-a --with-float=hard --with-fpu=vfpv3-d16 --with-mode=thumb --disable-werror --enable-checking=yes --build=arm-linux-gnueabihf --host=arm-linux-gnueabihf --target=arm-linux-gnueabihf
BOOT_CFLAGS=
Build Dependencies:
Desired=Unknown/Install/Remove/Purge/Hold
| Status=Not/Inst/Conf-files/Unpacked/halF-conf/Half-inst/trig-aWait/Trig-pend
|/ Err?=(none)/Reinst-required (Status,Err: uppercase=bad)
||/ Name Version Description
+++-=================================-========================-========================================================================
ii binutils 2.22-6 GNU assembler, linker and binary utilities
ii g++-4.6 4.6.3-1 GNU C++ compiler
ii libc6 2.13-27 Embedded GNU C Library: Shared libraries
ii libcloog-ppl-dev 0.15.11-4 Chunky Loop Generator (development files)
ii libgmp-dev 2:5.0.4+dfsg-1 Multiprecision arithmetic library developers tools
ii libmpc-dev 0.9-4+b1 multiple precision complex floating-point library development package
ii libmpfr-dev 3.1.0-4 multiple precision floating-point computation developers tools
ii libppl0.11-dev 0.11.2-6+b1 Parma Polyhedra Library (development)
gcc-sysroot:
libgo-mksysinfo:
libgo: Fix TIOCNOTTY and TIOCSCTTY definitions
arm-dynamic-linker:
For ARM hard float, set the dynamic linker to
/lib/arm-linux-gnueabihf/ld-linux.so.3.
gcc-ice-hack:
Retry the build on an ice, save the calling options and preprocessed
source when the ice is reproducible.
gcc-ice-apport:
Report an ICE to apport (if apport is available
and the environment variable GCC_NOAPPORT is not set)
libjava-fixed-symlinks:
Remove unneed '..' elements from symlinks in JAVA_HOME
libstdc++-arm-wno-abi:
Temporary work around:
On arm-linux-gnueabi run the libstdc++v3 testsuite with -Wno-abi
ada-mips:
Improve support for mips.
libffi-ro-eh_frame_sect:
PR libffi/47248, force a read only eh frame section.
gcc-multiarch:
Add multiarch support to GCC.
Convert the multilib option to a target triplet,
add multiarch include directories and libraries path:
/usr/local/include/<arch>-linux-gnu
/usr/include/<arch>-linux-gnu
/usr/lib/<arch>-linux-gnu
to the system paths.
libjava-nobiarch-check:
For biarch builds, disable the testsuite for the non-default architecture
for runtime libraries, which are not built by default (libjava).
config-ml:
disable some biarch libraries for biarch builds
gcc-powerpc-nof:
Don't build nof multlib on powerpc.
gcc-powerpc-undef:
Undefine LINK_EH_SPEC before redefining it
http://gcc.gnu.org/ml/gcc-patches/2011-02/msg01082.html
gcc-no-add-needed:
On linux targets pass --no-add-needed to the linker.
mips-fix-loongson2f-nop:
On mips, pass -mfix-loongson2f-nop to as, if -mno-fix-loongson2f-nop
is not passed.
libgomp-kfreebsd-testsuite:
Disable lock-2.c test on kfreebsd-*
armhf-triplet:
add support for arm-linux-*eabi* triplets; useful for armhf
Counting all warnings,
there are 0 warnings in stage3 of this bootstrap.
Number of warnings per file:
Number of warning types: