This is the mail archive of the
gcc-testresults@gcc.gnu.org
mailing list for the GCC project.
Results for 4.6.3 (GCC) testsuite on i386-pc-solaris2.10
- From: Sean McGovern <sean at seanmcgovern dot ca>
- To: gcc-testresults at gcc dot gnu dot org
- Date: Thu, 15 Mar 2012 18:28:55 -0400 (EDT)
- Subject: Results for 4.6.3 (GCC) testsuite on i386-pc-solaris2.10
\$ uname -a
SunOS tsukimi 5.10 Generic_142910-17 i86pc i386 i86pc
\$ cat /etc/release
Oracle Solaris 10 9/10 s10x_u9wos_14a X86
Copyright (c) 2010, Oracle and/or its affiliates. All rights reserved.
Assembled 11 August 2010
\$ /usr/local/bin/as --version
GNU assembler (GNU Binutils) 2.21.1
\$ /usr/ccs/bin/ld -V
ld: Software Generation Utilities - Solaris Link Editors: 5.10-1.500
\$ /usr/sbin/psrinfo -pv
The physical processor has 1 virtual processor (0)
x86 (GenuineIntel family 6 model 23 step 6 clock 2393 MHz)
Intel(r) Core(tm)2 Duo CPU T8300 @ 2.40GHz
The physical processor has 1 virtual processor (1)
x86 (GenuineIntel family 6 model 23 step 6 clock 2393 MHz)
Intel(r) Core(tm)2 Duo CPU T8300 @ 2.40GHz
Bootstrapped with :
\$ /usr/sfw/bin/gcc -v
Reading specs from /usr/sfw/lib/gcc/i386-pc-solaris2.10/3.4.3/specs
Configured with: /builds/sfw10-gate/usr/src/cmd/gcc/gcc-3.4.3/configure --prefix=/usr/sfw --with-as=/usr/sfw/bin/gas --with-gnu-as --with-ld=/usr/ccs/bin/ld --without-gnu-ld --enable-languages=c,c++ --enable-shared
Thread model: posix
gcc version 3.4.3 (csl-sol210-3_4-branch+sol_rpath)
********
LAST_UPDATED: Obtained from SVN: tags/gcc_4_6_3_release revision 184738
Native configuration is i386-pc-solaris2.10
=== g++ tests ===
Running target unix/-m32
XPASS: g++.dg/uninit-pred-3_b.C (test for excess errors)
=== g++ Summary for unix/-m32 ===
# of expected passes 27089
# of unexpected successes 1
# of expected failures 169
# of unsupported tests 191
Running target unix/-m64
XPASS: g++.dg/uninit-pred-3_b.C (test for excess errors)
=== g++ Summary for unix/-m64 ===
# of expected passes 27313
# of unexpected successes 1
# of expected failures 169
# of unsupported tests 398
=== g++ Summary ===
# of expected passes 54402
# of unexpected successes 2
# of expected failures 338
# of unsupported tests 589
/BUILD/gcc/obj-4.6.3/gcc/testsuite/g++/../../g++ version 4.6.3 (GCC)
=== gcc tests ===
Running target unix/-m32
FAIL: gcc.dg/lto/20110201-1 c_lto_20110201-1_0.o-c_lto_20110201-1_0.o link, -O0 -flto
UNRESOLVED: gcc.dg/lto/20110201-1 c_lto_20110201-1_0.o-c_lto_20110201-1_0.o execute -O0 -flto
=== gcc Summary for unix/-m32 ===
# of expected passes 76873
# of unexpected failures 1
# of expected failures 213
# of unresolved testcases 1
# of unsupported tests 800
Running target unix/-m64
=== gcc Summary for unix/-m64 ===
# of expected passes 76978
# of expected failures 212
# of unsupported tests 1200
=== gcc Summary ===
# of expected passes 153851
# of unexpected failures 1
# of expected failures 425
# of unresolved testcases 1
# of unsupported tests 2000
/BUILD/gcc/obj-4.6.3/gcc/xgcc version 4.6.3 (GCC)
=== gfortran tests ===
Running target unix/-m32
=== gfortran Summary for unix/-m32 ===
# of expected passes 38750
# of expected failures 41
# of unsupported tests 236
Running target unix/-m64
=== gfortran Summary for unix/-m64 ===
# of expected passes 39055
# of expected failures 41
# of unsupported tests 88
=== gfortran Summary ===
# of expected passes 77805
# of expected failures 82
# of unsupported tests 324
/BUILD/gcc/obj-4.6.3/gcc/testsuite/gfortran/../../gfortran version 4.6.3 (GCC)
=== objc tests ===
Running target unix/-m32
=== objc Summary for unix/-m32 ===
# of expected passes 2920
# of expected failures 6
# of unsupported tests 74
Running target unix/-m64
=== objc Summary for unix/-m64 ===
# of expected passes 2910
# of expected failures 16
# of unsupported tests 74
=== objc Summary ===
# of expected passes 5830
# of expected failures 22
# of unsupported tests 148
/BUILD/gcc/obj-4.6.3/gcc/xgcc version 4.6.3 (GCC)
=== libffi tests ===
Running target unix/-m64
=== libffi Summary for unix/-m64 ===
# of expected passes 1634
# of expected failures 10
# of unsupported tests 15
Running target unix/-m32
=== libffi Summary for unix/-m32 ===
# of expected passes 1634
# of expected failures 10
# of unsupported tests 15
=== libffi Summary ===
# of expected passes 3268
# of expected failures 20
# of unsupported tests 30
=== libgomp tests ===
Running target unix/-m64
=== libgomp Summary for unix/-m64 ===
# of expected passes 2628
# of unsupported tests 3
Running target unix/-m32
=== libgomp Summary for unix/-m32 ===
# of expected passes 2628
# of unsupported tests 3
=== libgomp Summary ===
# of expected passes 5256
# of unsupported tests 6
=== libjava tests ===
Running target unix/-m64
=== libjava Summary for unix/-m64 ===
# of expected passes 2574
Running target unix/-m32
=== libjava Summary for unix/-m32 ===
# of expected passes 2574
=== libjava Summary ===
# of expected passes 5148
=== libstdc++ tests ===
Running target unix/-m32
=== libstdc++ Summary for unix/-m32 ===
# of expected passes 7410
# of expected failures 84
# of unsupported tests 469
Running target unix/-m64
FAIL: 22_locale/num_put/put/char/14220.cc execution test
FAIL: 22_locale/num_put/put/wchar_t/14220.cc execution test
=== libstdc++ Summary for unix/-m64 ===
# of expected passes 7410
# of unexpected failures 2
# of expected failures 82
# of unsupported tests 469
=== libstdc++ Summary ===
# of expected passes 14820
# of unexpected failures 2
# of expected failures 166
# of unsupported tests 938
Compiler version: 4.6.3 (GCC)
Platform: i386-pc-solaris2.10
configure flags: --prefix=/opt/gnu/gcc --target=i386-pc-solaris2.10 --with-gnu-as --with-as=/usr/local/bin/as --with-gmp=/opt/gnu --with-mpfr=/opt/gnu --with-mpc=/opt/gnu --without-ppl --without-cloog --disable-libmudflap --disable-libssp --enable-languages=all --program-suffix=-4.6
BOOT_CFLAGS=-g -O2