This is the mail archive of the gcc-testresults@gcc.gnu.org mailing list for the GCC project.


Index Nav: [Date Index] [Subject Index] [Author Index] [Thread Index]
Message Nav: [Date Prev] [Date Next] [Thread Prev] [Thread Next]
Other format: [Raw text]

Results for 4.8.0 20120315 (experimental) (GCC) testsuite on x86_64-unknown-freebsd8.3


Native configuration is x86_64-unknown-freebsd8.3

		=== g++ tests ===


Running target unix
UNRESOLVED: attribute_plugin.c compilation, -I. -I/scratch/tmp/gerald/gcc-HEAD/gcc/testsuite -I/scratch/tmp/gerald/gcc-HEAD/gcc/testsuite/../../gcc -I/scratch2/scratch/gerald/OBJ-0315-1848/gcc/testsuite/g++/../../../gcc  -I/scratch/tmp/gerald/gcc-HEAD/gcc/testsuite/../../include -I/scratch/tmp/gerald/gcc-HEAD/gcc/testsuite/../../libcpp/include  -I/home/gerald/8-amd64/include  -I/scratch2/scratch/gerald/OBJ-0315-1848/gcc/testsuite/g++/../../../intl  -DIN_GCC -fPIC -shared
UNRESOLVED: pragma_plugin.c compilation, -I. -I/scratch/tmp/gerald/gcc-HEAD/gcc/testsuite -I/scratch/tmp/gerald/gcc-HEAD/gcc/testsuite/../../gcc -I/scratch2/scratch/gerald/OBJ-0315-1848/gcc/testsuite/g++/../../../gcc  -I/scratch/tmp/gerald/gcc-HEAD/gcc/testsuite/../../include -I/scratch/tmp/gerald/gcc-HEAD/gcc/testsuite/../../libcpp/include  -I/home/gerald/8-amd64/include  -I/scratch2/scratch/gerald/OBJ-0315-1848/gcc/testsuite/g++/../../../intl  -DIN_GCC -fPIC -shared
UNRESOLVED: selfassign.c compilation, -I. -I/scratch/tmp/gerald/gcc-HEAD/gcc/testsuite -I/scratch/tmp/gerald/gcc-HEAD/gcc/testsuite/../../gcc -I/scratch2/scratch/gerald/OBJ-0315-1848/gcc/testsuite/g++/../../../gcc  -I/scratch/tmp/gerald/gcc-HEAD/gcc/testsuite/../../include -I/scratch/tmp/gerald/gcc-HEAD/gcc/testsuite/../../libcpp/include  -I/home/gerald/8-amd64/include  -I/scratch2/scratch/gerald/OBJ-0315-1848/gcc/testsuite/g++/../../../intl -O -DIN_GCC -fPIC -shared
UNRESOLVED: dumb_plugin.c compilation, -I. -I/scratch/tmp/gerald/gcc-HEAD/gcc/testsuite -I/scratch/tmp/gerald/gcc-HEAD/gcc/testsuite/../../gcc -I/scratch2/scratch/gerald/OBJ-0315-1848/gcc/testsuite/g++/../../../gcc  -I/scratch/tmp/gerald/gcc-HEAD/gcc/testsuite/../../include -I/scratch/tmp/gerald/gcc-HEAD/gcc/testsuite/../../libcpp/include  -I/home/gerald/8-amd64/include  -I/scratch2/scratch/gerald/OBJ-0315-1848/gcc/testsuite/g++/../../../intl  -DIN_GCC -fPIC -shared
UNRESOLVED: header_plugin.c compilation, -I. -I/scratch/tmp/gerald/gcc-HEAD/gcc/testsuite -I/scratch/tmp/gerald/gcc-HEAD/gcc/testsuite/../../gcc -I/scratch2/scratch/gerald/OBJ-0315-1848/gcc/testsuite/g++/../../../gcc  -I/scratch/tmp/gerald/gcc-HEAD/gcc/testsuite/../../include -I/scratch/tmp/gerald/gcc-HEAD/gcc/testsuite/../../libcpp/include  -I/home/gerald/8-amd64/include  -I/scratch2/scratch/gerald/OBJ-0315-1848/gcc/testsuite/g++/../../../intl  -DIN_GCC -fPIC -shared
UNRESOLVED: decl_plugin.c compilation, -I. -I/scratch/tmp/gerald/gcc-HEAD/gcc/testsuite -I/scratch/tmp/gerald/gcc-HEAD/gcc/testsuite/../../gcc -I/scratch2/scratch/gerald/OBJ-0315-1848/gcc/testsuite/g++/../../../gcc  -I/scratch/tmp/gerald/gcc-HEAD/gcc/testsuite/../../include -I/scratch/tmp/gerald/gcc-HEAD/gcc/testsuite/../../libcpp/include  -I/home/gerald/8-amd64/include  -I/scratch2/scratch/gerald/OBJ-0315-1848/gcc/testsuite/g++/../../../intl  -DIN_GCC -fPIC -shared
FAIL: g++.old-deja/g++.other/init18.C -std=c++98 execution test
FAIL: g++.old-deja/g++.other/init18.C -std=c++11 execution test
FAIL: g++.old-deja/g++.other/init19.C -std=c++98 execution test
FAIL: g++.old-deja/g++.other/init19.C -std=c++11 execution test

		=== g++ Summary ===

# of expected passes		47757
# of unexpected failures	4
# of expected failures		286
# of unresolved testcases	6
# of unsupported tests		619
/scratch2/scratch/gerald/OBJ-0315-1848/gcc/testsuite/g++/../../g++  version 4.8.0 20120315 (experimental) (GCC) 

		=== gcc tests ===


Running target unix
FAIL: gcc.dg/c99-stdint-1.c (test for excess errors)
FAIL: gcc.dg/c99-stdint-2.c (test for excess errors)
FAIL: gcc.dg/c99-stdint-5.c (test for excess errors)
FAIL: gcc.dg/c99-stdint-6.c (test for excess errors)
FAIL: gcc.dg/mallign.c execution test
FAIL: gcc.dg/utf-array-short-wchar.c  (test for errors, line 39)
FAIL: gcc.dg/utf-array-short-wchar.c  (test for errors, line 41)
FAIL: gcc.dg/utf-array-short-wchar.c (test for excess errors)
FAIL: largefile.c  -O0 -g -I. (internal compiler error)
FAIL: largefile.c  -O0 -g -I. (test for excess errors)
FAIL: gcc.dg/pch/largefile.c  -O0 -g assembly comparison
FAIL: largefile.c   -O0  -I. (internal compiler error)
FAIL: largefile.c   -O0  -I. (test for excess errors)
FAIL: gcc.dg/pch/largefile.c   -O0  assembly comparison
FAIL: largefile.c   -O1  -I. (internal compiler error)
FAIL: largefile.c   -O1  -I. (test for excess errors)
FAIL: gcc.dg/pch/largefile.c   -O1  assembly comparison
FAIL: largefile.c   -O2  -I. (internal compiler error)
FAIL: largefile.c   -O2  -I. (test for excess errors)
FAIL: gcc.dg/pch/largefile.c   -O2  assembly comparison
FAIL: largefile.c   -O3 -fomit-frame-pointer  -I. (internal compiler error)
FAIL: largefile.c   -O3 -fomit-frame-pointer  -I. (test for excess errors)
FAIL: gcc.dg/pch/largefile.c   -O3 -fomit-frame-pointer  assembly comparison
FAIL: largefile.c   -O3 -g  -I. (internal compiler error)
FAIL: largefile.c   -O3 -g  -I. (test for excess errors)
FAIL: gcc.dg/pch/largefile.c   -O3 -g  assembly comparison
FAIL: largefile.c   -Os  -I. (internal compiler error)
FAIL: largefile.c   -Os  -I. (test for excess errors)
FAIL: gcc.dg/pch/largefile.c   -Os  assembly comparison
UNRESOLVED: selfassign.c compilation, -I. -I/scratch/tmp/gerald/gcc-HEAD/gcc/testsuite -I/scratch/tmp/gerald/gcc-HEAD/gcc/testsuite/../../gcc -I/scratch2/scratch/gerald/OBJ-0315-1848/gcc/testsuite/gcc/../../../gcc  -I/scratch/tmp/gerald/gcc-HEAD/gcc/testsuite/../../include -I/scratch/tmp/gerald/gcc-HEAD/gcc/testsuite/../../libcpp/include  -I/home/gerald/8-amd64/include  -I/scratch2/scratch/gerald/OBJ-0315-1848/gcc/testsuite/gcc/../../../intl -O -DIN_GCC -fPIC -shared
UNRESOLVED: ggcplug.c compilation, -I. -I/scratch/tmp/gerald/gcc-HEAD/gcc/testsuite -I/scratch/tmp/gerald/gcc-HEAD/gcc/testsuite/../../gcc -I/scratch2/scratch/gerald/OBJ-0315-1848/gcc/testsuite/gcc/../../../gcc  -I/scratch/tmp/gerald/gcc-HEAD/gcc/testsuite/../../include -I/scratch/tmp/gerald/gcc-HEAD/gcc/testsuite/../../libcpp/include  -I/home/gerald/8-amd64/include  -I/scratch2/scratch/gerald/OBJ-0315-1848/gcc/testsuite/gcc/../../../intl -O -DIN_GCC -fPIC -shared
UNRESOLVED: one_time_plugin.c compilation, -I. -I/scratch/tmp/gerald/gcc-HEAD/gcc/testsuite -I/scratch/tmp/gerald/gcc-HEAD/gcc/testsuite/../../gcc -I/scratch2/scratch/gerald/OBJ-0315-1848/gcc/testsuite/gcc/../../../gcc  -I/scratch/tmp/gerald/gcc-HEAD/gcc/testsuite/../../include -I/scratch/tmp/gerald/gcc-HEAD/gcc/testsuite/../../libcpp/include  -I/home/gerald/8-amd64/include  -I/scratch2/scratch/gerald/OBJ-0315-1848/gcc/testsuite/gcc/../../../intl  -DIN_GCC -fPIC -shared
UNRESOLVED: start_unit_plugin.c compilation, -I. -I/scratch/tmp/gerald/gcc-HEAD/gcc/testsuite -I/scratch/tmp/gerald/gcc-HEAD/gcc/testsuite/../../gcc -I/scratch2/scratch/gerald/OBJ-0315-1848/gcc/testsuite/gcc/../../../gcc  -I/scratch/tmp/gerald/gcc-HEAD/gcc/testsuite/../../include -I/scratch/tmp/gerald/gcc-HEAD/gcc/testsuite/../../libcpp/include  -I/home/gerald/8-amd64/include  -I/scratch2/scratch/gerald/OBJ-0315-1848/gcc/testsuite/gcc/../../../intl  -DIN_GCC -fPIC -shared
UNRESOLVED: finish_unit_plugin.c compilation, -I. -I/scratch/tmp/gerald/gcc-HEAD/gcc/testsuite -I/scratch/tmp/gerald/gcc-HEAD/gcc/testsuite/../../gcc -I/scratch2/scratch/gerald/OBJ-0315-1848/gcc/testsuite/gcc/../../../gcc  -I/scratch/tmp/gerald/gcc-HEAD/gcc/testsuite/../../include -I/scratch/tmp/gerald/gcc-HEAD/gcc/testsuite/../../libcpp/include  -I/home/gerald/8-amd64/include  -I/scratch2/scratch/gerald/OBJ-0315-1848/gcc/testsuite/gcc/../../../intl  -DIN_GCC -fPIC -shared
FAIL: gcc.dg/tree-ssa/scev-3.c scan-tree-dump-times optimized "&a" 1
FAIL: gcc.dg/tree-ssa/scev-4.c scan-tree-dump-times optimized "&a" 1

		=== gcc Summary ===

# of expected passes		83731
# of unexpected failures	31
# of expected failures		256
# of unresolved testcases	5
# of unsupported tests		1385
/scratch2/scratch/gerald/OBJ-0315-1848/gcc/xgcc  version 4.8.0 20120315 (experimental) (GCC) 

		=== gfortran tests ===


Running target unix
UNRESOLVED: gfortran.dg/large_real_kind_2.F90  -O0  compilation failed to produce executable
UNRESOLVED: gfortran.dg/large_real_kind_2.F90  -O1  compilation failed to produce executable
UNRESOLVED: gfortran.dg/large_real_kind_2.F90  -O2  compilation failed to produce executable
UNRESOLVED: gfortran.dg/large_real_kind_2.F90  -O3 -fomit-frame-pointer  compilation failed to produce executable
UNRESOLVED: gfortran.dg/large_real_kind_2.F90  -O3 -fomit-frame-pointer -funroll-loops  compilation failed to produce executable
UNRESOLVED: gfortran.dg/large_real_kind_2.F90  -O3 -fomit-frame-pointer -funroll-all-loops -finline-functions  compilation failed to produce executable
UNRESOLVED: gfortran.dg/large_real_kind_2.F90  -O3 -g  compilation failed to produce executable
UNRESOLVED: gfortran.dg/large_real_kind_2.F90  -Os  compilation failed to produce executable
UNRESOLVED: gfortran.dg/large_real_kind_3.F90  -O0  compilation failed to produce executable
XPASS: gfortran.dg/large_real_kind_3.F90  -O1  (test for excess errors)
XPASS: gfortran.dg/large_real_kind_3.F90  -O2  (test for excess errors)
XPASS: gfortran.dg/large_real_kind_3.F90  -O3 -fomit-frame-pointer  (test for excess errors)
XPASS: gfortran.dg/large_real_kind_3.F90  -O3 -fomit-frame-pointer -funroll-loops  (test for excess errors)
XPASS: gfortran.dg/large_real_kind_3.F90  -O3 -fomit-frame-pointer -funroll-all-loops -finline-functions  (test for excess errors)
XPASS: gfortran.dg/large_real_kind_3.F90  -O3 -g  (test for excess errors)
XPASS: gfortran.dg/large_real_kind_3.F90  -Os  (test for excess errors)
FAIL: gfortran.dg/lto/pr45586-2 f_lto_pr45586-2_0.o-f_lto_pr45586-2_0.o link, -O0 -flto -flto-partition=none -fuse-linker-plugin (internal compiler error)
UNRESOLVED: gfortran.dg/lto/pr45586-2 f_lto_pr45586-2_0.o-f_lto_pr45586-2_0.o execute -O0 -flto -flto-partition=none -fuse-linker-plugin
FAIL: gfortran.dg/lto/pr45586-2 f_lto_pr45586-2_0.o-f_lto_pr45586-2_0.o link, -O0 -flto -flto-partition=1to1 -fno-use-linker-plugin  (internal compiler error)
UNRESOLVED: gfortran.dg/lto/pr45586-2 f_lto_pr45586-2_0.o-f_lto_pr45586-2_0.o execute -O0 -flto -flto-partition=1to1 -fno-use-linker-plugin 
FAIL: gfortran.dg/lto/pr45586-2 f_lto_pr45586-2_0.o-f_lto_pr45586-2_0.o link, -O0 -flto -fuse-linker-plugin -fno-fat-lto-objects  (internal compiler error)
UNRESOLVED: gfortran.dg/lto/pr45586-2 f_lto_pr45586-2_0.o-f_lto_pr45586-2_0.o execute -O0 -flto -fuse-linker-plugin -fno-fat-lto-objects 
FAIL: gfortran.dg/lto/pr45586 f_lto_pr45586_0.o-f_lto_pr45586_0.o link, -O0 -flto -flto-partition=none -fuse-linker-plugin (internal compiler error)
UNRESOLVED: gfortran.dg/lto/pr45586 f_lto_pr45586_0.o-f_lto_pr45586_0.o execute -O0 -flto -flto-partition=none -fuse-linker-plugin
FAIL: gfortran.dg/lto/pr45586 f_lto_pr45586_0.o-f_lto_pr45586_0.o link, -O0 -flto -flto-partition=1to1 -fno-use-linker-plugin  (internal compiler error)
UNRESOLVED: gfortran.dg/lto/pr45586 f_lto_pr45586_0.o-f_lto_pr45586_0.o execute -O0 -flto -flto-partition=1to1 -fno-use-linker-plugin 
FAIL: gfortran.dg/lto/pr45586 f_lto_pr45586_0.o-f_lto_pr45586_0.o link, -O0 -flto -fuse-linker-plugin -fno-fat-lto-objects  (internal compiler error)
UNRESOLVED: gfortran.dg/lto/pr45586 f_lto_pr45586_0.o-f_lto_pr45586_0.o execute -O0 -flto -fuse-linker-plugin -fno-fat-lto-objects 

		=== gfortran Summary ===

# of expected passes		41092
# of unexpected failures	6
# of unexpected successes	7
# of expected failures		51
# of unresolved testcases	15
# of unsupported tests		64
/scratch2/scratch/gerald/OBJ-0315-1848/gcc/testsuite/gfortran/../../gfortran  version 4.8.0 20120315 (experimental) (GCC) 

		=== objc tests ===


Running target unix

		=== objc Summary ===

# of expected passes		2988
# of expected failures		6
# of unsupported tests		74
/scratch2/scratch/gerald/OBJ-0315-1848/gcc/xgcc  version 4.8.0 20120315 (experimental) (GCC) 

		=== boehm-gc tests ===


Running target unix

		=== boehm-gc Summary ===

# of expected passes		12
# of unsupported tests		1
		=== libffi tests ===


Running target unix

		=== libffi Summary ===

# of expected passes		1659
# of unsupported tests		55
		=== libjava tests ===


Running target unix
FAIL: PR16923.c compilation
FAIL: Throw_2 execution - source compiled test
FAIL: Throw_2 -findirect-dispatch execution - source compiled test
FAIL: Throw_2 -O3 execution - source compiled test
FAIL: Throw_2 -O3 -findirect-dispatch execution - source compiled test

		=== libjava Summary ===

# of expected passes		2564
# of unexpected failures	5
# of untested testcases		4
		=== libmudflap tests ===


Running target unix
FAIL: libmudflap.c++/pass55-frag.cxx ( -O) execution test

		=== libmudflap Summary ===

# of expected passes		1905
# of unexpected failures	1
		=== libstdc++ tests ===


Running target unix
FAIL: 22_locale/locale/cons/12438.cc execution test
FAIL: 26_numerics/headers/cmath/c99_classification_macros_c.cc (test for excess errors)
FAIL: 27_io/basic_istream/extractors_arithmetic/char/12.cc execution test
FAIL: 27_io/basic_istream/extractors_arithmetic/wchar_t/12.cc execution test
FAIL: 27_io/objects/wchar_t/9662.cc execution test

		=== libstdc++ Summary ===

# of expected passes		7769
# of unexpected failures	5
# of expected failures		42
# of unsupported tests		574

		=== libstdc++ Summary ===


Compiler version: 4.8.0 20120315 (experimental) (GCC) 
Platform: x86_64-unknown-freebsd8.3
configure flags: --prefix=/scratch/tmp/gerald/gcc-ref8-amd64 --with-gmp=/home/gerald/8-amd64 --with-as=/home/gerald/8-amd64/bin/as --with-ld=/home/gerald/8-amd64/bin/ld


Index Nav: [Date Index] [Subject Index] [Author Index] [Thread Index]
Message Nav: [Date Prev] [Date Next] [Thread Prev] [Thread Next]