This is the mail archive of the
gcc-testresults@gcc.gnu.org
mailing list for the GCC project.
Results for gcc testsuite on x86_64-unknown-linux-gnu
- From: x32 at gnu-35 dot sc dot intel dot com (H.J. Lu (x32))
- To: gcc-testresults at gcc dot gnu dot org
- Date: Thu, 15 Mar 2012 08:31:56 -0700
- Subject: Results for gcc testsuite on x86_64-unknown-linux-gnu
LAST_UPDATED: Thu Mar 15 14:25:28 UTC 2012 (revision 185432)
Native configuration is x86_64-unknown-linux-gnu
=== g++ tests ===
Running target unix/-mx32
=== g++ Summary ===
Running target unix/-mx32
=== gcc tests ===
Running target unix/-mx32
=== gcc Summary ===
# of expected passes 13536
Running target unix/-mx32
=== gfortran tests ===
Running target unix/-mx32
=== gfortran Summary ===
Running target unix/-mx32
=== objc tests ===
Running target unix/-mx32
=== objc Summary ===
# of expected passes 1184
=== libmudflap tests ===
Running target unix/-mx32
FAIL: libmudflap.c++/pass55-frag.cxx ( -O) execution test
FAIL: libmudflap.cth/pass39-frag.c (-O2) (rerun 3) execution test
FAIL: libmudflap.cth/pass39-frag.c (-O2) (rerun 3) output pattern test
=== libmudflap Summary ===
# of expected passes 1433
# of unexpected failures 3
=== libstdc++ tests ===
Running target unix/-mx32
=== libstdc++ Summary ===
# of expected passes 8850
# of expected failures 43
# of unsupported tests 169
Compiler version: gcc
Platform: x86_64-unknown-linux-gnu
configure flags: --prefix=/usr/local --enable-clocale=gnu --with-system-zlib --enable-shared --with-demangler-in-ld --with-multilib-list=m32,m64,mx32 --with-fpmath=sse --enable-languages=c,c++,fortran,objc