This is the mail archive of the
gcc-testresults@gcc.gnu.org
mailing list for the GCC project.
Results for 4.6.3 (GCC) testsuite on x86_64-apple-darwin10.8.0
- From: sean at seanmcgovern dot ca (Sean McGovern)
- To: gcc-testresults at gcc dot gnu dot org
- Date: Thu, 15 Mar 2012 00:42:20 -0400 (EDT)
- Subject: Results for 4.6.3 (GCC) testsuite on x86_64-apple-darwin10.8.0
LAST_UPDATED: Obtained from SVN: tags/gcc_4_6_3_release revision 184738
Native configuration is x86_64-apple-darwin10.8.0
=== g++ tests ===
Running target unix/-m32
UNRESOLVED: g++.dg/ext/label13.C compilation failed to produce executable
XPASS: g++.dg/uninit-pred-3_b.C (test for excess errors)
=== g++ Summary for unix/-m32 ===
# of expected passes 25630
# of unexpected successes 1
# of expected failures 167
# of unresolved testcases 1
# of unsupported tests 212
Running target unix/-m64
UNRESOLVED: g++.dg/ext/label13.C compilation failed to produce executable
XPASS: g++.dg/uninit-pred-3_b.C (test for excess errors)
=== g++ Summary for unix/-m64 ===
# of expected passes 25939
# of unexpected successes 1
# of expected failures 167
# of unresolved testcases 1
# of unsupported tests 370
=== g++ Summary ===
# of expected passes 51569
# of unexpected successes 2
# of expected failures 334
# of unresolved testcases 2
# of unsupported tests 582
/BUILD/gcc/obj-4.6.3/gcc/testsuite/g++/../../g++ version 4.6.3 (GCC)
=== gcc tests ===
Running target unix/-m32
=== gcc Summary for unix/-m32 ===
# of expected passes 64185
# of expected failures 214
# of unsupported tests 1331
Running target unix/-m64
FAIL: gcc.dg/matrix/transpose-3.c execution, -fprofile-use -fipa-matrix-reorg -fdump-ipa-matrix-reorg -O3 -fwhole-program
FAIL: gcc.target/i386/pr49866.c (test for excess errors)
=== gcc Summary for unix/-m64 ===
# of expected passes 64479
# of unexpected failures 2
# of expected failures 215
# of unsupported tests 1625
=== gcc Summary ===
# of expected passes 128664
# of unexpected failures 2
# of expected failures 429
# of unsupported tests 2956
/BUILD/gcc/obj-4.6.3/gcc/xgcc version 4.6.3 (GCC)
=== gfortran tests ===
Running target unix/-m32
WARNING: program timed out.
WARNING: program timed out.
=== gfortran Summary for unix/-m32 ===
# of expected passes 38631
# of expected failures 53
# of unsupported tests 209
Running target unix/-m64
=== gfortran Summary for unix/-m64 ===
# of expected passes 38918
# of expected failures 53
# of unsupported tests 71
=== gfortran Summary ===
# of expected passes 77549
# of expected failures 106
# of unsupported tests 280
/BUILD/gcc/obj-4.6.3/gcc/testsuite/gfortran/../../gfortran version 4.6.3 (GCC)
=== objc tests ===
Running target unix/-m32
=== objc Summary for unix/-m32 ===
# of expected passes 5791
# of expected failures 6
# of unsupported tests 74
Running target unix/-m64
WARNING: program timed out.
=== objc Summary for unix/-m64 ===
# of expected passes 5743
# of expected failures 22
# of unsupported tests 86
=== objc Summary ===
# of expected passes 11534
# of expected failures 28
# of unsupported tests 160
/BUILD/gcc/obj-4.6.3/gcc/xgcc version 4.6.3 (GCC)
=== libffi tests ===
Running target unix/-m64
=== libffi Summary for unix/-m64 ===
# of expected passes 1634
# of expected failures 10
# of unsupported tests 15
Running target unix/-m32
=== libffi Summary for unix/-m32 ===
# of expected passes 1634
# of expected failures 10
# of unsupported tests 15
=== libffi Summary ===
# of expected passes 3268
# of expected failures 20
# of unsupported tests 30
=== libgomp tests ===
Running target unix/-m64
=== libgomp Summary for unix/-m64 ===
# of expected passes 2674
# of unsupported tests 3
Running target unix/-m32
=== libgomp Summary for unix/-m32 ===
# of expected passes 2674
# of unsupported tests 3
=== libgomp Summary ===
# of expected passes 5348
# of unsupported tests 6
=== libjava tests ===
Running target unix/-m64
=== libjava Summary for unix/-m64 ===
# of expected passes 2574
Running target unix/-m32
FAIL: Thread_Sleep_2 -findirect-dispatch output - source compiled test
FAIL: Thread_Sleep_2 -O3 output - source compiled test
FAIL: Thread_Sleep_2 -O3 -findirect-dispatch output - source compiled test
=== libjava Summary for unix/-m32 ===
# of expected passes 2571
# of unexpected failures 3
=== libjava Summary ===
# of expected passes 5145
# of unexpected failures 3
=== libstdc++ tests ===
Running target unix/-m32
=== libstdc++ Summary for unix/-m32 ===
# of expected passes 7071
# of expected failures 82
# of unsupported tests 653
Running target unix/-m64
=== libstdc++ Summary for unix/-m64 ===
# of expected passes 7069
# of expected failures 82
# of unsupported tests 654
=== libstdc++ Summary ===
# of expected passes 14140
# of expected failures 164
# of unsupported tests 1307
=== libstdc++ Summary ===
Compiler version: 4.6.3 (GCC)
Platform: x86_64-apple-darwin10.8.0
configure flags: --prefix=/opt/gnu/gcc --target=x86_64-apple-darwin10.8.0 --host=x86_64-apple-darwin10.8.0 --build=x86_64-apple-darwin10.8.0 --with-tune=core2 --with-gmp=/opt/gnu --with-mpfr=/opt/gnu --with-mpc=/opt/gnu --with-ppl=/opt/gnu --with-cloog=/opt/gnu --enable-cloog-backend=isl --disable-libmudflap --disable-libssp --enable-languages=all --program-suffix=-4.6