This is the mail archive of the
gcc-testresults@gcc.gnu.org
mailing list for the GCC project.
Results for 4.8.0 20120312 (experimental) (GCC) testsuite on x86_64-unknown-linux-gnu
- From: hjl at gnu-32 dot sc dot intel dot com (H.J. Lu (Intel64))
- To: gcc-testresults at gcc dot gnu dot org
- Date: Wed, 14 Mar 2012 11:45:52 -0700
- Subject: Results for 4.8.0 20120312 (experimental) (GCC) testsuite on x86_64-unknown-linux-gnu
=== acats tests ===
=== acats Summary ===
# of expected passes 2320
# of unexpected failures 0
Native configuration is x86_64-unknown-linux-gnu
=== gcc tests ===
Running target unix/-mx32 -maddress-mode=long
XPASS: gcc.dg/inline_3.c (test for excess errors)
XPASS: gcc.dg/inline_4.c (test for excess errors)
XPASS: gcc.dg/unroll_2.c (test for excess errors)
XPASS: gcc.dg/unroll_3.c (test for excess errors)
XPASS: gcc.dg/unroll_4.c (test for excess errors)
WARNING: program timed out.
=== gcc Summary for unix/-mx32 -maddress-mode=long ===
Running target unix/-mx32
XPASS: gcc.dg/inline_3.c (test for excess errors)
XPASS: gcc.dg/inline_4.c (test for excess errors)
XPASS: gcc.dg/unroll_2.c (test for excess errors)
XPASS: gcc.dg/unroll_3.c (test for excess errors)
XPASS: gcc.dg/unroll_4.c (test for excess errors)
FAIL: gcc.dg/simulate-thread/atomic-load-int128.c -O0 -g thread simulation test
FAIL: gcc.dg/simulate-thread/atomic-load-longlong.c -O0 -g thread simulation test
=== gcc Summary for unix/-mx32 ===
=== gcc Summary ===
# of expected passes 170188
# of unexpected failures 2
# of unexpected successes 10
# of expected failures 518
# of unsupported tests 2500
/export/build/gnu/gcc-addr32/build-x86_64-linux/gcc/xgcc version 4.8.0 20120312 (experimental) (GCC)
=== gfortran tests ===
Running target unix/-mx32 -maddress-mode=long
FAIL: gfortran.dg/lto/pr45586-2 f_lto_pr45586-2_0.o-f_lto_pr45586-2_0.o link, -O0 -flto -flto-partition=none -fuse-linker-plugin (internal compiler error)
UNRESOLVED: gfortran.dg/lto/pr45586-2 f_lto_pr45586-2_0.o-f_lto_pr45586-2_0.o execute -O0 -flto -flto-partition=none -fuse-linker-plugin
FAIL: gfortran.dg/lto/pr45586-2 f_lto_pr45586-2_0.o-f_lto_pr45586-2_0.o link, -O0 -flto -flto-partition=1to1 -fno-use-linker-plugin (internal compiler error)
UNRESOLVED: gfortran.dg/lto/pr45586-2 f_lto_pr45586-2_0.o-f_lto_pr45586-2_0.o execute -O0 -flto -flto-partition=1to1 -fno-use-linker-plugin
FAIL: gfortran.dg/lto/pr45586-2 f_lto_pr45586-2_0.o-f_lto_pr45586-2_0.o link, -O0 -flto -fuse-linker-plugin -fno-fat-lto-objects (internal compiler error)
UNRESOLVED: gfortran.dg/lto/pr45586-2 f_lto_pr45586-2_0.o-f_lto_pr45586-2_0.o execute -O0 -flto -fuse-linker-plugin -fno-fat-lto-objects
FAIL: gfortran.dg/lto/pr45586 f_lto_pr45586_0.o-f_lto_pr45586_0.o link, -O0 -flto -flto-partition=none -fuse-linker-plugin (internal compiler error)
UNRESOLVED: gfortran.dg/lto/pr45586 f_lto_pr45586_0.o-f_lto_pr45586_0.o execute -O0 -flto -flto-partition=none -fuse-linker-plugin
FAIL: gfortran.dg/lto/pr45586 f_lto_pr45586_0.o-f_lto_pr45586_0.o link, -O0 -flto -flto-partition=1to1 -fno-use-linker-plugin (internal compiler error)
UNRESOLVED: gfortran.dg/lto/pr45586 f_lto_pr45586_0.o-f_lto_pr45586_0.o execute -O0 -flto -flto-partition=1to1 -fno-use-linker-plugin
FAIL: gfortran.dg/lto/pr45586 f_lto_pr45586_0.o-f_lto_pr45586_0.o link, -O0 -flto -fuse-linker-plugin -fno-fat-lto-objects (internal compiler error)
UNRESOLVED: gfortran.dg/lto/pr45586 f_lto_pr45586_0.o-f_lto_pr45586_0.o execute -O0 -flto -fuse-linker-plugin -fno-fat-lto-objects
=== gfortran Summary for unix/-mx32 -maddress-mode=long ===
# of expected passes 4014
Running target unix/-mx32
FAIL: gfortran.dg/lto/pr45586-2 f_lto_pr45586-2_0.o-f_lto_pr45586-2_0.o link, -O0 -flto -flto-partition=none -fuse-linker-plugin (internal compiler error)
UNRESOLVED: gfortran.dg/lto/pr45586-2 f_lto_pr45586-2_0.o-f_lto_pr45586-2_0.o execute -O0 -flto -flto-partition=none -fuse-linker-plugin
FAIL: gfortran.dg/lto/pr45586-2 f_lto_pr45586-2_0.o-f_lto_pr45586-2_0.o link, -O0 -flto -flto-partition=1to1 -fno-use-linker-plugin (internal compiler error)
UNRESOLVED: gfortran.dg/lto/pr45586-2 f_lto_pr45586-2_0.o-f_lto_pr45586-2_0.o execute -O0 -flto -flto-partition=1to1 -fno-use-linker-plugin
FAIL: gfortran.dg/lto/pr45586-2 f_lto_pr45586-2_0.o-f_lto_pr45586-2_0.o link, -O0 -flto -fuse-linker-plugin -fno-fat-lto-objects (internal compiler error)
UNRESOLVED: gfortran.dg/lto/pr45586-2 f_lto_pr45586-2_0.o-f_lto_pr45586-2_0.o execute -O0 -flto -fuse-linker-plugin -fno-fat-lto-objects
FAIL: gfortran.dg/lto/pr45586 f_lto_pr45586_0.o-f_lto_pr45586_0.o link, -O0 -flto -flto-partition=none -fuse-linker-plugin (internal compiler error)
UNRESOLVED: gfortran.dg/lto/pr45586 f_lto_pr45586_0.o-f_lto_pr45586_0.o execute -O0 -flto -flto-partition=none -fuse-linker-plugin
FAIL: gfortran.dg/lto/pr45586 f_lto_pr45586_0.o-f_lto_pr45586_0.o link, -O0 -flto -flto-partition=1to1 -fno-use-linker-plugin (internal compiler error)
UNRESOLVED: gfortran.dg/lto/pr45586 f_lto_pr45586_0.o-f_lto_pr45586_0.o execute -O0 -flto -flto-partition=1to1 -fno-use-linker-plugin
FAIL: gfortran.dg/lto/pr45586 f_lto_pr45586_0.o-f_lto_pr45586_0.o link, -O0 -flto -fuse-linker-plugin -fno-fat-lto-objects (internal compiler error)
UNRESOLVED: gfortran.dg/lto/pr45586 f_lto_pr45586_0.o-f_lto_pr45586_0.o execute -O0 -flto -fuse-linker-plugin -fno-fat-lto-objects
=== gfortran Summary for unix/-mx32 ===
# of expected passes 4014
=== gfortran Summary ===
# of expected passes 82467
# of unexpected failures 12
# of expected failures 112
# of unresolved testcases 12
# of unsupported tests 127
/export/build/gnu/gcc-addr32/build-x86_64-linux/gcc/testsuite/gfortran/../../gfortran version 4.8.0 20120312 (experimental) (GCC)
=== g++ tests ===
Running target unix/-mx32 -maddress-mode=long
WARNING: program timed out.
=== g++ Summary for unix/-mx32 -maddress-mode=long ===
# of expected passes 13763
# of expected failures 42
# of unsupported tests 35
Running target unix/-mx32
WARNING: program timed out.
=== g++ Summary for unix/-mx32 ===
# of expected passes 13763
# of expected failures 42
# of unsupported tests 35
=== g++ Summary ===
# of expected passes 97206
# of expected failures 572
# of unsupported tests 1046
/export/build/gnu/gcc-addr32/build-x86_64-linux/gcc/testsuite/g++/../../g++ version 4.8.0 20120312 (experimental) (GCC)
=== gnat tests ===
Running target unix/-mx32 -maddress-mode=long
WARNING: program timed out.
FAIL: gnat.dg/curr_task.adb execution test
FAIL: gnat.dg/frame_overflow.adb (test for errors, line 5)
FAIL: gnat.dg/frame_overflow.adb (test for errors, line 14)
FAIL: gnat.dg/lto8.adb (test for excess errors)
WARNING: gnat.dg/lto8.adb compilation failed to produce executable
WARNING: program timed out.
FAIL: gnat.dg/requeue1.adb execution test
WARNING: program timed out.
FAIL: gnat.dg/test_image.adb execution test
WARNING: program timed out.
FAIL: gnat.dg/timer_cancel.adb execution test
FAIL: gnat.dg/vect1.adb (test for excess errors)
FAIL: gnat.dg/vect1.adb scan-tree-dump-times vect "vectorized 1 loops" 15
FAIL: gnat.dg/vect2.adb (test for excess errors)
FAIL: gnat.dg/vect2.adb scan-tree-dump-times vect "vectorized 1 loops" 15
FAIL: gnat.dg/vect3.adb (test for excess errors)
FAIL: gnat.dg/vect3.adb scan-tree-dump-times vect "vectorized 1 loops" 15
FAIL: gnat.dg/vect4.adb (test for excess errors)
FAIL: gnat.dg/vect4.adb scan-tree-dump-times vect "vectorized 1 loops" 15
FAIL: gnat.dg/vect5.adb (test for excess errors)
FAIL: gnat.dg/vect5.adb scan-tree-dump-times vect "vectorized 1 loops" 15
FAIL: gnat.dg/vect6.adb (test for excess errors)
FAIL: gnat.dg/vect6.adb scan-tree-dump-times vect "vectorized 1 loops" 15
FAIL: gnat.dg/specs/addr1.ads (test for bogus messages, line 24)
FAIL: gnat.dg/specs/addr1.ads (test for excess errors)
FAIL: gnat.dg/specs/atomic1.ads (test for errors, line 9)
FAIL: gnat.dg/specs/atomic1.ads (test for errors, line 13)
=== gnat Summary for unix/-mx32 -maddress-mode=long ===
Running target unix/-mx32
WARNING: program timed out.
FAIL: gnat.dg/curr_task.adb execution test
FAIL: gnat.dg/lto8.adb (test for excess errors)
WARNING: gnat.dg/lto8.adb compilation failed to produce executable
WARNING: program timed out.
FAIL: gnat.dg/requeue1.adb execution test
WARNING: program timed out.
FAIL: gnat.dg/test_image.adb execution test
WARNING: program timed out.
FAIL: gnat.dg/timer_cancel.adb execution test
FAIL: gnat.dg/specs/addr1.ads (test for bogus messages, line 24)
FAIL: gnat.dg/specs/addr1.ads (test for excess errors)
FAIL: gnat.dg/specs/atomic1.ads (test for errors, line 9)
FAIL: gnat.dg/specs/atomic1.ads (test for errors, line 13)
=== gnat Summary for unix/-mx32 ===
=== gnat Summary ===
# of expected passes 2134
# of unexpected failures 32
# of expected failures 26
# of unsupported tests 4
/export/build/gnu/gcc-addr32/build-x86_64-linux/gcc/gnatmake version 4.8.0 20120312 (experimental)
=== objc tests ===
Running target unix/-mx32 -maddress-mode=long
=== objc Summary for unix/-mx32 -maddress-mode=long ===
# of expected passes 64
Running target unix/-mx32
=== objc Summary for unix/-mx32 ===
# of expected passes 64
=== objc Summary ===
# of expected passes 5976
# of expected failures 12
# of unsupported tests 148
/export/build/gnu/gcc-addr32/build-x86_64-linux/gcc/xgcc version 4.8.0 20120312 (experimental) (GCC)
=== libgomp tests ===
Running target unix/-mx32 -maddress-mode=long
=== libgomp Summary for unix/-mx32 -maddress-mode=long ===
# of expected passes 46
Running target unix/-mx32
=== libgomp Summary for unix/-mx32 ===
# of expected passes 46
=== libgomp Summary ===
# of expected passes 5992
=== libitm tests ===
Running target unix/-mx32 -maddress-mode=long
FAIL: libitm.c/cancel.c execution test
FAIL: libitm.c/stackundo.c execution test
=== libitm Summary for unix/-mx32 -maddress-mode=long ===
# of expected passes 4
# of expected failures 1
# of unsupported tests 1
Running target unix/-mx32
FAIL: libitm.c/cancel.c execution test
FAIL: libitm.c/stackundo.c execution test
=== libitm Summary for unix/-mx32 ===
# of expected passes 4
# of expected failures 1
# of unsupported tests 1
=== libitm Summary ===
# of expected passes 48
# of unexpected failures 4
# of expected failures 6
# of unsupported tests 2
=== libmudflap tests ===
Running target unix/-mx32 -maddress-mode=long
FAIL: libmudflap.c++/pass55-frag.cxx ( -O) execution test
FAIL: libmudflap.cth/pass39-frag.c (-O3) (rerun 3) execution test
FAIL: libmudflap.cth/pass39-frag.c (-O3) (rerun 3) output pattern test
FAIL: libmudflap.cth/pass39-frag.c (-O3) (rerun 16) execution test
FAIL: libmudflap.cth/pass39-frag.c (-O3) (rerun 16) output pattern test
=== libmudflap Summary for unix/-mx32 -maddress-mode=long ===
# of expected passes 260
# of unexpected failures 4
Running target unix/-mx32
FAIL: libmudflap.c++/pass55-frag.cxx ( -O) execution test
=== libmudflap Summary for unix/-mx32 ===
# of expected passes 264
=== libmudflap Summary ===
# of expected passes 2866
# of unexpected failures 6
=== libstdc++ tests ===
Running target unix/-mx32 -maddress-mode=long
FAIL: libstdc++-prettyprinters/48362.cc print t2
FAIL: libstdc++-prettyprinters/cxx11.cc print efl
FAIL: libstdc++-prettyprinters/cxx11.cc print fl
FAIL: libstdc++-prettyprinters/cxx11.cc print eum
FAIL: libstdc++-prettyprinters/cxx11.cc print eumm
FAIL: libstdc++-prettyprinters/cxx11.cc print eus
FAIL: libstdc++-prettyprinters/cxx11.cc print eums
FAIL: libstdc++-prettyprinters/cxx11.cc print uom
FAIL: libstdc++-prettyprinters/cxx11.cc print uomm
FAIL: libstdc++-prettyprinters/cxx11.cc print uos
FAIL: libstdc++-prettyprinters/cxx11.cc print uoms
FAIL: libstdc++-prettyprinters/debug.cc print str
FAIL: libstdc++-prettyprinters/debug.cc print bs
FAIL: libstdc++-prettyprinters/debug.cc print deq
FAIL: libstdc++-prettyprinters/debug.cc print deqiter
FAIL: libstdc++-prettyprinters/shared_ptr.cc print sp1
FAIL: libstdc++-prettyprinters/shared_ptr.cc print wp1
FAIL: libstdc++-prettyprinters/shared_ptr.cc print wp2
FAIL: libstdc++-prettyprinters/simple.cc print str
FAIL: libstdc++-prettyprinters/simple.cc print bs
FAIL: libstdc++-prettyprinters/simple.cc print deq
FAIL: libstdc++-prettyprinters/simple.cc print deqiter
=== libstdc++ Summary for unix/-mx32 -maddress-mode=long ===
# of expected passes 9
# of unexpected failures 22
# of unsupported tests 2
Running target unix/-mx32
XPASS: 26_numerics/headers/cmath/c_math.cc execution test
FAIL: libstdc++-prettyprinters/48362.cc print t2
FAIL: libstdc++-prettyprinters/cxx11.cc print efl
FAIL: libstdc++-prettyprinters/cxx11.cc print fl
FAIL: libstdc++-prettyprinters/cxx11.cc print eum
FAIL: libstdc++-prettyprinters/cxx11.cc print eumm
FAIL: libstdc++-prettyprinters/cxx11.cc print eus
FAIL: libstdc++-prettyprinters/cxx11.cc print eums
FAIL: libstdc++-prettyprinters/cxx11.cc print uom
FAIL: libstdc++-prettyprinters/cxx11.cc print uomm
FAIL: libstdc++-prettyprinters/cxx11.cc print uos
FAIL: libstdc++-prettyprinters/cxx11.cc print uoms
FAIL: libstdc++-prettyprinters/debug.cc print str
FAIL: libstdc++-prettyprinters/debug.cc print bs
FAIL: libstdc++-prettyprinters/debug.cc print deq
FAIL: libstdc++-prettyprinters/debug.cc print deqiter
FAIL: libstdc++-prettyprinters/shared_ptr.cc print sp1
FAIL: libstdc++-prettyprinters/shared_ptr.cc print wp1
FAIL: libstdc++-prettyprinters/shared_ptr.cc print wp2
FAIL: libstdc++-prettyprinters/simple.cc print str
FAIL: libstdc++-prettyprinters/simple.cc print bs
FAIL: libstdc++-prettyprinters/simple.cc print deq
FAIL: libstdc++-prettyprinters/simple.cc print deqiter
=== libstdc++ Summary for unix/-mx32 ===
# of expected passes 9
# of unexpected failures 22
# of unsupported tests 2
=== libstdc++ Summary ===
# of expected passes 12792
# of unexpected failures 44
# of unexpected successes 1
# of expected failures 83
# of unsupported tests 342
Compiler version: 4.8.0 20120312 (experimental) (GCC)
Platform: x86_64-unknown-linux-gnu
configure flags: --enable-clocale=gnu --with-system-zlib --with-demangler-in-ld --enable-languages=c,c++,fortran,objc,ada --prefix=/usr/gcc-4.8.0-x32 --with-local-prefix=/usr/local --enable-gnu-indirect-function --with-multilib-list=m32,m64,mx32 --enable-linker-build-id --enable-gnu-unique-object --with-fpmath=sse