This is the mail archive of the
gcc-testresults@gcc.gnu.org
mailing list for the GCC project.
Results for 4.8.0 20120311 (experimental) [trunk revision 185201] (GCC) testsuite on hppa-unknown-linux-gnu
- From: Dave Anglin <dave dot anglin at bell dot net>
- To: dave at mx3210 dot localdomain, gcc-testresults at gcc dot gnu dot org
- Date: Tue, 13 Mar 2012 18:08:02 -0400
- Subject: Results for 4.8.0 20120311 (experimental) [trunk revision 185201] (GCC) testsuite on hppa-unknown-linux-gnu
LAST_UPDATED: Sun Mar 11 23:40:31 UTC 2012 (revision 185201)
=== acats tests ===
=== acats Summary ===
# of expected passes 2320
# of unexpected failures 0
Native configuration is hppa-unknown-linux-gnu
=== gcc tests ===
Running target unix
XPASS: gcc.dg/guality/example.c -O0 execution test
XPASS: gcc.dg/guality/example.c -O1 execution test
XPASS: gcc.dg/guality/example.c -O2 execution test
XPASS: gcc.dg/guality/example.c -O2 -flto -fno-use-linker-plugin -flto-partition=none execution test
XPASS: gcc.dg/guality/guality.c -O0 execution test
XPASS: gcc.dg/guality/guality.c -O1 execution test
XPASS: gcc.dg/guality/guality.c -O2 execution test
XPASS: gcc.dg/guality/guality.c -O3 -fomit-frame-pointer execution test
XPASS: gcc.dg/guality/guality.c -O3 -g execution test
XPASS: gcc.dg/guality/guality.c -Os execution test
XPASS: gcc.dg/guality/guality.c -O2 -flto -fno-use-linker-plugin -flto-partition=none execution test
XPASS: gcc.dg/guality/guality.c -O2 -flto -fuse-linker-plugin -fno-fat-lto-objects execution test
XPASS: gcc.dg/guality/inline-params.c -O2 execution test
XPASS: gcc.dg/guality/inline-params.c -O3 -fomit-frame-pointer execution test
XPASS: gcc.dg/guality/inline-params.c -O3 -g execution test
XPASS: gcc.dg/guality/inline-params.c -Os execution test
XPASS: gcc.dg/guality/inline-params.c -O2 -flto -fno-use-linker-plugin -flto-partition=none execution test
XPASS: gcc.dg/guality/inline-params.c -O2 -flto -fuse-linker-plugin -fno-fat-lto-objects execution test
FAIL: gcc.dg/guality/nrv-1.c -O2 line 20 a2.i[0] == 42
FAIL: gcc.dg/guality/nrv-1.c -O3 -fomit-frame-pointer line 20 a2.i[0] == 42
FAIL: gcc.dg/guality/nrv-1.c -O3 -g line 20 a2.i[0] == 42
FAIL: gcc.dg/guality/nrv-1.c -Os line 20 a2.i[0] == 42
FAIL: gcc.dg/guality/nrv-1.c -O2 -flto -fno-use-linker-plugin -flto-partition=none line 20 a2.i[0] == 42
FAIL: gcc.dg/guality/nrv-1.c -O2 -flto -fuse-linker-plugin -fno-fat-lto-objects line 20 a2.i[0] == 42
XPASS: gcc.dg/guality/pr41353-1.c -O0 line 28 j == 28 + 37
FAIL: gcc.dg/guality/pr41404-1.c -O2 -flto -fno-use-linker-plugin -flto-partition=none line 10 *foo == 'f'
XPASS: gcc.dg/guality/pr41447-1.c -O0 execution test
XPASS: gcc.dg/guality/pr41447-1.c -O1 execution test
XPASS: gcc.dg/guality/pr41447-1.c -O2 execution test
XPASS: gcc.dg/guality/pr41447-1.c -O3 -fomit-frame-pointer execution test
XPASS: gcc.dg/guality/pr41447-1.c -O3 -g execution test
XPASS: gcc.dg/guality/pr41447-1.c -Os execution test
XPASS: gcc.dg/guality/pr41447-1.c -O2 -flto -fuse-linker-plugin -fno-fat-lto-objects execution test
XPASS: gcc.dg/guality/pr41616-1.c -O0 execution test
XPASS: gcc.dg/guality/pr41616-1.c -O1 execution test
XPASS: gcc.dg/guality/pr41616-1.c -O2 execution test
XPASS: gcc.dg/guality/pr41616-1.c -O3 -fomit-frame-pointer execution test
XPASS: gcc.dg/guality/pr41616-1.c -O3 -g execution test
XPASS: gcc.dg/guality/pr41616-1.c -Os execution test
XPASS: gcc.dg/guality/pr41616-1.c -O2 -flto -fno-use-linker-plugin -flto-partition=none execution test
FAIL: gcc.dg/guality/pr43479.c -O2 -flto -fno-use-linker-plugin -flto-partition=none line 13 h == 9
FAIL: gcc.dg/guality/pr43479.c -O2 -flto -fuse-linker-plugin -fno-fat-lto-objects line 13 h == 9
FAIL: gcc.dg/guality/sra-1.c -O1 line 43 a.j == 14
FAIL: gcc.dg/guality/sra-1.c -O2 line 43 a.j == 14
FAIL: gcc.dg/guality/sra-1.c -O3 -fomit-frame-pointer line 43 a.j == 14
FAIL: gcc.dg/guality/sra-1.c -O3 -g line 43 a.j == 14
FAIL: gcc.dg/guality/sra-1.c -Os line 43 a.j == 14
FAIL: gcc.dg/guality/sra-1.c -O2 -flto -fno-use-linker-plugin -flto-partition=none line 43 a.j == 14
FAIL: gcc.dg/guality/sra-1.c -O2 -flto -fuse-linker-plugin -fno-fat-lto-objects line 43 a.j == 14
FAIL: gcc.dg/guality/vla-1.c -O0 line 17 sizeof (a) == 6
FAIL: gcc.dg/guality/vla-1.c -O0 line 24 sizeof (a) == 17 * sizeof (short)
FAIL: gcc.dg/guality/vla-1.c -O1 line 17 sizeof (a) == 6
FAIL: gcc.dg/guality/vla-1.c -O1 line 24 sizeof (a) == 17 * sizeof (short)
FAIL: gcc.dg/guality/vla-1.c -O2 line 17 sizeof (a) == 6
FAIL: gcc.dg/guality/vla-1.c -O2 line 24 sizeof (a) == 17 * sizeof (short)
FAIL: gcc.dg/guality/vla-1.c -O3 -fomit-frame-pointer line 17 sizeof (a) == 6
FAIL: gcc.dg/guality/vla-1.c -O3 -fomit-frame-pointer line 24 sizeof (a) == 17 * sizeof (short)
FAIL: gcc.dg/guality/vla-1.c -O3 -g line 17 sizeof (a) == 6
FAIL: gcc.dg/guality/vla-1.c -O3 -g line 24 sizeof (a) == 17 * sizeof (short)
FAIL: gcc.dg/guality/vla-1.c -Os line 17 sizeof (a) == 6
FAIL: gcc.dg/guality/vla-1.c -Os line 24 sizeof (a) == 17 * sizeof (short)
FAIL: gcc.dg/guality/vla-1.c -O2 -flto -fno-use-linker-plugin -flto-partition=none line 17 sizeof (a) == 6
FAIL: gcc.dg/guality/vla-1.c -O2 -flto -fno-use-linker-plugin -flto-partition=none line 24 sizeof (a) == 17 * sizeof (short)
FAIL: gcc.dg/guality/vla-1.c -O2 -flto -fuse-linker-plugin -fno-fat-lto-objects line 17 sizeof (a) == 6
FAIL: gcc.dg/guality/vla-1.c -O2 -flto -fuse-linker-plugin -fno-fat-lto-objects line 24 sizeof (a) == 17 * sizeof (short)
FAIL: gcc.dg/guality/vla-2.c -O0 line 16 sizeof (a) == 5 * sizeof (int)
FAIL: gcc.dg/guality/vla-2.c -O0 line 25 sizeof (a) == 6 * sizeof (int)
FAIL: gcc.dg/guality/vla-2.c -O1 line 16 sizeof (a) == 5 * sizeof (int)
FAIL: gcc.dg/guality/vla-2.c -O1 line 25 sizeof (a) == 6 * sizeof (int)
FAIL: gcc.dg/guality/vla-2.c -O2 line 16 sizeof (a) == 5 * sizeof (int)
FAIL: gcc.dg/guality/vla-2.c -O2 line 25 sizeof (a) == 6 * sizeof (int)
FAIL: gcc.dg/guality/vla-2.c -O3 -fomit-frame-pointer line 16 sizeof (a) == 5 * sizeof (int)
FAIL: gcc.dg/guality/vla-2.c -O3 -fomit-frame-pointer line 25 sizeof (a) == 6 * sizeof (int)
FAIL: gcc.dg/guality/vla-2.c -O3 -g line 16 sizeof (a) == 5 * sizeof (int)
FAIL: gcc.dg/guality/vla-2.c -O3 -g line 25 sizeof (a) == 6 * sizeof (int)
FAIL: gcc.dg/guality/vla-2.c -Os line 16 sizeof (a) == 5 * sizeof (int)
FAIL: gcc.dg/guality/vla-2.c -Os line 25 sizeof (a) == 6 * sizeof (int)
FAIL: gcc.dg/guality/vla-2.c -O2 -flto -fno-use-linker-plugin -flto-partition=none line 16 sizeof (a) == 5 * sizeof (int)
FAIL: gcc.dg/guality/vla-2.c -O2 -flto -fno-use-linker-plugin -flto-partition=none line 25 sizeof (a) == 6 * sizeof (int)
FAIL: gcc.dg/guality/vla-2.c -O2 -flto -fuse-linker-plugin -fno-fat-lto-objects line 16 sizeof (a) == 5 * sizeof (int)
FAIL: gcc.dg/guality/vla-2.c -O2 -flto -fuse-linker-plugin -fno-fat-lto-objects line 25 sizeof (a) == 6 * sizeof (int)
UNRESOLVED: selfassign.c compilation, -I. -I/home/dave/gnu/gcc/gcc/gcc/testsuite -I/home/dave/gnu/gcc/gcc/gcc/testsuite/../../gcc -I/home/dave/gnu/gcc/objdir/gcc/testsuite/gcc/../../../gcc -I/home/dave/gnu/gcc/gcc/gcc/testsuite/../../include -I/home/dave/gnu/gcc/gcc/gcc/testsuite/../../libcpp/include -I/home/dave/gnu/gcc/objdir/gcc/testsuite/gcc/../../../intl -O -DIN_GCC -fPIC -shared
UNRESOLVED: ggcplug.c compilation, -I. -I/home/dave/gnu/gcc/gcc/gcc/testsuite -I/home/dave/gnu/gcc/gcc/gcc/testsuite/../../gcc -I/home/dave/gnu/gcc/objdir/gcc/testsuite/gcc/../../../gcc -I/home/dave/gnu/gcc/gcc/gcc/testsuite/../../include -I/home/dave/gnu/gcc/gcc/gcc/testsuite/../../libcpp/include -I/home/dave/gnu/gcc/objdir/gcc/testsuite/gcc/../../../intl -O -DIN_GCC -fPIC -shared
UNRESOLVED: one_time_plugin.c compilation, -I. -I/home/dave/gnu/gcc/gcc/gcc/testsuite -I/home/dave/gnu/gcc/gcc/gcc/testsuite/../../gcc -I/home/dave/gnu/gcc/objdir/gcc/testsuite/gcc/../../../gcc -I/home/dave/gnu/gcc/gcc/gcc/testsuite/../../include -I/home/dave/gnu/gcc/gcc/gcc/testsuite/../../libcpp/include -I/home/dave/gnu/gcc/objdir/gcc/testsuite/gcc/../../../intl -DIN_GCC -fPIC -shared
UNRESOLVED: start_unit_plugin.c compilation, -I. -I/home/dave/gnu/gcc/gcc/gcc/testsuite -I/home/dave/gnu/gcc/gcc/gcc/testsuite/../../gcc -I/home/dave/gnu/gcc/objdir/gcc/testsuite/gcc/../../../gcc -I/home/dave/gnu/gcc/gcc/gcc/testsuite/../../include -I/home/dave/gnu/gcc/gcc/gcc/testsuite/../../libcpp/include -I/home/dave/gnu/gcc/objdir/gcc/testsuite/gcc/../../../intl -DIN_GCC -fPIC -shared
UNRESOLVED: finish_unit_plugin.c compilation, -I. -I/home/dave/gnu/gcc/gcc/gcc/testsuite -I/home/dave/gnu/gcc/gcc/gcc/testsuite/../../gcc -I/home/dave/gnu/gcc/objdir/gcc/testsuite/gcc/../../../gcc -I/home/dave/gnu/gcc/gcc/gcc/testsuite/../../include -I/home/dave/gnu/gcc/gcc/gcc/testsuite/../../libcpp/include -I/home/dave/gnu/gcc/objdir/gcc/testsuite/gcc/../../../intl -DIN_GCC -fPIC -shared
FAIL: gcc.dg/simulate-thread/atomic-other-int.c -O3 -g thread simulation test
FAIL: gcc.dg/simulate-thread/atomic-other-short.c -O3 -g thread simulation test
FAIL: gcc.dg/simulate-thread/speculative-store.c -O2 -g thread simulation test
FAIL: gcc.dg/simulate-thread/speculative-store.c -O3 -g thread simulation test
FAIL: gcc.dg/simulate-thread/subfields.c -O2 -g thread simulation test
FAIL: gcc.dg/simulate-thread/subfields.c -O3 -g thread simulation test
XPASS: gcc.dg/tree-ssa/loop-1.c scan-assembler-times foo 5
=== gcc Summary ===
# of expected passes 73743
# of unexpected failures 54
# of unexpected successes 34
# of expected failures 125
# of unresolved testcases 5
# of unsupported tests 1321
/home/dave/gnu/gcc/objdir/gcc/xgcc version 4.8.0 20120311 (experimental) [trunk revision 185201] (GCC)
=== gfortran tests ===
Running target unix
FAIL: gfortran.dg/bessel_7.f90 -O0 execution test
FAIL: gfortran.dg/bessel_7.f90 -O1 execution test
FAIL: gfortran.dg/bessel_7.f90 -O2 execution test
FAIL: gfortran.dg/bessel_7.f90 -O3 -fomit-frame-pointer execution test
FAIL: gfortran.dg/bessel_7.f90 -O3 -fomit-frame-pointer -funroll-loops execution test
FAIL: gfortran.dg/bessel_7.f90 -O3 -fomit-frame-pointer -funroll-all-loops -finline-functions execution test
FAIL: gfortran.dg/bessel_7.f90 -O3 -g execution test
FAIL: gfortran.dg/bessel_7.f90 -Os execution test
FAIL: gfortran.dg/pr45636.f90 -O scan-tree-dump-times forwprop2 "memset" 0
FAIL: gfortran.dg/lto/pr45586-2 f_lto_pr45586-2_0.o-f_lto_pr45586-2_0.o link, -O0 -flto -flto-partition=none -fuse-linker-plugin (internal compiler error)
UNRESOLVED: gfortran.dg/lto/pr45586-2 f_lto_pr45586-2_0.o-f_lto_pr45586-2_0.o execute -O0 -flto -flto-partition=none -fuse-linker-plugin
FAIL: gfortran.dg/lto/pr45586-2 f_lto_pr45586-2_0.o-f_lto_pr45586-2_0.o link, -O0 -flto -flto-partition=1to1 -fno-use-linker-plugin (internal compiler error)
UNRESOLVED: gfortran.dg/lto/pr45586-2 f_lto_pr45586-2_0.o-f_lto_pr45586-2_0.o execute -O0 -flto -flto-partition=1to1 -fno-use-linker-plugin
FAIL: gfortran.dg/lto/pr45586-2 f_lto_pr45586-2_0.o-f_lto_pr45586-2_0.o link, -O0 -flto -fuse-linker-plugin -fno-fat-lto-objects (internal compiler error)
UNRESOLVED: gfortran.dg/lto/pr45586-2 f_lto_pr45586-2_0.o-f_lto_pr45586-2_0.o execute -O0 -flto -fuse-linker-plugin -fno-fat-lto-objects
FAIL: gfortran.dg/lto/pr45586 f_lto_pr45586_0.o-f_lto_pr45586_0.o link, -O0 -flto -flto-partition=none -fuse-linker-plugin (internal compiler error)
UNRESOLVED: gfortran.dg/lto/pr45586 f_lto_pr45586_0.o-f_lto_pr45586_0.o execute -O0 -flto -flto-partition=none -fuse-linker-plugin
FAIL: gfortran.dg/lto/pr45586 f_lto_pr45586_0.o-f_lto_pr45586_0.o link, -O2 -flto -flto-partition=none -fuse-linker-plugin -fno-fat-lto-objects (internal compiler error)
UNRESOLVED: gfortran.dg/lto/pr45586 f_lto_pr45586_0.o-f_lto_pr45586_0.o execute -O2 -flto -flto-partition=none -fuse-linker-plugin -fno-fat-lto-objects
FAIL: gfortran.dg/lto/pr45586 f_lto_pr45586_0.o-f_lto_pr45586_0.o link, -O0 -flto -flto-partition=1to1 -fno-use-linker-plugin (internal compiler error)
UNRESOLVED: gfortran.dg/lto/pr45586 f_lto_pr45586_0.o-f_lto_pr45586_0.o execute -O0 -flto -flto-partition=1to1 -fno-use-linker-plugin
FAIL: gfortran.dg/lto/pr45586 f_lto_pr45586_0.o-f_lto_pr45586_0.o link, -O2 -flto -flto-partition=1to1 -fno-use-linker-plugin (internal compiler error)
UNRESOLVED: gfortran.dg/lto/pr45586 f_lto_pr45586_0.o-f_lto_pr45586_0.o execute -O2 -flto -flto-partition=1to1 -fno-use-linker-plugin
FAIL: gfortran.dg/lto/pr45586 f_lto_pr45586_0.o-f_lto_pr45586_0.o link, -O0 -flto -fuse-linker-plugin -fno-fat-lto-objects (internal compiler error)
UNRESOLVED: gfortran.dg/lto/pr45586 f_lto_pr45586_0.o-f_lto_pr45586_0.o execute -O0 -flto -fuse-linker-plugin -fno-fat-lto-objects
FAIL: gfortran.dg/lto/pr45586 f_lto_pr45586_0.o-f_lto_pr45586_0.o link, -O2 -flto -fuse-linker-plugin (internal compiler error)
UNRESOLVED: gfortran.dg/lto/pr45586 f_lto_pr45586_0.o-f_lto_pr45586_0.o execute -O2 -flto -fuse-linker-plugin
=== gfortran Summary ===
# of expected passes 39868
# of unexpected failures 18
# of expected failures 42
# of unresolved testcases 9
# of unsupported tests 383
/home/dave/gnu/gcc/objdir/gcc/testsuite/gfortran/../../gfortran version 4.8.0 20120311 (experimental) [trunk revision 185201] (GCC)
=== g++ tests ===
Running target unix
UNRESOLVED: attribute_plugin.c compilation, -I. -I/home/dave/gnu/gcc/gcc/gcc/testsuite -I/home/dave/gnu/gcc/gcc/gcc/testsuite/../../gcc -I/home/dave/gnu/gcc/objdir/gcc/testsuite/g++/../../../gcc -I/home/dave/gnu/gcc/gcc/gcc/testsuite/../../include -I/home/dave/gnu/gcc/gcc/gcc/testsuite/../../libcpp/include -I/home/dave/gnu/gcc/objdir/gcc/testsuite/g++/../../../intl -DIN_GCC -fPIC -shared
UNRESOLVED: pragma_plugin.c compilation, -I. -I/home/dave/gnu/gcc/gcc/gcc/testsuite -I/home/dave/gnu/gcc/gcc/gcc/testsuite/../../gcc -I/home/dave/gnu/gcc/objdir/gcc/testsuite/g++/../../../gcc -I/home/dave/gnu/gcc/gcc/gcc/testsuite/../../include -I/home/dave/gnu/gcc/gcc/gcc/testsuite/../../libcpp/include -I/home/dave/gnu/gcc/objdir/gcc/testsuite/g++/../../../intl -DIN_GCC -fPIC -shared
UNRESOLVED: selfassign.c compilation, -I. -I/home/dave/gnu/gcc/gcc/gcc/testsuite -I/home/dave/gnu/gcc/gcc/gcc/testsuite/../../gcc -I/home/dave/gnu/gcc/objdir/gcc/testsuite/g++/../../../gcc -I/home/dave/gnu/gcc/gcc/gcc/testsuite/../../include -I/home/dave/gnu/gcc/gcc/gcc/testsuite/../../libcpp/include -I/home/dave/gnu/gcc/objdir/gcc/testsuite/g++/../../../intl -O -DIN_GCC -fPIC -shared
UNRESOLVED: dumb_plugin.c compilation, -I. -I/home/dave/gnu/gcc/gcc/gcc/testsuite -I/home/dave/gnu/gcc/gcc/gcc/testsuite/../../gcc -I/home/dave/gnu/gcc/objdir/gcc/testsuite/g++/../../../gcc -I/home/dave/gnu/gcc/gcc/gcc/testsuite/../../include -I/home/dave/gnu/gcc/gcc/gcc/testsuite/../../libcpp/include -I/home/dave/gnu/gcc/objdir/gcc/testsuite/g++/../../../intl -DIN_GCC -fPIC -shared
UNRESOLVED: header_plugin.c compilation, -I. -I/home/dave/gnu/gcc/gcc/gcc/testsuite -I/home/dave/gnu/gcc/gcc/gcc/testsuite/../../gcc -I/home/dave/gnu/gcc/objdir/gcc/testsuite/g++/../../../gcc -I/home/dave/gnu/gcc/gcc/gcc/testsuite/../../include -I/home/dave/gnu/gcc/gcc/gcc/testsuite/../../libcpp/include -I/home/dave/gnu/gcc/objdir/gcc/testsuite/g++/../../../intl -DIN_GCC -fPIC -shared
UNRESOLVED: decl_plugin.c compilation, -I. -I/home/dave/gnu/gcc/gcc/gcc/testsuite -I/home/dave/gnu/gcc/gcc/gcc/testsuite/../../gcc -I/home/dave/gnu/gcc/objdir/gcc/testsuite/g++/../../../gcc -I/home/dave/gnu/gcc/gcc/gcc/testsuite/../../include -I/home/dave/gnu/gcc/gcc/gcc/testsuite/../../libcpp/include -I/home/dave/gnu/gcc/objdir/gcc/testsuite/g++/../../../intl -DIN_GCC -fPIC -shared
FAIL: g++.dg/simulate-thread/bitfields-2.C -O2 -g -std=c++98 thread simulation test
FAIL: g++.dg/simulate-thread/bitfields-2.C -O3 -g -std=c++11 thread simulation test
FAIL: g++.dg/simulate-thread/bitfields-2.C -Os -g thread simulation test
FAIL: g++.dg/simulate-thread/bitfields.C -O2 -g -std=c++98 thread simulation test
FAIL: g++.dg/simulate-thread/bitfields.C -O3 -g -std=c++11 thread simulation test
FAIL: g++.dg/simulate-thread/bitfields.C -Os -g thread simulation test
FAIL: c-c++-common/simulate-thread/bitfields-2.c -Os -g thread simulation test
=== g++ Summary ===
# of expected passes 46330
# of unexpected failures 7
# of expected failures 286
# of unresolved testcases 6
# of unsupported tests 720
/home/dave/gnu/gcc/objdir/gcc/testsuite/g++/../../g++ version 4.8.0 20120311 (experimental) [trunk revision 185201] (GCC)
=== gnat tests ===
Running target unix
=== gnat Summary ===
# of expected passes 1070
# of expected failures 13
# of unsupported tests 9
/home/dave/gnu/gcc/objdir/gcc/gnatmake version 4.8.0 20120311 (experimental) [trunk revision 185201]
=== obj-c++ tests ===
Running target unix
=== obj-c++ Summary ===
# of expected passes 1450
# of expected failures 2
# of unsupported tests 86
/home/dave/gnu/gcc/objdir/gcc/testsuite/obj-c++/../../g++ version 4.8.0 20120311 (experimental) [trunk revision 185201] (GCC)
=== objc tests ===
Running target unix
=== objc Summary ===
# of expected passes 2994
# of unsupported tests 74
/home/dave/gnu/gcc/objdir/gcc/xgcc version 4.8.0 20120311 (experimental) [trunk revision 185201] (GCC)
=== boehm-gc tests ===
Running target unix
=== boehm-gc Summary ===
# of expected passes 12
# of unsupported tests 1
=== libffi tests ===
Running target unix
=== libffi Summary ===
# of expected passes 1659
# of unsupported tests 55
=== libgomp tests ===
Running target unix
=== libgomp Summary ===
# of expected passes 2948
# of unsupported tests 1
=== libjava tests ===
Running target unix
=== libjava Summary ===
# of expected passes 2574
=== libmudflap tests ===
Running target unix
FAIL: libmudflap.c++/pass55-frag.cxx ( -O) execution test
WARNING: program timed out.
FAIL: libmudflap.cth/pass40-frag.c execution test
FAIL: libmudflap.cth/pass40-frag.c output pattern test
WARNING: program timed out.
FAIL: libmudflap.cth/pass40-frag.c (-static -DSTATIC) execution test
FAIL: libmudflap.cth/pass40-frag.c (-static -DSTATIC) output pattern test
WARNING: program timed out.
FAIL: libmudflap.cth/pass40-frag.c (-O2) execution test
FAIL: libmudflap.cth/pass40-frag.c (-O2) output pattern test
FAIL: libmudflap.cth/pass39-frag.c (-O3) (rerun 10) execution test
FAIL: libmudflap.cth/pass39-frag.c (-O3) (rerun 10) output pattern test
WARNING: program timed out.
FAIL: libmudflap.cth/pass40-frag.c (-O3) execution test
FAIL: libmudflap.cth/pass40-frag.c (-O3) output pattern test
=== libmudflap Summary ===
# of expected passes 1895
# of unexpected failures 11
=== libstdc++ tests ===
Running target unix
FAIL: 22_locale/time_get/get_date/wchar_t/4.cc execution test
WARNING: program timed out.
FAIL: ext/rope/pthread7-rope.cc execution test
=== libstdc++ Summary ===
# of expected passes 8489
# of unexpected failures 2
# of expected failures 43
# of unsupported tests 281
Compiler version: 4.8.0 20120311 (experimental) [trunk revision 185201] (GCC)
Platform: hppa-unknown-linux-gnu
configure flags: --with-arch=2.0 --with-gnu-as --with-gnu-ld --enable-shared --enable-multiarch --with-multiarch-defaults=hppa-linux-gnu --enable-linker-build-id --build=hppa-linux-gnu --host=hppa-linux-gnu --target=hppa-linux-gnu --prefix=/home/dave/opt/gnu/gcc/gcc-4.7.0 --with-local-prefix=/home/dave/opt/gnu --enable-threads=posix --enable-__cxa_atexit --build=hppa-linux-gnu --enable-clocale=gnu --enable-java-gc=boehm --without-cloog --without-ppl --enable-languages=c,c++,objc,fortran,obj-c++,java,ada,lto