This is the mail archive of the
gcc-testresults@gcc.gnu.org
mailing list for the GCC project.
Results for 4.7.0 20120310 (prerelease) (GCC) testsuite on x86_64-unknown-linux-gnu
- From: Mikael Persson <mike_2000_17 at hotmail dot com>
- To: gcc-testresults at gcc dot gnu dot org
- Date: Mon, 12 Mar 2012 18:00:40 -0700
- Subject: Results for 4.7.0 20120310 (prerelease) (GCC) testsuite on x86_64-unknown-linux-gnu
Native configuration is x86_64-unknown-linux-gnu
=== gcc tests ===
Running target unix
XPASS: gcc.dg/inline_3.c (test for excess errors)
XPASS: gcc.dg/inline_4.c (test for excess errors)
XPASS: gcc.dg/unroll_2.c (test for excess errors)
XPASS: gcc.dg/unroll_3.c (test for excess errors)
XPASS: gcc.dg/unroll_4.c (test for excess errors)
=== gcc Summary ===
# of expected passes 85328
# of unexpected successes 5
# of expected failures 260
# of unsupported tests 1243
/home/mikael/dev/gnu-gcc/build/gcc/xgcc version 4.7.0 20120310 (prerelease) (GCC)
=== gfortran tests ===
Running target unix
=== gfortran Summary ===
# of expected passes 40922
# of expected failures 56
# of unsupported tests 69
/home/mikael/dev/gnu-gcc/build/gcc/testsuite/gfortran/../../gfortran version 4.7.0 20120310 (prerelease) (GCC)
=== g++ tests ===
Running target unix
=== g++ Summary ===
# of expected passes 48469
# of expected failures 286
# of unsupported tests 531
/home/mikael/dev/gnu-gcc/build/gcc/testsuite/g++/../../g++ version 4.7.0 20120310 (prerelease) (GCC)
=== objc tests ===
Running target unix
=== objc Summary ===
# of expected passes 2988
# of expected failures 6
# of unsupported tests 74
/home/mikael/dev/gnu-gcc/build/gcc/xgcc version 4.7.0 20120310 (prerelease) (GCC)
=== boehm-gc tests ===
Running target unix
=== boehm-gc Summary ===
# of expected passes 12
# of unsupported tests 1
=== libffi tests ===
Running target unix
=== libffi Summary ===
# of expected passes 1634
# of expected failures 10
# of unsupported tests 55
=== libgomp tests ===
Running target unix
=== libgomp Summary ===
# of expected passes 2996
=== libitm tests ===
Running target unix
=== libitm Summary ===
# of expected passes 26
# of expected failures 3
# of unsupported tests 1
=== libjava tests ===
Running target unix
=== libjava Summary ===
# of expected passes 2574
=== libmudflap tests ===
Running target unix
FAIL: libmudflap.c++/pass55-frag.cxx ( -O) execution test
=== libmudflap Summary ===
# of expected passes 1435
# of unexpected failures 1
=== libstdc++ tests ===
Running target unix
=== libstdc++ Summary ===
# of expected passes 8275
# of expected failures 43
# of unsupported tests 450
Compiler version: 4.7.0 20120310 (prerelease) (GCC)
Platform: x86_64-unknown-linux-gnu
configure flags: --prefix=/usr --program-suffix=-roll