This is the mail archive of the gcc-testresults@gcc.gnu.org mailing list for the GCC project.


Index Nav: [Date Index] [Subject Index] [Author Index] [Thread Index]
Message Nav: [Date Prev] [Date Next] [Thread Prev] [Thread Next]
Other format: [Raw text]

Results for 4.8.0 20120312 (experimental) [trunk revision 185209] (GCC) testsuite on sh4-unknown-linux-gnu


Remote host: linux 2.6.22 sh4
GNU C Library version 2.7.90

LAST_UPDATED: Mon Mar 12 02:40:19 UTC 2012 (revision 185209)

Target is sh4-unknown-linux-gnu
Host   is i686-pc-linux-gnu

		=== g++ tests ===


Running target unix
WARNING: Assuming target board is the local machine (which is probably wrong).

		=== g++ Summary ===

# of expected passes		46045
# of expected failures		280
# of unsupported tests		714
/exp/ldroot/dodes/xsh-gcc-orig/gcc/testsuite/g++/../../g++  version 4.8.0 20120312 (experimental) [trunk revision 185209] (GCC) 

Host   is i686-pc-linux-gnu

		=== gcc tests ===


Running target unix
WARNING: Assuming target board is the local machine (which is probably wrong).
FAIL: gcc.dg/cproj-fails-with-broken-glibc.c execution test
FAIL: gcc.dg/pr49994-3.c (test for excess errors)
XPASS: gcc.dg/tree-ssa/20030814-6.c scan-tree-dump-times dom2 "common.code" 1
FAIL: gcc.dg/tree-ssa/20030922-1.c scan-tree-dump-times dom2 "if " 0
XPASS: gcc.dg/tree-ssa/20040204-1.c scan-tree-dump-times optimized "link_error" 0
FAIL: gcc.dg/tree-ssa/foldconst-3.c scan-tree-dump-not optimized "tree_code_type"
FAIL: gcc.dg/tree-ssa/sra-12.c scan-tree-dump-times release_ssa "l;" 0
FAIL: gcc.dg/tree-ssa/vrp15.c scan-tree-dump-times vrp1 "tree_code_length.42." 1

		=== gcc Summary ===

# of expected passes		72404
# of unexpected failures	6
# of unexpected successes	2
# of expected failures		107
# of unsupported tests		1259
/exp/ldroot/dodes/xsh-gcc-orig/gcc/xgcc  version 4.8.0 20120312 (experimental) [trunk revision 185209] (GCC) 

Host   is i686-pc-linux-gnu

		=== gfortran tests ===


Running target unix
WARNING: Assuming target board is the local machine (which is probably wrong).
FAIL: gfortran.dg/common_14.f90  -O   (test for warnings, line 16)
FAIL: gfortran.dg/common_14.f90  -O   (test for warnings, line 22)
FAIL: gfortran.dg/common_14.f90  -O  (test for excess errors)
FAIL: gfortran.dg/nearest_1.f90  -O0  execution test
FAIL: gfortran.dg/nearest_1.f90  -O1  execution test
FAIL: gfortran.dg/nearest_1.f90  -O2  execution test
FAIL: gfortran.dg/nearest_1.f90  -O3 -fomit-frame-pointer  execution test
FAIL: gfortran.dg/nearest_1.f90  -O3 -fomit-frame-pointer -funroll-loops  execution test
FAIL: gfortran.dg/nearest_1.f90  -O3 -fomit-frame-pointer -funroll-all-loops -finline-functions  execution test
FAIL: gfortran.dg/nearest_1.f90  -O3 -g  execution test
FAIL: gfortran.dg/nearest_1.f90  -Os  execution test
FAIL: gfortran.dg/lto/pr45586-2 f_lto_pr45586-2_0.o-f_lto_pr45586-2_0.o link, -O0 -flto -flto-partition=none -fuse-linker-plugin (internal compiler error)
UNRESOLVED: gfortran.dg/lto/pr45586-2 f_lto_pr45586-2_0.o-f_lto_pr45586-2_0.o execute -O0 -flto -flto-partition=none -fuse-linker-plugin
FAIL: gfortran.dg/lto/pr45586-2 f_lto_pr45586-2_0.o-f_lto_pr45586-2_0.o link, -O0 -flto -flto-partition=1to1 -fno-use-linker-plugin  (internal compiler error)
UNRESOLVED: gfortran.dg/lto/pr45586-2 f_lto_pr45586-2_0.o-f_lto_pr45586-2_0.o execute -O0 -flto -flto-partition=1to1 -fno-use-linker-plugin 
FAIL: gfortran.dg/lto/pr45586-2 f_lto_pr45586-2_0.o-f_lto_pr45586-2_0.o link, -O0 -flto -fuse-linker-plugin -fno-fat-lto-objects  (internal compiler error)
UNRESOLVED: gfortran.dg/lto/pr45586-2 f_lto_pr45586-2_0.o-f_lto_pr45586-2_0.o execute -O0 -flto -fuse-linker-plugin -fno-fat-lto-objects 
FAIL: gfortran.dg/lto/pr45586 f_lto_pr45586_0.o-f_lto_pr45586_0.o link, -O0 -flto -flto-partition=none -fuse-linker-plugin (internal compiler error)
UNRESOLVED: gfortran.dg/lto/pr45586 f_lto_pr45586_0.o-f_lto_pr45586_0.o execute -O0 -flto -flto-partition=none -fuse-linker-plugin
FAIL: gfortran.dg/lto/pr45586 f_lto_pr45586_0.o-f_lto_pr45586_0.o link, -O2 -flto -flto-partition=none -fuse-linker-plugin -fno-fat-lto-objects  (internal compiler error)
UNRESOLVED: gfortran.dg/lto/pr45586 f_lto_pr45586_0.o-f_lto_pr45586_0.o execute -O2 -flto -flto-partition=none -fuse-linker-plugin -fno-fat-lto-objects 
FAIL: gfortran.dg/lto/pr45586 f_lto_pr45586_0.o-f_lto_pr45586_0.o link, -O0 -flto -flto-partition=1to1 -fno-use-linker-plugin  (internal compiler error)
UNRESOLVED: gfortran.dg/lto/pr45586 f_lto_pr45586_0.o-f_lto_pr45586_0.o execute -O0 -flto -flto-partition=1to1 -fno-use-linker-plugin 
FAIL: gfortran.dg/lto/pr45586 f_lto_pr45586_0.o-f_lto_pr45586_0.o link, -O2 -flto -flto-partition=1to1 -fno-use-linker-plugin  (internal compiler error)
UNRESOLVED: gfortran.dg/lto/pr45586 f_lto_pr45586_0.o-f_lto_pr45586_0.o execute -O2 -flto -flto-partition=1to1 -fno-use-linker-plugin 
FAIL: gfortran.dg/lto/pr45586 f_lto_pr45586_0.o-f_lto_pr45586_0.o link, -O0 -flto -fuse-linker-plugin -fno-fat-lto-objects  (internal compiler error)
UNRESOLVED: gfortran.dg/lto/pr45586 f_lto_pr45586_0.o-f_lto_pr45586_0.o execute -O0 -flto -fuse-linker-plugin -fno-fat-lto-objects 
FAIL: gfortran.dg/lto/pr45586 f_lto_pr45586_0.o-f_lto_pr45586_0.o link, -O2 -flto -fuse-linker-plugin (internal compiler error)
UNRESOLVED: gfortran.dg/lto/pr45586 f_lto_pr45586_0.o-f_lto_pr45586_0.o execute -O2 -flto -fuse-linker-plugin

		=== gfortran Summary ===

# of expected passes		39841
# of unexpected failures	20
# of expected failures		42
# of unresolved testcases	9
# of unsupported tests		384
/exp/ldroot/dodes/xsh-gcc-orig/gcc/testsuite/gfortran/../../gfortran  version 4.8.0 20120312 (experimental) [trunk revision 185209] (GCC) 

Host   is i686-pc-linux-gnu

		=== objc tests ===


Running target unix
WARNING: Assuming target board is the local machine (which is probably wrong).

		=== objc Summary ===

# of expected passes		2994
# of unsupported tests		74
/exp/ldroot/dodes/xsh-gcc-orig/gcc/xgcc  version 4.8.0 20120312 (experimental) [trunk revision 185209] (GCC) 

Host   is sh4-unknown-linux-gnu

		=== boehm-gc tests ===


Running target unix
WARNING: Assuming target board is the local machine (which is probably wrong).

		=== boehm-gc Summary ===

# of expected passes		12
# of unsupported tests		1
Host   is sh4-unknown-linux-gnu

		=== libffi tests ===


Running target unix
WARNING: Assuming target board is the local machine (which is probably wrong).
FAIL: libffi.call/err_bad_abi.c -O0 -W -Wall execution test
FAIL: libffi.call/err_bad_abi.c -O2 execution test
FAIL: libffi.call/err_bad_abi.c -O3 execution test
FAIL: libffi.call/err_bad_abi.c -Os execution test
FAIL: libffi.call/err_bad_abi.c -O2 -fomit-frame-pointer execution test

		=== libffi Summary ===

# of expected passes		1654
# of unexpected failures	5
# of unsupported tests		55
Host   is sh4-unknown-linux-gnu

		=== libgomp tests ===


Running target unix
WARNING: Assuming target board is the local machine (which is probably wrong).
FAIL: libgomp.c/pr24455.c (test for excess errors)
FAIL: libgomp.c++/pr24455.C  -O0  (test for excess errors)
FAIL: libgomp.c++/pr24455.C  -O1  (test for excess errors)
FAIL: libgomp.c++/pr24455.C  -O2  (test for excess errors)
FAIL: libgomp.c++/pr24455.C  -O3 -fomit-frame-pointer  (test for excess errors)
FAIL: libgomp.c++/pr24455.C  -O3 -fomit-frame-pointer -funroll-loops  (test for excess errors)
FAIL: libgomp.c++/pr24455.C  -O3 -fomit-frame-pointer -funroll-all-loops -finline-functions  (test for excess errors)
FAIL: libgomp.c++/pr24455.C  -O3 -g  (test for excess errors)
FAIL: libgomp.c++/pr24455.C  -Os  (test for excess errors)

		=== libgomp Summary ===

# of expected passes		2925
# of unexpected failures	9
# of unsupported tests		8
Host   is sh4-unknown-linux-gnu

		=== libitm tests ===


Running target unix
WARNING: Assuming target board is the local machine (which is probably wrong).

		=== libitm Summary ===

# of expected passes		26
# of expected failures		3
# of unsupported tests		1
Host   is sh4-unknown-linux-gnu

		=== libjava tests ===


Running target unix
WARNING: Assuming target board is the local machine (which is probably wrong).

		=== libjava Summary ===

# of expected passes		2405
# of untested testcases		4
Host   is sh4-unknown-linux-gnu

		=== libmudflap tests ===


Running target unix
WARNING: Assuming target board is the local machine (which is probably wrong).
FAIL: libmudflap.c++/pass55-frag.cxx ( -O) execution test

		=== libmudflap Summary ===

# of expected passes		1905
# of unexpected failures	1
Host   is sh4-unknown-linux-gnu

		=== libstdc++ tests ===


Running target unix
WARNING: Assuming target board is the local machine (which is probably wrong).
FAIL: 23_containers/unordered_map/requirements/exception/basic.cc execution test
FAIL: 23_containers/unordered_set/requirements/exception/basic.cc execution test
FAIL: 28_regex/basic_regex/ctors/basic/string_range_01_02_03.cc execution test
FAIL: 28_regex/basic_regex/ctors/extended/string_range_01_02_03.cc execution test
FAIL: ext/pb_ds/regression/hash_map_rand.cc execution test
FAIL: ext/pb_ds/regression/priority_queue_rand.cc execution test

		=== libstdc++ Summary ===

# of expected passes		7751
# of unexpected failures	6
# of expected failures		43
# of unsupported tests		582

Compiler version: 4.8.0 20120312 (experimental) [trunk revision 185209] (GCC) 
Platform: sh4-unknown-linux-gnu
configure flags: --host=i686-pc-linux-gnu --target=sh4-unknown-linux-gnu --enable-lto --enable-shared --enable-threads=posix --enable-clocale=gnu --enable-libitm --enable-libgcj --with-ld=/usr/local/bin/sh4-unknown-linux-gnu-ld --with-as=/usr/local/bin/sh4-unknown-linux-gnu-as --with-sysroot=/exp/ldroot --with-mpfr=/opt2/i686-pc-linux-gnu --with-mpc=/opt2/i686-pc-linux-gnu --with-libelf=/opt2/i686-pc-linux-gnu --with-ppl=no --enable-languages=c,c++,fortran,java,lto,objc


Index Nav: [Date Index] [Subject Index] [Author Index] [Thread Index]
Message Nav: [Date Prev] [Date Next] [Thread Prev] [Thread Next]