This is the mail archive of the gcc-testresults@gcc.gnu.org mailing list for the GCC project.


Index Nav: [Date Index] [Subject Index] [Author Index] [Thread Index]
Message Nav: [Date Prev] [Date Next] [Thread Prev] [Thread Next]
Other format: [Raw text]

Results for 4.6.4 20120309 (prerelease) testsuite on armv5tel-unknown-linux-gnueabi


LAST_UPDATED: Obtained from SVN: branches/gcc-4_6-branch revision 185159

Native configuration is armv5tel-unknown-linux-gnueabi

		=== libgomp tests ===


Running target unix
FAIL: libgomp.c++/ctor-3.C  -O0  execution test
FAIL: libgomp.c++/ctor-3.C  -O1  execution test
FAIL: libgomp.c++/ctor-3.C  -O2  execution test
FAIL: libgomp.c++/ctor-3.C  -O3 -fomit-frame-pointer  execution test
FAIL: libgomp.c++/ctor-3.C  -O3 -fomit-frame-pointer -funroll-loops  execution test
FAIL: libgomp.c++/ctor-3.C  -O3 -fomit-frame-pointer -funroll-all-loops -finline-functions  execution test
FAIL: libgomp.c++/ctor-3.C  -O3 -g  execution test
FAIL: libgomp.c++/ctor-3.C  -Os  execution test

		=== libgomp Summary ===

# of expected passes		2624
# of unexpected failures	8
# of unsupported tests		1
		=== libstdc++ tests ===


Running target unix

		=== libstdc++ Summary ===

# of expected passes		8018
# of expected failures		82
# of unsupported tests		171
		=== acats tests ===

		=== acats Summary ===
# of expected passes		2321
# of unexpected failures	0

		=== g++ tests ===


Running target unix
FAIL: g++.dg/abi/local1.C execution test
XPASS: g++.dg/uninit-pred-3_b.C (test for excess errors)
FAIL: g++.dg/gomp/clause-2.C  (test for errors, line 32)
FAIL: g++.dg/pch/empty.C  -g -I. (internal compiler error)
FAIL: g++.dg/pch/empty.C  -g -I. (test for excess errors)
FAIL: g++.dg/pch/empty.C  -g assembly comparison
FAIL: g++.dg/pch/static-1.C  -g -I. (internal compiler error)
FAIL: g++.dg/pch/static-1.C  -g -I. (test for excess errors)
FAIL: g++.dg/pch/static-1.C  -g assembly comparison
FAIL: g++.dg/pch/wchar-1.C  -O2 -g -I. (internal compiler error)
FAIL: g++.dg/pch/wchar-1.C  -O2 -g -I. (test for excess errors)
FAIL: g++.dg/pch/wchar-1.C  -O2 -g assembly comparison
FAIL: g++.dg/vect/pr36648.cc scan-tree-dump-times vect "vectorized 1 loops" 1
FAIL: g++.dg/vect/pr36648.cc scan-tree-dump-times vect "vectorizing stmts using SLP" 1

		=== g++ Summary ===

# of expected passes		25247
# of unexpected failures	13
# of unexpected successes	1
# of expected failures		166
# of unsupported tests		389
/mnt/scratch/objdir46/gcc/testsuite/g++/../../g++  version 4.6.4 20120309 (prerelease) (GCC) 

		=== gcc tests ===


Running target unix
FAIL: gcc.c-torture/compile/limits-exprparen.c  -O0  (internal compiler error)
FAIL: gcc.c-torture/compile/limits-exprparen.c  -O0  (test for excess errors)
FAIL: gcc.c-torture/compile/limits-exprparen.c  -O1  (internal compiler error)
FAIL: gcc.c-torture/compile/limits-exprparen.c  -O1  (test for excess errors)
FAIL: gcc.c-torture/compile/limits-exprparen.c  -O2  (internal compiler error)
FAIL: gcc.c-torture/compile/limits-exprparen.c  -O2  (test for excess errors)
FAIL: gcc.c-torture/compile/limits-exprparen.c  -O3 -fomit-frame-pointer  (internal compiler error)
FAIL: gcc.c-torture/compile/limits-exprparen.c  -O3 -fomit-frame-pointer  (test for excess errors)
FAIL: gcc.c-torture/compile/limits-exprparen.c  -O3 -g  (internal compiler error)
FAIL: gcc.c-torture/compile/limits-exprparen.c  -O3 -g  (test for excess errors)
FAIL: gcc.c-torture/compile/limits-exprparen.c  -Os  (internal compiler error)
FAIL: gcc.c-torture/compile/limits-exprparen.c  -Os  (test for excess errors)
FAIL: gcc.dg/c99-stdint-1.c (test for excess errors)
FAIL: gcc.dg/c99-stdint-7.c (test for excess errors)
FAIL: gcc.dg/uninit-13.c unconditional (test for warnings, line 8)
FAIL: gcc.dg/uninit-13.c (test for excess errors)
XPASS: gcc.dg/guality/example.c  -O0  execution test
XPASS: gcc.dg/guality/guality.c  -O0  execution test
FAIL: gcc.dg/guality/inline-params.c  -O1  execution test
FAIL: gcc.dg/guality/pr36728-1.c  -O1  line 12 arg2 == 2
FAIL: gcc.dg/guality/pr36728-1.c  -O1  line 12 arg3 == 3
FAIL: gcc.dg/guality/pr36728-1.c  -O1  line 12 arg4 == 4
FAIL: gcc.dg/guality/pr36728-1.c  -O1  line 14 arg2 == 2
FAIL: gcc.dg/guality/pr36728-1.c  -O1  line 14 arg3 == 3
FAIL: gcc.dg/guality/pr36728-1.c  -O1  line 14 arg4 == 4
FAIL: gcc.dg/guality/pr36728-1.c  -O2  line 12 arg3 == 3
FAIL: gcc.dg/guality/pr36728-1.c  -O2  line 12 arg4 == 4
FAIL: gcc.dg/guality/pr36728-1.c  -O2  line 14 arg2 == 2
FAIL: gcc.dg/guality/pr36728-1.c  -O2  line 14 arg3 == 3
FAIL: gcc.dg/guality/pr36728-1.c  -O2  line 14 arg4 == 4
FAIL: gcc.dg/guality/pr36728-1.c  -O3 -fomit-frame-pointer  line 12 arg3 == 3
FAIL: gcc.dg/guality/pr36728-1.c  -O3 -fomit-frame-pointer  line 12 arg4 == 4
FAIL: gcc.dg/guality/pr36728-1.c  -O3 -fomit-frame-pointer  line 14 arg2 == 2
FAIL: gcc.dg/guality/pr36728-1.c  -O3 -fomit-frame-pointer  line 14 arg3 == 3
FAIL: gcc.dg/guality/pr36728-1.c  -O3 -fomit-frame-pointer  line 14 arg4 == 4
FAIL: gcc.dg/guality/pr36728-1.c  -O3 -g  line 12 arg3 == 3
FAIL: gcc.dg/guality/pr36728-1.c  -O3 -g  line 12 arg4 == 4
FAIL: gcc.dg/guality/pr36728-1.c  -O3 -g  line 14 arg2 == 2
FAIL: gcc.dg/guality/pr36728-1.c  -O3 -g  line 14 arg3 == 3
FAIL: gcc.dg/guality/pr36728-1.c  -O3 -g  line 14 arg4 == 4
FAIL: gcc.dg/guality/pr36728-1.c  -Os  line 12 arg2 == 2
FAIL: gcc.dg/guality/pr36728-1.c  -Os  line 12 arg3 == 3
FAIL: gcc.dg/guality/pr36728-1.c  -Os  line 12 arg4 == 4
FAIL: gcc.dg/guality/pr36728-1.c  -Os  line 14 arg2 == 2
FAIL: gcc.dg/guality/pr36728-1.c  -Os  line 14 arg3 == 3
FAIL: gcc.dg/guality/pr36728-1.c  -Os  line 14 arg4 == 4
FAIL: gcc.dg/guality/pr36728-2.c  -O1  line 12 arg3 == 3
FAIL: gcc.dg/guality/pr36728-2.c  -O1  line 12 arg4 == 4
FAIL: gcc.dg/guality/pr36728-2.c  -O1  line 14 arg3 == 3
FAIL: gcc.dg/guality/pr36728-2.c  -O1  line 14 arg4 == 4
FAIL: gcc.dg/guality/pr36728-2.c  -O2  line 12 arg3 == 3
FAIL: gcc.dg/guality/pr36728-2.c  -O2  line 12 arg4 == 4
FAIL: gcc.dg/guality/pr36728-2.c  -O2  line 14 arg3 == 3
FAIL: gcc.dg/guality/pr36728-2.c  -O2  line 14 arg4 == 4
FAIL: gcc.dg/guality/pr36728-2.c  -O3 -fomit-frame-pointer  line 12 arg3 == 3
FAIL: gcc.dg/guality/pr36728-2.c  -O3 -fomit-frame-pointer  line 12 arg4 == 4
FAIL: gcc.dg/guality/pr36728-2.c  -O3 -fomit-frame-pointer  line 14 arg3 == 3
FAIL: gcc.dg/guality/pr36728-2.c  -O3 -fomit-frame-pointer  line 14 arg4 == 4
FAIL: gcc.dg/guality/pr36728-2.c  -O3 -g  line 12 arg3 == 3
FAIL: gcc.dg/guality/pr36728-2.c  -O3 -g  line 12 arg4 == 4
FAIL: gcc.dg/guality/pr36728-2.c  -O3 -g  line 14 arg3 == 3
FAIL: gcc.dg/guality/pr36728-2.c  -O3 -g  line 14 arg4 == 4
FAIL: gcc.dg/guality/pr36728-2.c  -Os  line 12 arg3 == 3
FAIL: gcc.dg/guality/pr36728-2.c  -Os  line 12 arg4 == 4
FAIL: gcc.dg/guality/pr36728-2.c  -Os  line 14 arg3 == 3
FAIL: gcc.dg/guality/pr36728-2.c  -Os  line 14 arg4 == 4
XPASS: gcc.dg/guality/pr41353-1.c  -O0  line 28 j == 28 + 37
XPASS: gcc.dg/guality/pr41353-1.c  -O1  line 28 j == 28 + 37
XPASS: gcc.dg/guality/pr41353-1.c  -O2  line 28 j == 28 + 37
XPASS: gcc.dg/guality/pr41353-1.c  -O3 -fomit-frame-pointer  line 28 j == 28 + 37
XPASS: gcc.dg/guality/pr41353-1.c  -O3 -g  line 28 j == 28 + 37
XPASS: gcc.dg/guality/pr41353-1.c  -Os  line 28 j == 28 + 37
XPASS: gcc.dg/guality/pr41447-1.c  -O0  execution test
XPASS: gcc.dg/guality/pr41616-1.c  -O0  execution test
FAIL: gcc.dg/guality/pr43051-1.c  -O1  line 39 c == &a[0]
FAIL: gcc.dg/guality/pr43077-1.c  -O1  line 42 b == 2
FAIL: gcc.dg/guality/pr43077-1.c  -O1  line 42 c == 3
FAIL: gcc.dg/guality/pr43077-1.c  -O1  line 42 varb == 2
FAIL: gcc.dg/guality/pr43077-1.c  -O2  line 42 b == 2
FAIL: gcc.dg/guality/pr43077-1.c  -O2  line 42 c == 3
FAIL: gcc.dg/guality/pr43077-1.c  -O2  line 42 varc == 3
FAIL: gcc.dg/guality/pr43077-1.c  -O3 -fomit-frame-pointer  line 42 b == 2
FAIL: gcc.dg/guality/pr43077-1.c  -O3 -fomit-frame-pointer  line 42 c == 3
FAIL: gcc.dg/guality/pr43077-1.c  -O3 -fomit-frame-pointer  line 42 varc == 3
FAIL: gcc.dg/guality/pr43077-1.c  -O3 -g  line 42 b == 2
FAIL: gcc.dg/guality/pr43077-1.c  -O3 -g  line 42 c == 3
FAIL: gcc.dg/guality/pr43077-1.c  -O3 -g  line 42 varc == 3
FAIL: gcc.dg/guality/pr43077-1.c  -Os  line 42 b == 2
FAIL: gcc.dg/guality/pr43077-1.c  -Os  line 42 c == 3
FAIL: gcc.dg/guality/pr43077-1.c  -Os  line 42 varb == 2
FAIL: gcc.dg/guality/pr43077-1.c  -Os  line 42 varc == 3
FAIL: gcc.dg/guality/sra-1.c  -O1  line 43 a.i == 4
FAIL: gcc.dg/guality/sra-1.c  -O1  line 43 a.j == 14
FAIL: gcc.dg/guality/sra-1.c  -O2  line 43 a.i == 4
FAIL: gcc.dg/guality/sra-1.c  -O2  line 43 a.j == 14
FAIL: gcc.dg/guality/sra-1.c  -O3 -fomit-frame-pointer  line 43 a.i == 4
FAIL: gcc.dg/guality/sra-1.c  -O3 -fomit-frame-pointer  line 43 a.j == 14
FAIL: gcc.dg/guality/sra-1.c  -O3 -g  line 43 a.i == 4
FAIL: gcc.dg/guality/sra-1.c  -O3 -g  line 43 a.j == 14
FAIL: gcc.dg/guality/sra-1.c  -Os  line 43 a.i == 4
FAIL: gcc.dg/guality/sra-1.c  -Os  line 43 a.j == 14
FAIL: gcc.dg/guality/vla-1.c  -O1  line 17 sizeof (a) == 6
FAIL: gcc.dg/guality/vla-1.c  -O2  line 17 sizeof (a) == 6
FAIL: gcc.dg/guality/vla-1.c  -O3 -fomit-frame-pointer  line 17 sizeof (a) == 6
FAIL: gcc.dg/guality/vla-1.c  -O3 -g  line 17 sizeof (a) == 6
FAIL: gcc.dg/guality/vla-1.c  -Os  line 17 sizeof (a) == 6
FAIL: gcc.dg/pch/common-1.c   -O1  -I. (internal compiler error)
FAIL: gcc.dg/pch/common-1.c   -O1  -I. (test for excess errors)
FAIL: gcc.dg/pch/common-1.c   -O1  assembly comparison
FAIL: gcc.dg/pch/common-1.c   -O2  -I. (internal compiler error)
FAIL: gcc.dg/pch/common-1.c   -O2  -I. (test for excess errors)
FAIL: gcc.dg/pch/common-1.c   -O2  assembly comparison
FAIL: gcc.dg/pch/common-1.c   -Os  -I. (internal compiler error)
FAIL: gcc.dg/pch/common-1.c   -Os  -I. (test for excess errors)
FAIL: gcc.dg/pch/common-1.c   -Os  assembly comparison
FAIL: gcc.dg/pch/cpp-2.c   -Os  -I. (internal compiler error)
FAIL: gcc.dg/pch/cpp-2.c   -Os  -I. (test for excess errors)
FAIL: gcc.dg/pch/cpp-2.c   -Os  assembly comparison
FAIL: gcc.dg/pch/cpp-3.c   -O2  -I. (internal compiler error)
FAIL: gcc.dg/pch/cpp-3.c   -O2  -I.  (test for warnings, line )
FAIL: gcc.dg/pch/cpp-3.c   -O2  -I. (test for excess errors)
FAIL: gcc.dg/pch/cpp-3.c   -O2  assembly comparison
FAIL: gcc.dg/pch/decl-2.c   -O3 -g  -I. (internal compiler error)
FAIL: gcc.dg/pch/decl-2.c   -O3 -g  -I. (test for excess errors)
FAIL: gcc.dg/pch/decl-2.c   -O3 -g  assembly comparison
FAIL: gcc.dg/pch/decl-3.c   -O0  -I. (internal compiler error)
FAIL: gcc.dg/pch/decl-3.c   -O0  -I. (test for excess errors)
FAIL: gcc.dg/pch/decl-3.c   -O0  assembly comparison
FAIL: gcc.dg/pch/decl-5.c  -O0 -g -I. (internal compiler error)
FAIL: gcc.dg/pch/decl-5.c  -O0 -g -I. (test for excess errors)
FAIL: gcc.dg/pch/decl-5.c  -O0 -g assembly comparison
FAIL: gcc.dg/pch/import-1.c   -O1  -I. (internal compiler error)
FAIL: gcc.dg/pch/import-1.c   -O1  -I. (test for excess errors)
FAIL: gcc.dg/pch/import-1.c   -O1  assembly comparison
FAIL: gcc.dg/pch/import-2.c   -O3 -fomit-frame-pointer  -I. (internal compiler error)
FAIL: gcc.dg/pch/import-2.c   -O3 -fomit-frame-pointer  -I. (test for excess errors)
FAIL: gcc.dg/pch/import-2.c   -O3 -fomit-frame-pointer  assembly comparison
FAIL: gcc.dg/pch/inline-1.c   -O3 -g  -I. (internal compiler error)
FAIL: gcc.dg/pch/inline-1.c   -O3 -g  -I. (test for excess errors)
FAIL: gcc.dg/pch/inline-1.c   -O3 -g  assembly comparison
FAIL: gcc.dg/pch/inline-3.c   -O3 -g  -I. (internal compiler error)
FAIL: gcc.dg/pch/inline-3.c   -O3 -g  -I. (test for excess errors)
FAIL: gcc.dg/pch/inline-3.c   -O3 -g  assembly comparison
FAIL: gcc.dg/pch/macro-1.c   -O0  -I. (internal compiler error)
FAIL: gcc.dg/pch/macro-1.c   -O0  -I. (test for excess errors)
FAIL: gcc.dg/pch/macro-1.c   -O0  assembly comparison
FAIL: gcc.dg/pch/macro-2.c   -O3 -g  -I. (internal compiler error)
FAIL: gcc.dg/pch/macro-2.c   -O3 -g  -I. (test for excess errors)
FAIL: gcc.dg/pch/macro-2.c   -O3 -g  assembly comparison
FAIL: gcc.dg/pch/macro-3.c   -O2  -I. (internal compiler error)
FAIL: gcc.dg/pch/macro-3.c   -O2  -I. (test for excess errors)
FAIL: gcc.dg/pch/macro-3.c   -O2  assembly comparison
FAIL: gcc.dg/pch/macro-3.c   -O3 -g  -I. (internal compiler error)
FAIL: gcc.dg/pch/macro-3.c   -O3 -g  -I. (test for excess errors)
FAIL: gcc.dg/pch/macro-3.c   -O3 -g  assembly comparison
FAIL: gcc.dg/pch/macro-4.c   -O3 -fomit-frame-pointer  -I. (internal compiler error)
FAIL: gcc.dg/pch/macro-4.c   -O3 -fomit-frame-pointer  -I. (test for excess errors)
FAIL: gcc.dg/pch/macro-4.c   -O3 -fomit-frame-pointer  assembly comparison
FAIL: gcc.dg/pch/save-temps-1.c   -O0  -I. (internal compiler error)
FAIL: gcc.dg/pch/save-temps-1.c   -O0  -I. (test for excess errors)
FAIL: gcc.dg/pch/save-temps-1.c  -O0  assembly comparison
FAIL: gcc.dg/pch/save-temps-1.c   -O1  -I. (internal compiler error)
FAIL: gcc.dg/pch/save-temps-1.c   -O1  -I. (test for excess errors)
FAIL: gcc.dg/pch/save-temps-1.c  -O1  assembly comparison
FAIL: gcc.dg/pch/static-2.c  -O0 -g -I. (internal compiler error)
FAIL: gcc.dg/pch/static-2.c  -O0 -g -I. (test for excess errors)
FAIL: gcc.dg/pch/static-2.c  -O0 -g assembly comparison
FAIL: gcc.dg/pch/valid-1b.c   -O2  -I. (internal compiler error)
FAIL: gcc.dg/pch/valid-1b.c   -O2  -I. (test for excess errors)
FAIL: gcc.dg/pch/valid-1b.c   -O2  assembly comparison
FAIL: gcc.dg/pch/valid-4.c   -O1  -I. (internal compiler error)
FAIL: gcc.dg/pch/valid-4.c   -O1  -I.  (test for warnings, line 5)
FAIL: gcc.dg/pch/valid-4.c   -O1  -I. (test for excess errors)
FAIL: gcc.dg/pch/valid-4.c   -O1  assembly comparison
FAIL: gcc.dg/pch/valid-4.c   -O3 -fomit-frame-pointer  -I. (internal compiler error)
FAIL: gcc.dg/pch/valid-4.c   -O3 -fomit-frame-pointer  -I.  (test for warnings, line 5)
FAIL: gcc.dg/pch/valid-4.c   -O3 -fomit-frame-pointer  -I. (test for excess errors)
FAIL: gcc.dg/pch/valid-4.c   -O3 -fomit-frame-pointer  assembly comparison
FAIL: gcc.dg/pch/valid-4.c   -O3 -g  -I. (internal compiler error)
FAIL: gcc.dg/pch/valid-4.c   -O3 -g  -I.  (test for warnings, line 5)
FAIL: gcc.dg/pch/valid-4.c   -O3 -g  -I. (test for excess errors)
FAIL: gcc.dg/pch/valid-4.c   -O3 -g  assembly comparison
FAIL: gcc.dg/pch/valid-6.c  -O0 -g -I. (internal compiler error)
FAIL: gcc.dg/pch/valid-6.c  -O0 -g -I. (test for excess errors)
FAIL: gcc.dg/pch/valid-6.c  -O0 -g assembly comparison
FAIL: gcc.dg/pch/valid-6.c   -O2  -I. (internal compiler error)
FAIL: gcc.dg/pch/valid-6.c   -O2  -I. (test for excess errors)
FAIL: gcc.dg/pch/valid-6.c   -O2  assembly comparison
FAIL: largefile.c   -O0  -I. (internal compiler error)
FAIL: largefile.c   -O0  -I. (test for excess errors)
FAIL: gcc.dg/pch/largefile.c   -O0  assembly comparison
XPASS: gcc.dg/tree-ssa/20040204-1.c scan-tree-dump-times optimized "link_error" 0
FAIL: gcc.dg/vect/pr48172.c execution test
XPASS: gcc.dg/vect/vect-16.c scan-tree-dump-times vect "vectorized 1 loops" 1
FAIL: gcc.dg/vect/vect-72.c scan-tree-dump-times vect "Alignment of access forced using peeling" 0
FAIL: gcc.dg/vect/vect-multitypes-11.c scan-tree-dump-times vect "vectorized 1 loops" 1
FAIL: gcc.dg/vect/vect-multitypes-12.c scan-tree-dump-times vect "vectorized 1 loops" 1
FAIL: gcc.dg/vect/vect-peel-3.c scan-tree-dump-times vect "Vectorizing an unaligned access" 1
FAIL: gcc.dg/vect/vect-peel-4.c scan-tree-dump-times vect "Vectorizing an unaligned access" 1
FAIL: gcc.dg/vect/vect-reduc-dot-s16b.c scan-tree-dump-times vect "vectorized 1 loops" 0
FAIL: gcc.dg/vect/vect-reduc-pattern-1a.c scan-tree-dump-times vect "vectorized 1 loops" 0
FAIL: gcc.dg/vect/vect-reduc-pattern-1b.c scan-tree-dump-times vect "vectorized 1 loops" 0
FAIL: gcc.dg/vect/vect-reduc-pattern-1c.c scan-tree-dump-times vect "vectorized 1 loops" 0
FAIL: gcc.dg/vect/vect-reduc-pattern-2a.c scan-tree-dump-times vect "vectorized 1 loops" 0
FAIL: gcc.dg/vect/vect-reduc-pattern-2b.c scan-tree-dump-times vect "vectorized 1 loops" 0
XPASS: gcc.dg/vect/slp-reduc-3.c scan-tree-dump-times vect "vectorizing stmts using SLP" 1
FAIL: gcc.dg/vect/bb-slp-10.c scan-tree-dump-times slp "unsupported alignment in basic block." 1
FAIL: gcc.dg/vect/wrapv-vect-reduc-pattern-2c.c scan-tree-dump-times vect "vectorized 1 loops" 0
XPASS: gcc.dg/vect/no-scevccp-outer-16.c scan-tree-dump-times vect "OUTER LOOP VECTORIZED." 1
XPASS: gcc.dg/vect/no-scevccp-outer-17.c scan-tree-dump-times vect "OUTER LOOP VECTORIZED." 1
XPASS: gcc.dg/vect/no-scevccp-outer-19.c scan-tree-dump-times vect "OUTER LOOP VECTORIZED." 1
XPASS: gcc.dg/vect/no-scevccp-outer-21.c scan-tree-dump-times vect "OUTER LOOP VECTORIZED." 1
FAIL: gcc.target/arm/pr40457-2.c scan-assembler stm
FAIL: gcc.target/arm/sync-1.c execution test

		=== gcc Summary ===

# of expected passes		64218
# of unexpected failures	197
# of unexpected successes	17
# of expected failures		225
# of unsupported tests		932
/mnt/scratch/objdir46/gcc/xgcc  version 4.6.4 20120309 (prerelease) (GCC) 

		=== gfortran tests ===


Running target unix
FAIL: gfortran.dg/pr45636.f90  -O  scan-tree-dump-times forwprop2 "memset" 0
FAIL: gfortran.dg/vect/fast-math-pr38968.f90 scan-tree-dump vect "vectorized 1 loops"

		=== gfortran Summary ===

# of expected passes		37711
# of unexpected failures	2
# of expected failures		41
# of unsupported tests		378
/mnt/scratch/objdir46/gcc/testsuite/gfortran/../../gfortran  version 4.6.4 20120309 (prerelease) (GCC) 

		=== gnat tests ===


Running target unix

		=== gnat Summary ===

# of expected passes		868
# of expected failures		11
# of unsupported tests		5
/mnt/scratch/objdir46/gcc/gnatmake version 4.6.4 20120309 (prerelease)


Compiler version: 4.6.4 20120309 (prerelease) 
Platform: armv5tel-unknown-linux-gnueabi
configure flags: --prefix=/mnt/scratch/install46 --enable-bootstrap --enable-shared --enable-threads=posix --enable-checking=release --with-system-zlib --enable-__cxa_atexit --disable-libunwind-exceptions --enable-languages=c,c++,fortran,ada --disable-dssi --with-java-home=/usr/lib/jvm/java-1.5.0-gcj-1.5.0.0/jre --enable-libgcj-multifile --disable-java-maintainer-mode --with-ecj-jar=/usr/share/java/eclipse-ecj.jar --disable-libjava-multilib --disable-sjlj-exceptions --with-arch=armv5te --with-tune=xscale --build=armv5tel-unknown-linux-gnueabi --disable-plugin --disable-lto --disable-libmudflap
BOOT_CFLAGS=-g -O2


Index Nav: [Date Index] [Subject Index] [Author Index] [Thread Index]
Message Nav: [Date Prev] [Date Next] [Thread Prev] [Thread Next]