This is the mail archive of the gcc-testresults@gcc.gnu.org mailing list for the GCC project.


Index Nav: [Date Index] [Subject Index] [Author Index] [Thread Index]
Message Nav: [Date Prev] [Date Next] [Thread Prev] [Thread Next]
Other format: [Raw text]

Results for 4.7.0 20120302 (prerelease) (GCC) testsuite on powerpc-apple-darwin8.11.0


dual G4 (powerpc 7410) 533 MHz, 1.5G RAM
Mac OS X 10.4.11, apple-gcc-5370 (Xcode 2.5)
Using Fink packaging draft 4.7.0-RC-20120302
	(experimental/fangism/gcc47-10.4.info based on Jack Howarth's)
--with-dwarf2 --without-libquadmath AS=odas
odas -v: Apple Inc version odcctools-698.1od9, GNU assembler version 1.38
previous report for 4.7: none
Native configuration is powerpc-apple-darwin8.11.0

		=== g++ tests ===


Running target unix
FAIL: g++.dg/eh/simd-3.C -std=gnu++98 execution test
FAIL: g++.dg/eh/simd-3.C -std=gnu++11 execution test
FAIL: g++.dg/eh/simd-4.C -std=gnu++98 execution test
FAIL: g++.dg/eh/simd-4.C -std=gnu++11 execution test
FAIL: g++.dg/ext/alignof2.C -std=c++98 execution test
FAIL: g++.dg/ext/alignof2.C -std=c++11 execution test
WARNING: g++.dg/ext/label13.C -std=gnu++98 compilation failed to produce executable
WARNING: g++.dg/ext/label13.C -std=gnu++11 compilation failed to produce executable
FAIL: g++.dg/opt/devirt2.C scan-assembler-times xyzzy 2
FAIL: g++.dg/opt/devirt2.C scan-assembler-times xyzzy 2

		=== g++ Summary ===

# of expected passes		46402
# of unexpected failures	8
# of expected failures		288
# of unsupported tests		671
/Volumes/Isolde/fink.build/gcc47-4.7.0-0.rc1/darwin_objdir/gcc/testsuite/g++/../../g++  version 4.7.0 20120302 (prerelease) (GCC) 

		=== gcc tests ===


Running target unix
FAIL: gcc.dg/20020103-1.c scan-assembler-not LC[0-9]
FAIL: gcc.dg/and-1.c scan-assembler-not nand
FAIL: gcc.dg/atomic-flag.c execution test
FAIL: gcc.dg/c99-stdint-1.c (test for excess errors)
FAIL: gcc.dg/cproj-fails-with-broken-glibc.c execution test
FAIL: gcc.dg/stack-usage-1.c scan-file foo\\t(256|264)\\tstatic
WARNING: program timed out.
FAIL: gcc.dg/graphite/interchange-8.c (test for excess errors)
WARNING: gcc.dg/graphite/interchange-8.c compilation failed to produce executable
FAIL: gcc.dg/tls/thr-cse-1.c scan-assembler-not emutls_get_address.*emutls_get_address.*
FAIL: gcc.dg/tree-prof/pr44777.c execution,    -fprofile-generate -D_PROFILE_GENERATE
UNRESOLVED: gcc.dg/tree-prof/pr44777.c compilation,  -fprofile-use -D_PROFILE_USE
UNRESOLVED: gcc.dg/tree-prof/pr44777.c execution,    -fprofile-use -D_PROFILE_USE
FAIL: gcc.dg/tree-ssa/sra-12.c scan-tree-dump-times release_ssa "l;" 0
FAIL: gcc.dg/tree-ssa/ssa-dom-thread-4.c scan-tree-dump-times dom1 "Threaded" 3
FAIL: gcc.dg/tree-ssa/vrp47.c scan-tree-dump-times vrp1 "[xy][^ ]* !=" 0
FAIL: gcc.dg/tree-ssa/vrp47.c scan-tree-dump-times dom2 "x[^ ]* & y" 1
FAIL: gcc.target/powerpc/405-dlmzb-strlen-1.c scan-assembler dlmzb\\\\. 
FAIL: gcc.target/powerpc/440-dlmzb-strlen-1.c scan-assembler dlmzb\\\\. 
FAIL: gcc.target/powerpc/darwin-abi-12.c scan-assembler .comm[\\t ]_x,12,2
FAIL: gcc.target/powerpc/ppc-vector-memcpy.c scan-assembler lvx
FAIL: gcc.target/powerpc/pr46728-10.c execution test
FAIL: gcc.target/powerpc/pr46728-11.c execution test
FAIL: gcc.target/powerpc/pr46728-13.c execution test
FAIL: gcc.target/powerpc/pr46728-14.c execution test
FAIL: gcc.target/powerpc/pr46728-15.c execution test
FAIL: gcc.target/powerpc/pr46728-4.c scan-assembler-times cbrt 2
FAIL: gcc.target/powerpc/pr46728-5.c scan-assembler-times cbrt 2
FAIL: gcc.target/powerpc/pr46728-8.c scan-assembler-times cbrt 5

		=== gcc Summary ===

# of expected passes		78290
# of unexpected failures	25
# of expected failures		225
# of unresolved testcases	2
# of unsupported tests		1451
/Volumes/Isolde/fink.build/gcc47-4.7.0-0.rc1/darwin_objdir/gcc/xgcc  version 4.7.0 20120302 (prerelease) (GCC) 

		=== gfortran tests ===


Running target unix
FAIL: gfortran.dg/large_real_kind_3.F90  -O0  execution test
WARNING: program timed out.
FAIL: gfortran.dg/vect/fast-math-pr38968.f90 execution test

		=== gfortran Summary ===

# of expected passes		40471
# of unexpected failures	2
# of expected failures		89
# of unsupported tests		244
/Volumes/Isolde/fink.build/gcc47-4.7.0-0.rc1/darwin_objdir/gcc/testsuite/gfortran/../../gfortran  version 4.7.0 20120302 (prerelease) (GCC) 

		=== obj-c++ tests ===


Running target unix

		=== obj-c++ Summary ===

# of expected passes		2772
# of expected failures		2
# of unsupported tests		81
/Volumes/Isolde/fink.build/gcc47-4.7.0-0.rc1/darwin_objdir/gcc/testsuite/obj-c++/../../g++  version 4.7.0 20120302 (prerelease) (GCC) 

		=== objc tests ===


Running target unix

		=== objc Summary ===

# of expected passes		5735
# of expected failures		4
# of unsupported tests		100
/Volumes/Isolde/fink.build/gcc47-4.7.0-0.rc1/darwin_objdir/gcc/xgcc  version 4.7.0 20120302 (prerelease) (GCC) 

		=== boehm-gc tests ===


Running target unix
FAIL: boehm-gc.lib/staticrootstest.c -O2 (test for excess errors)

		=== boehm-gc Summary ===

# of expected passes		11
# of unexpected failures	1
# of unsupported tests		1
		=== libffi tests ===


Running target unix

		=== libffi Summary ===

# of expected passes		1634
# of expected failures		10
# of unsupported tests		55
		=== libgomp tests ===


Running target unix

		=== libgomp Summary ===

# of expected passes		2990
# of unsupported tests		3
		=== libitm tests ===


Running target unix
FAIL: libitm.c/cancel.c (test for excess errors)
WARNING: libitm.c/cancel.c compilation failed to produce executable
FAIL: libitm.c/clone-1.c (test for excess errors)
WARNING: libitm.c/clone-1.c compilation failed to produce executable
FAIL: libitm.c/dropref-2.c (test for excess errors)
WARNING: libitm.c/dropref-2.c compilation failed to produce executable
FAIL: libitm.c/dropref.c (test for excess errors)
WARNING: libitm.c/dropref.c compilation failed to produce executable
FAIL: libitm.c/memcpy-1.c (test for excess errors)
WARNING: libitm.c/memcpy-1.c compilation failed to produce executable
FAIL: libitm.c/memset-1.c (test for excess errors)
WARNING: libitm.c/memset-1.c compilation failed to produce executable
FAIL: libitm.c/notx.c (test for excess errors)
WARNING: libitm.c/notx.c compilation failed to produce executable
FAIL: libitm.c/reentrant.c (test for excess errors)
WARNING: libitm.c/reentrant.c compilation failed to produce executable
FAIL: libitm.c/simple-1.c (test for excess errors)
WARNING: libitm.c/simple-1.c compilation failed to produce executable
FAIL: libitm.c/simple-2.c (test for excess errors)
WARNING: libitm.c/simple-2.c compilation failed to produce executable
FAIL: libitm.c/stackundo.c (test for excess errors)
WARNING: libitm.c/stackundo.c compilation failed to produce executable
FAIL: libitm.c/txrelease.c (test for excess errors)
WARNING: libitm.c/txrelease.c compilation failed to produce executable

		=== libitm Summary ===

# of expected passes		4
# of unexpected failures	12
# of expected failures		1
# of unsupported tests		1
		=== libjava tests ===


Running target unix
FAIL: TestClosureGC run

		=== libjava Summary ===

# of expected passes		2573
# of unexpected failures	1
# of untested testcases		1
		=== libstdc++ tests ===


Running target unix
FAIL: 18_support/50594.cc execution test
FAIL: ext/mt_allocator/deallocate_global_thread-1.cc execution test
FAIL: ext/mt_allocator/deallocate_global_thread-3.cc execution test

		=== libstdc++ Summary ===

# of expected passes		7799
# of unexpected failures	3
# of expected failures		43
# of unsupported tests		563

		=== libstdc++ Summary ===


Compiler version: 4.7.0 20120302 (prerelease) (GCC) 
Platform: powerpc-apple-darwin8.11.0
configure flags:Test Run By fink-bld on Tue Mar  6 10:11:03 2012


Index Nav: [Date Index] [Subject Index] [Author Index] [Thread Index]
Message Nav: [Date Prev] [Date Next] [Thread Prev] [Thread Next]