This is the mail archive of the
gcc-testresults@gcc.gnu.org
mailing list for the GCC project.
Results for 4.8.0 20120302 (experimental) [trunk revision 184799] (GCC) testsuite on i386-pc-solaris2.11
- From: Rainer Orth <ro at CeBiTec dot Uni-Bielefeld dot DE>
- To: gcc-testresults at gcc dot gnu dot org
- Date: Mon, 5 Mar 2012 14:25:27 +0100 (MET)
- Subject: Results for 4.8.0 20120302 (experimental) [trunk revision 184799] (GCC) testsuite on i386-pc-solaris2.11
LAST_UPDATED: Fri Mar 2 17:01:24 UTC 2012 (revision 184799)
=== acats tests ===
=== acats Summary ===
# of expected passes 2320
# of unexpected failures 0
Native configuration is i386-pc-solaris2.11
=== g++ tests ===
Running target unix
=== g++ Summary for unix ===
# of expected passes 47023
# of expected failures 288
# of unsupported tests 378
Running target unix/-m64
=== g++ Summary for unix/-m64 ===
# of expected passes 47804
# of expected failures 288
# of unsupported tests 618
=== g++ Summary ===
# of expected passes 94827
# of expected failures 576
# of unsupported tests 996
/var/gcc/regression/trunk/11-gcc-gas/build/gcc/testsuite/g++/../../g++ version 4.8.0 20120302 (experimental) [trunk revision 184799] (GCC)
=== gcc tests ===
Running target unix
WARNING: program timed out.
FAIL: gcc.dg/compat/struct-by-value-1 c_compat_x_tst.o compile
UNRESOLVED: gcc.dg/compat/struct-by-value-1 c_compat_x_tst.o-c_compat_y_tst.o link
UNRESOLVED: gcc.dg/compat/struct-by-value-1 c_compat_x_tst.o-c_compat_y_tst.o execute
WARNING: program timed out.
FAIL: tmpdir-gcc.dg-struct-layout-1/t001 c_compat_y_tst.o compile
UNRESOLVED: tmpdir-gcc.dg-struct-layout-1/t001 c_compat_x_tst.o-c_compat_y_tst.o link
UNRESOLVED: tmpdir-gcc.dg-struct-layout-1/t001 c_compat_x_tst.o-c_compat_y_tst.o execute
WARNING: program timed out.
FAIL: tmpdir-gcc.dg-struct-layout-1/t002 c_compat_x_tst.o compile
WARNING: program timed out.
FAIL: tmpdir-gcc.dg-struct-layout-1/t002 c_compat_y_tst.o compile
UNRESOLVED: tmpdir-gcc.dg-struct-layout-1/t002 c_compat_x_tst.o-c_compat_y_tst.o link
UNRESOLVED: tmpdir-gcc.dg-struct-layout-1/t002 c_compat_x_tst.o-c_compat_y_tst.o execute
WARNING: program timed out.
FAIL: tmpdir-gcc.dg-struct-layout-1/t003 c_compat_x_tst.o compile
UNRESOLVED: tmpdir-gcc.dg-struct-layout-1/t003 c_compat_x_tst.o-c_compat_y_tst.o link
UNRESOLVED: tmpdir-gcc.dg-struct-layout-1/t003 c_compat_x_tst.o-c_compat_y_tst.o execute
=== gcc Summary for unix ===
# of expected passes 83705
# of unexpected failures 5
# of expected failures 260
# of unresolved testcases 8
# of unsupported tests 1030
Running target unix/-m64
=== gcc Summary for unix/-m64 ===
# of expected passes 83981
# of expected failures 260
# of unsupported tests 1389
=== gcc Summary ===
# of expected passes 167686
# of unexpected failures 5
# of expected failures 520
# of unresolved testcases 8
# of unsupported tests 2419
/var/gcc/regression/trunk/11-gcc-gas/build/gcc/xgcc version 4.8.0 20120302 (experimental) [trunk revision 184799] (GCC)
=== gfortran tests ===
Running target unix
FAIL: gfortran.dg/g77/f90-intrinsic-mathematical.f -O3 -fomit-frame-pointer -funroll-loops (test for excess errors)
WARNING: gfortran.dg/g77/f90-intrinsic-mathematical.f -O3 -fomit-frame-pointer -funroll-loops compilation failed to produce executable
FAIL: gfortran.dg/g77/f90-intrinsic-mathematical.f -O3 -g (test for excess errors)
WARNING: gfortran.dg/g77/f90-intrinsic-mathematical.f -O3 -g compilation failed to produce executable
FAIL: gfortran.dg/g77/f90-intrinsic-numeric.f -O3 -fomit-frame-pointer -funroll-loops (test for excess errors)
WARNING: gfortran.dg/g77/f90-intrinsic-numeric.f -O3 -fomit-frame-pointer -funroll-loops compilation failed to produce executable
WARNING: program timed out.
WARNING: program timed out.
WARNING: program timed out.
=== gfortran Summary for unix ===
# of expected passes 40600
# of unexpected failures 3
# of expected failures 56
# of unsupported tests 227
Running target unix/-m64
FAIL: gfortran.dg/bound_7.f90 -O3 -g (test for excess errors)
WARNING: gfortran.dg/bound_7.f90 -O3 -g compilation failed to produce executable
FAIL: gfortran.dg/bound_simplification_1.f90 -O3 -g (test for excess errors)
WARNING: gfortran.dg/bound_simplification_1.f90 -O3 -g compilation failed to produce executable
FAIL: gfortran.dg/bounds_check_2.f -O3 -fomit-frame-pointer -funroll-loops (test for excess errors)
WARNING: gfortran.dg/bounds_check_2.f -O3 -fomit-frame-pointer -funroll-loops compilation failed to produce executable
FAIL: gfortran.dg/bounds_check_9.f90 -O3 -fomit-frame-pointer -funroll-loops (test for excess errors)
WARNING: gfortran.dg/bounds_check_9.f90 -O3 -fomit-frame-pointer -funroll-loops compilation failed to produce executable
FAIL: gfortran.dg/boz_15.f90 -O3 -g (test for excess errors)
WARNING: gfortran.dg/boz_15.f90 -O3 -g compilation failed to produce executable
FAIL: gfortran.dg/c_f_pointer_shape_tests_2.f03 -Os (test for excess errors)
WARNING: gfortran.dg/c_f_pointer_shape_tests_2.f03 -Os compilation failed to produce executable
FAIL: gfortran.dg/char_cshift_1.f90 -O3 -fomit-frame-pointer (test for excess errors)
WARNING: gfortran.dg/char_cshift_1.f90 -O3 -fomit-frame-pointer compilation failed to produce executable
FAIL: gfortran.dg/char_cshift_1.f90 -O3 -fomit-frame-pointer -funroll-loops (test for excess errors)
WARNING: gfortran.dg/char_cshift_1.f90 -O3 -fomit-frame-pointer -funroll-loops compilation failed to produce executable
FAIL: gfortran.dg/char_cshift_2.f90 -O3 -fomit-frame-pointer -funroll-loops (test for excess errors)
WARNING: gfortran.dg/char_cshift_2.f90 -O3 -fomit-frame-pointer -funroll-loops compilation failed to produce executable
FAIL: gfortran.dg/char_cshift_2.f90 -O3 -fomit-frame-pointer -funroll-all-loops -finline-functions (test for excess errors)
WARNING: gfortran.dg/char_cshift_2.f90 -O3 -fomit-frame-pointer -funroll-all-loops -finline-functions compilation failed to produce executable
FAIL: gfortran.dg/char_cshift_2.f90 -O3 -g (test for excess errors)
WARNING: gfortran.dg/char_cshift_2.f90 -O3 -g compilation failed to produce executable
FAIL: gfortran.dg/char_cshift_2.f90 -Os (test for excess errors)
WARNING: gfortran.dg/char_cshift_2.f90 -Os compilation failed to produce executable
FAIL: gfortran.dg/char_cshift_3.f90 -O0 (test for excess errors)
WARNING: gfortran.dg/char_cshift_3.f90 -O0 compilation failed to produce executable
FAIL: gfortran.dg/char_cshift_3.f90 -O2 (test for excess errors)
WARNING: gfortran.dg/char_cshift_3.f90 -O2 compilation failed to produce executable
FAIL: gfortran.dg/char_cshift_3.f90 -O3 -fomit-frame-pointer (test for excess errors)
WARNING: gfortran.dg/char_cshift_3.f90 -O3 -fomit-frame-pointer compilation failed to produce executable
FAIL: gfortran.dg/char_cshift_3.f90 -O3 -fomit-frame-pointer -funroll-loops (test for excess errors)
WARNING: gfortran.dg/char_cshift_3.f90 -O3 -fomit-frame-pointer -funroll-loops compilation failed to produce executable
FAIL: gfortran.dg/char_eoshift_1.f90 -O1 (test for excess errors)
WARNING: gfortran.dg/char_eoshift_1.f90 -O1 compilation failed to produce executable
FAIL: gfortran.dg/char_eoshift_1.f90 -O3 -fomit-frame-pointer (test for excess errors)
WARNING: gfortran.dg/char_eoshift_1.f90 -O3 -fomit-frame-pointer compilation failed to produce executable
FAIL: gfortran.dg/char_eoshift_1.f90 -O3 -fomit-frame-pointer -funroll-loops (test for excess errors)
WARNING: gfortran.dg/char_eoshift_1.f90 -O3 -fomit-frame-pointer -funroll-loops compilation failed to produce executable
FAIL: gfortran.dg/char_eoshift_2.f90 -O1 (test for excess errors)
WARNING: gfortran.dg/char_eoshift_2.f90 -O1 compilation failed to produce executable
FAIL: gfortran.dg/char_eoshift_2.f90 -O2 (test for excess errors)
WARNING: gfortran.dg/char_eoshift_2.f90 -O2 compilation failed to produce executable
FAIL: gfortran.dg/char_eoshift_2.f90 -O3 -fomit-frame-pointer (test for excess errors)
WARNING: gfortran.dg/char_eoshift_2.f90 -O3 -fomit-frame-pointer compilation failed to produce executable
FAIL: gfortran.dg/char_eoshift_2.f90 -O3 -fomit-frame-pointer -funroll-loops (test for excess errors)
WARNING: gfortran.dg/char_eoshift_2.f90 -O3 -fomit-frame-pointer -funroll-loops compilation failed to produce executable
FAIL: gfortran.dg/char_eoshift_2.f90 -O3 -fomit-frame-pointer -funroll-all-loops -finline-functions (test for excess errors)
WARNING: gfortran.dg/char_eoshift_2.f90 -O3 -fomit-frame-pointer -funroll-all-loops -finline-functions compilation failed to produce executable
FAIL: gfortran.dg/char_eoshift_2.f90 -O3 -g (test for excess errors)
WARNING: gfortran.dg/char_eoshift_2.f90 -O3 -g compilation failed to produce executable
FAIL: gfortran.dg/char_eoshift_2.f90 -Os (test for excess errors)
WARNING: gfortran.dg/char_eoshift_2.f90 -Os compilation failed to produce executable
FAIL: gfortran.dg/fmt_fw_d.f90 -O3 -g (test for excess errors)
WARNING: gfortran.dg/fmt_fw_d.f90 -O3 -g compilation failed to produce executable
FAIL: gfortran.dg/forall_1.f90 -O3 -g (test for excess errors)
WARNING: gfortran.dg/forall_1.f90 -O3 -g compilation failed to produce executable
FAIL: gfortran.dg/forall_10.f90 -O3 -fomit-frame-pointer -funroll-all-loops -finline-functions (test for excess errors)
WARNING: gfortran.dg/forall_10.f90 -O3 -fomit-frame-pointer -funroll-all-loops -finline-functions compilation failed to produce executable
FAIL: gfortran.dg/func_derived_1.f90 -O3 -fomit-frame-pointer -funroll-all-loops -finline-functions (test for excess errors)
WARNING: gfortran.dg/func_derived_1.f90 -O3 -fomit-frame-pointer -funroll-all-loops -finline-functions compilation failed to produce executable
FAIL: gfortran.dg/func_result_6.f90 -O1 (test for excess errors)
WARNING: gfortran.dg/func_result_6.f90 -O1 compilation failed to produce executable
FAIL: gfortran.dg/func_result_6.f90 -O2 (test for excess errors)
WARNING: gfortran.dg/func_result_6.f90 -O2 compilation failed to produce executable
FAIL: gfortran.dg/func_result_6.f90 -O3 -fomit-frame-pointer (test for excess errors)
WARNING: gfortran.dg/func_result_6.f90 -O3 -fomit-frame-pointer compilation failed to produce executable
FAIL: gfortran.dg/func_result_6.f90 -O3 -fomit-frame-pointer -funroll-loops (test for excess errors)
WARNING: gfortran.dg/func_result_6.f90 -O3 -fomit-frame-pointer -funroll-loops compilation failed to produce executable
FAIL: gfortran.dg/func_result_6.f90 -O3 -fomit-frame-pointer -funroll-all-loops -finline-functions (test for excess errors)
WARNING: gfortran.dg/func_result_6.f90 -O3 -fomit-frame-pointer -funroll-all-loops -finline-functions compilation failed to produce executable
FAIL: gfortran.dg/func_result_6.f90 -O3 -g (test for excess errors)
WARNING: gfortran.dg/func_result_6.f90 -O3 -g compilation failed to produce executable
FAIL: gfortran.dg/func_result_6.f90 -Os (test for excess errors)
WARNING: gfortran.dg/func_result_6.f90 -Os compilation failed to produce executable
FAIL: gfortran.dg/function_kinds_1.f90 -O2 (test for excess errors)
WARNING: gfortran.dg/function_kinds_1.f90 -O2 compilation failed to produce executable
FAIL: gfortran.dg/function_kinds_1.f90 -Os (test for excess errors)
WARNING: gfortran.dg/function_kinds_1.f90 -Os compilation failed to produce executable
FAIL: gfortran.dg/function_kinds_4.f90 -O3 -g (test for excess errors)
WARNING: gfortran.dg/function_kinds_4.f90 -O3 -g compilation failed to produce executable
FAIL: gfortran.dg/function_kinds_4.f90 -Os (test for excess errors)
WARNING: gfortran.dg/function_kinds_4.f90 -Os compilation failed to produce executable
FAIL: gfortran.dg/function_optimize_4.f90 -Os (test for excess errors)
WARNING: gfortran.dg/function_optimize_4.f90 -Os compilation failed to produce executable
FAIL: gfortran.dg/function_optimize_8.f90 -O (test for excess errors)
WARNING: gfortran.dg/hollerith.f90 -O1 compilation failed to produce executable
WARNING: gfortran.dg/hollerith.f90 -O3 -fomit-frame-pointer -funroll-loops compilation failed to produce executable
FAIL: gfortran.dg/large_real_kind_1.f90 -Os (test for excess errors)
WARNING: gfortran.dg/large_real_kind_1.f90 -Os compilation failed to produce executable
FAIL: gfortran.dg/large_real_kind_form_io_2.f90 -O3 -fomit-frame-pointer -funroll-all-loops -finline-functions (test for excess errors)
WARNING: gfortran.dg/large_real_kind_form_io_2.f90 -O3 -fomit-frame-pointer -funroll-all-loops -finline-functions compilation failed to produce executable
FAIL: gfortran.dg/loc_2.f90 -O3 -fomit-frame-pointer -funroll-all-loops -finline-functions (test for excess errors)
WARNING: gfortran.dg/loc_2.f90 -O3 -fomit-frame-pointer -funroll-all-loops -finline-functions compilation failed to produce executable
FAIL: gfortran.dg/mapping_1.f90 -O3 -fomit-frame-pointer -funroll-loops (test for excess errors)
WARNING: gfortran.dg/mapping_1.f90 -O3 -fomit-frame-pointer -funroll-loops compilation failed to produce executable
FAIL: gfortran.dg/mapping_1.f90 -O3 -g (test for excess errors)
WARNING: gfortran.dg/mapping_1.f90 -O3 -g compilation failed to produce executable
FAIL: gfortran.dg/mapping_1.f90 -Os (test for excess errors)
WARNING: gfortran.dg/mapping_1.f90 -Os compilation failed to produce executable
FAIL: gfortran.dg/matmul_1.f90 -O1 (test for excess errors)
WARNING: gfortran.dg/matmul_1.f90 -O1 compilation failed to produce executable
FAIL: gfortran.dg/matmul_1.f90 -O2 (test for excess errors)
WARNING: gfortran.dg/matmul_1.f90 -O2 compilation failed to produce executable
FAIL: gfortran.dg/matmul_1.f90 -O3 -fomit-frame-pointer (test for excess errors)
WARNING: gfortran.dg/matmul_1.f90 -O3 -fomit-frame-pointer compilation failed to produce executable
FAIL: gfortran.dg/matmul_1.f90 -O3 -fomit-frame-pointer -funroll-loops (test for excess errors)
WARNING: gfortran.dg/matmul_1.f90 -O3 -fomit-frame-pointer -funroll-loops compilation failed to produce executable
FAIL: gfortran.dg/matmul_1.f90 -O3 -fomit-frame-pointer -funroll-all-loops -finline-functions (test for excess errors)
WARNING: gfortran.dg/matmul_1.f90 -O3 -fomit-frame-pointer -funroll-all-loops -finline-functions compilation failed to produce executable
FAIL: gfortran.dg/matmul_1.f90 -O3 -g (test for excess errors)
WARNING: gfortran.dg/matmul_1.f90 -O3 -g compilation failed to produce executable
FAIL: gfortran.dg/matmul_2.f90 -O3 -fomit-frame-pointer (test for excess errors)
WARNING: gfortran.dg/matmul_2.f90 -O3 -fomit-frame-pointer compilation failed to produce executable
FAIL: gfortran.dg/matmul_3.f90 -O2 (test for excess errors)
WARNING: gfortran.dg/matmul_3.f90 -O2 compilation failed to produce executable
FAIL: gfortran.dg/matmul_3.f90 -O3 -fomit-frame-pointer (test for excess errors)
WARNING: gfortran.dg/matmul_3.f90 -O3 -fomit-frame-pointer compilation failed to produce executable
FAIL: gfortran.dg/matmul_3.f90 -O3 -fomit-frame-pointer -funroll-loops (test for excess errors)
WARNING: gfortran.dg/matmul_3.f90 -O3 -fomit-frame-pointer -funroll-loops compilation failed to produce executable
FAIL: gfortran.dg/matmul_3.f90 -O3 -fomit-frame-pointer -funroll-all-loops -finline-functions (test for excess errors)
WARNING: gfortran.dg/matmul_3.f90 -O3 -fomit-frame-pointer -funroll-all-loops -finline-functions compilation failed to produce executable
FAIL: gfortran.dg/matmul_4.f90 -O2 (test for excess errors)
WARNING: gfortran.dg/matmul_4.f90 -O2 compilation failed to produce executable
FAIL: gfortran.dg/matmul_4.f90 -O3 -fomit-frame-pointer (test for excess errors)
WARNING: gfortran.dg/matmul_4.f90 -O3 -fomit-frame-pointer compilation failed to produce executable
FAIL: gfortran.dg/matmul_5.f90 -O0 (test for excess errors)
WARNING: gfortran.dg/matmul_5.f90 -O0 compilation failed to produce executable
FAIL: gfortran.dg/matmul_5.f90 -O2 (test for excess errors)
WARNING: gfortran.dg/matmul_5.f90 -O2 compilation failed to produce executable
FAIL: gfortran.dg/matmul_5.f90 -O3 -fomit-frame-pointer (test for excess errors)
WARNING: gfortran.dg/matmul_5.f90 -O3 -fomit-frame-pointer compilation failed to produce executable
FAIL: gfortran.dg/pr41928.f90 -O (test for excess errors)
FAIL: gfortran.dg/pr47757-1.f90 -O3 -g (test for excess errors)
WARNING: gfortran.dg/pr47757-1.f90 -O3 -g compilation failed to produce executable
FAIL: gfortran.dg/product_init_expr.f03 -O2 (test for excess errors)
WARNING: gfortran.dg/product_init_expr.f03 -O2 compilation failed to produce executable
FAIL: gfortran.dg/product_init_expr.f03 -O3 -fomit-frame-pointer (test for excess errors)
WARNING: gfortran.dg/product_init_expr.f03 -O3 -fomit-frame-pointer compilation failed to produce executable
FAIL: gfortran.dg/specifics_1.f90 -O3 -fomit-frame-pointer (test for excess errors)
WARNING: gfortran.dg/specifics_1.f90 -O3 -fomit-frame-pointer compilation failed to produce executable
FAIL: gfortran.dg/string_ctor_1.f90 -Os (test for excess errors)
WARNING: gfortran.dg/string_ctor_1.f90 -Os compilation failed to produce executable
FAIL: gfortran.dg/string_length_1.f90 -O1 (test for excess errors)
WARNING: gfortran.dg/string_length_1.f90 -O1 compilation failed to produce executable
FAIL: gfortran.dg/string_length_1.f90 -O2 (test for excess errors)
WARNING: gfortran.dg/string_length_1.f90 -O2 compilation failed to produce executable
FAIL: gfortran.dg/string_length_1.f90 -O3 -fomit-frame-pointer (test for excess errors)
WARNING: gfortran.dg/string_length_1.f90 -O3 -fomit-frame-pointer compilation failed to produce executable
FAIL: gfortran.dg/string_length_1.f90 -O3 -fomit-frame-pointer -funroll-loops (test for excess errors)
WARNING: gfortran.dg/string_length_1.f90 -O3 -fomit-frame-pointer -funroll-loops compilation failed to produce executable
FAIL: gfortran.dg/string_length_1.f90 -O3 -fomit-frame-pointer -funroll-all-loops -finline-functions (test for excess errors)
WARNING: gfortran.dg/string_length_1.f90 -O3 -fomit-frame-pointer -funroll-all-loops -finline-functions compilation failed to produce executable
FAIL: gfortran.dg/string_length_1.f90 -O3 -g (test for excess errors)
WARNING: gfortran.dg/string_length_1.f90 -O3 -g compilation failed to produce executable
FAIL: gfortran.dg/string_length_1.f90 -Os (test for excess errors)
WARNING: gfortran.dg/string_length_1.f90 -Os compilation failed to produce executable
FAIL: gfortran.dg/string_null_compare_1.f -O3 -fomit-frame-pointer -funroll-all-loops -finline-functions (test for excess errors)
WARNING: gfortran.dg/string_null_compare_1.f -O3 -fomit-frame-pointer -funroll-all-loops -finline-functions compilation failed to produce executable
FAIL: gfortran.dg/string_null_compare_1.f -O3 -g (test for excess errors)
WARNING: gfortran.dg/string_null_compare_1.f -O3 -g compilation failed to produce executable
FAIL: gfortran.dg/string_pad_trunc.f90 -O3 -fomit-frame-pointer -funroll-loops (test for excess errors)
WARNING: gfortran.dg/string_pad_trunc.f90 -O3 -fomit-frame-pointer -funroll-loops compilation failed to produce executable
FAIL: gfortran.dg/string_pad_trunc.f90 -O3 -g (test for excess errors)
WARNING: gfortran.dg/string_pad_trunc.f90 -O3 -g compilation failed to produce executable
FAIL: gfortran.dg/string_pad_trunc.f90 -Os (test for excess errors)
WARNING: gfortran.dg/string_pad_trunc.f90 -Os compilation failed to produce executable
FAIL: gfortran.dg/structure_constructor_1.f03 -O3 -g (test for excess errors)
WARNING: gfortran.dg/structure_constructor_1.f03 -O3 -g compilation failed to produce executable
FAIL: gfortran.dg/structure_constructor_1.f03 -Os (test for excess errors)
WARNING: gfortran.dg/structure_constructor_1.f03 -Os compilation failed to produce executable
FAIL: gfortran.dg/structure_constructor_5.f03 -O3 -g (test for excess errors)
WARNING: gfortran.dg/structure_constructor_5.f03 -O3 -g compilation failed to produce executable
FAIL: gfortran.dg/structure_constructor_5.f03 -Os (test for excess errors)
WARNING: gfortran.dg/structure_constructor_5.f03 -Os compilation failed to produce executable
WARNING: program timed out.
WARNING: program timed out.
WARNING: program timed out.
WARNING: program timed out.
WARNING: program timed out.
WARNING: program timed out.
WARNING: program timed out.
WARNING: program timed out.
WARNING: program timed out.
WARNING: program timed out.
WARNING: program timed out.
WARNING: program timed out.
WARNING: program timed out.
WARNING: program timed out.
WARNING: program timed out.
WARNING: program timed out.
WARNING: program timed out.
WARNING: program timed out.
WARNING: program timed out.
WARNING: program timed out.
WARNING: program timed out.
WARNING: program timed out.
WARNING: program timed out.
WARNING: program timed out.
WARNING: program timed out.
WARNING: program timed out.
WARNING: program timed out.
WARNING: program timed out.
WARNING: program timed out.
WARNING: program timed out.
WARNING: program timed out.
WARNING: program timed out.
WARNING: program timed out.
WARNING: program timed out.
WARNING: program timed out.
WARNING: program timed out.
WARNING: program timed out.
WARNING: program timed out.
WARNING: program timed out.
WARNING: program timed out.
WARNING: program timed out.
WARNING: program timed out.
WARNING: program timed out.
WARNING: program timed out.
WARNING: program timed out.
WARNING: program timed out.
WARNING: program timed out.
WARNING: program timed out.
WARNING: program timed out.
WARNING: program timed out.
WARNING: program timed out.
WARNING: program timed out.
WARNING: program timed out.
WARNING: program timed out.
WARNING: program timed out.
WARNING: program timed out.
WARNING: program timed out.
WARNING: program timed out.
WARNING: program timed out.
WARNING: program timed out.
WARNING: program timed out.
WARNING: program timed out.
WARNING: program timed out.
WARNING: program timed out.
WARNING: program timed out.
WARNING: program timed out.
WARNING: program timed out.
WARNING: program timed out.
WARNING: program timed out.
WARNING: program timed out.
WARNING: program timed out.
WARNING: program timed out.
WARNING: program timed out.
WARNING: program timed out.
WARNING: program timed out.
WARNING: program timed out.
WARNING: program timed out.
WARNING: program timed out.
WARNING: program timed out.
WARNING: program timed out.
WARNING: program timed out.
WARNING: program timed out.
WARNING: program timed out.
WARNING: program timed out.
WARNING: program timed out.
WARNING: program timed out.
WARNING: program timed out.
WARNING: program timed out.
WARNING: program timed out.
WARNING: program timed out.
WARNING: program timed out.
WARNING: program timed out.
WARNING: program timed out.
FAIL: gfortran.fortran-torture/execute/specifics.f90 compilation, -O2 -ftree-vectorize -msse2
WARNING: program timed out.
FAIL: gfortran.fortran-torture/execute/st_function.f90 compilation, -O3 -g
WARNING: program timed out.
FAIL: gfortran.fortran-torture/execute/stack_varsize.f90 compilation, -O2 -fomit-frame-pointer -finline-functions -funroll-loops
WARNING: program timed out.
FAIL: gfortran.fortran-torture/execute/where_1.f90 compilation, -O1
WARNING: program timed out.
FAIL: gfortran.fortran-torture/execute/where_10.f90 compilation, -O3 -g
WARNING: program timed out.
FAIL: gfortran.fortran-torture/execute/where_11.f90 compilation, -Os
WARNING: program timed out.
FAIL: gfortran.fortran-torture/execute/where_16.f90 compilation, -O1
WARNING: program timed out.
FAIL: gfortran.fortran-torture/execute/where_7.f90 compilation, -O0
WARNING: program timed out.
FAIL: gfortran.fortran-torture/execute/where_7.f90 compilation, -O2 -fbounds-check
WARNING: program timed out.
FAIL: gfortran.fortran-torture/execute/where_7.f90 compilation, -Os
WARNING: program timed out.
FAIL: gfortran.fortran-torture/execute/where_8.f90 compilation, -O2 -fomit-frame-pointer -finline-functions -funroll-loops
WARNING: program timed out.
FAIL: gfortran.fortran-torture/execute/where_8.f90 compilation, -O2 -fbounds-check
=== gfortran Summary for unix/-m64 ===
# of expected passes 40708
# of unexpected failures 99
# of expected failures 56
# of untested testcases 12
# of unsupported tests 81
=== gfortran Summary ===
# of expected passes 81308
# of unexpected failures 102
# of expected failures 112
# of untested testcases 12
# of unsupported tests 308
/var/gcc/regression/trunk/11-gcc-gas/build/gcc/testsuite/gfortran/../../gfortran version 4.8.0 20120302 (experimental) [trunk revision 184799] (GCC)
=== gnat tests ===
Running target unix
=== gnat Summary for unix ===
# of expected passes 1078
# of expected failures 13
# of unsupported tests 5
Running target unix/-m64
=== gnat Summary for unix/-m64 ===
# of expected passes 1078
# of expected failures 13
# of unsupported tests 5
=== gnat Summary ===
# of expected passes 2156
# of expected failures 26
# of unsupported tests 10
/var/gcc/regression/trunk/11-gcc-gas/build/gcc/gnatmake version 4.8.0 20120302 (experimental) [trunk revision 184799]
=== go tests ===
Running target unix
=== go Summary for unix ===
# of expected passes 3300
# of expected failures 4
# of untested testcases 6
Running target unix/-m64
=== go Summary for unix/-m64 ===
# of expected passes 3300
# of expected failures 4
# of untested testcases 6
=== go Summary ===
# of expected passes 6600
# of expected failures 8
# of untested testcases 12
/var/gcc/regression/trunk/11-gcc-gas/build/gcc/testsuite/go/../../gccgo version 4.8.0 20120302 (experimental) [trunk revision 184799] (GCC)
=== obj-c++ tests ===
Running target unix
=== obj-c++ Summary for unix ===
# of expected passes 1450
# of expected failures 2
# of unsupported tests 86
Running target unix/-m64
=== obj-c++ Summary for unix/-m64 ===
# of expected passes 1442
# of expected failures 10
# of unsupported tests 86
=== obj-c++ Summary ===
# of expected passes 2892
# of expected failures 12
# of unsupported tests 172
/var/gcc/regression/trunk/11-gcc-gas/build/gcc/testsuite/obj-c++/../../g++ version 4.8.0 20120302 (experimental) [trunk revision 184799] (GCC)
=== objc tests ===
Running target unix
=== objc Summary for unix ===
# of expected passes 2988
# of expected failures 6
# of unsupported tests 74
Running target unix/-m64
=== objc Summary for unix/-m64 ===
# of expected passes 2988
# of expected failures 6
# of unsupported tests 74
=== objc Summary ===
# of expected passes 5976
# of expected failures 12
# of unsupported tests 148
/var/gcc/regression/trunk/11-gcc-gas/build/gcc/xgcc version 4.8.0 20120302 (experimental) [trunk revision 184799] (GCC)
=== boehm-gc tests ===
Running target unix
=== boehm-gc Summary for unix ===
# of expected passes 12
# of unsupported tests 1
Running target unix/-m64
=== boehm-gc Summary for unix/-m64 ===
# of expected passes 12
# of unsupported tests 1
=== boehm-gc Summary ===
# of expected passes 24
# of unsupported tests 2
=== libffi tests ===
Running target unix
=== libffi Summary for unix ===
# of expected passes 1634
# of expected failures 10
# of unsupported tests 55
Running target unix/-m64
=== libffi Summary for unix/-m64 ===
# of expected passes 1634
# of expected failures 10
# of unsupported tests 55
=== libffi Summary ===
# of expected passes 3268
# of expected failures 20
# of unsupported tests 110
=== libgo tests ===
Running target unix
FAIL: net
FAIL: strconv
FAIL: net/http
FAIL: net/http/httputil
=== libgo Summary for unix ===
# of expected passes 119
# of unexpected failures 4
Running target unix/-m64
FAIL: net
FAIL: go/parser
FAIL: net/http
FAIL: net/http/httptest
FAIL: net/http/httputil
=== libgo Summary for unix/-m64 ===
# of expected passes 118
# of unexpected failures 5
=== libgo Summary ===
# of expected passes 237
# of unexpected failures 9
/var/gcc/regression/trunk/11-gcc-gas/build/./gcc/gccgo version 4.8.0 20120302 (experimental) [trunk revision 184799] (GCC)
=== libgomp tests ===
Running target unix
=== libgomp Summary for unix ===
# of expected passes 2990
# of unsupported tests 3
Running target unix/-m64
WARNING: program timed out.
FAIL: libgomp.fortran/allocatable1.f90 -O2 (test for excess errors)
WARNING: libgomp.fortran/allocatable1.f90 -O2 compilation failed to produce executable
WARNING: program timed out.
FAIL: libgomp.fortran/allocatable1.f90 -O3 -fomit-frame-pointer (test for excess errors)
WARNING: libgomp.fortran/allocatable1.f90 -O3 -fomit-frame-pointer compilation failed to produce executable
WARNING: program timed out.
FAIL: libgomp.fortran/allocatable1.f90 -O3 -fomit-frame-pointer -funroll-all-loops -finline-functions (test for excess errors)
WARNING: libgomp.fortran/allocatable1.f90 -O3 -fomit-frame-pointer -funroll-all-loops -finline-functions compilation failed to produce executable
WARNING: program timed out.
FAIL: libgomp.fortran/allocatable1.f90 -O3 -g (test for excess errors)
WARNING: libgomp.fortran/allocatable1.f90 -O3 -g compilation failed to produce executable
WARNING: program timed out.
FAIL: libgomp.fortran/allocatable2.f90 -O3 -fomit-frame-pointer -funroll-loops (test for excess errors)
WARNING: libgomp.fortran/allocatable2.f90 -O3 -fomit-frame-pointer -funroll-loops compilation failed to produce executable
WARNING: program timed out.
FAIL: libgomp.fortran/allocatable7.f90 -O2 (test for excess errors)
WARNING: libgomp.fortran/allocatable7.f90 -O2 compilation failed to produce executable
WARNING: program timed out.
FAIL: libgomp.fortran/character2.f90 -Os (test for excess errors)
WARNING: libgomp.fortran/character2.f90 -Os compilation failed to produce executable
WARNING: program timed out.
FAIL: libgomp.fortran/collapse2.f90 -O3 -fomit-frame-pointer -funroll-all-loops -finline-functions (test for excess errors)
WARNING: libgomp.fortran/collapse2.f90 -O3 -fomit-frame-pointer -funroll-all-loops -finline-functions compilation failed to produce executable
WARNING: program timed out.
FAIL: libgomp.fortran/collapse3.f90 -O1 (test for excess errors)
WARNING: libgomp.fortran/collapse3.f90 -O1 compilation failed to produce executable
WARNING: program timed out.
FAIL: libgomp.fortran/collapse3.f90 -O2 (test for excess errors)
WARNING: libgomp.fortran/collapse3.f90 -O2 compilation failed to produce executable
WARNING: program timed out.
FAIL: libgomp.fortran/collapse3.f90 -O3 -fomit-frame-pointer (test for excess errors)
WARNING: libgomp.fortran/collapse3.f90 -O3 -fomit-frame-pointer compilation failed to produce executable
WARNING: program timed out.
FAIL: libgomp.fortran/collapse3.f90 -O3 -fomit-frame-pointer -funroll-loops (test for excess errors)
WARNING: libgomp.fortran/collapse3.f90 -O3 -fomit-frame-pointer -funroll-loops compilation failed to produce executable
WARNING: program timed out.
FAIL: libgomp.fortran/collapse3.f90 -Os (test for excess errors)
WARNING: libgomp.fortran/collapse3.f90 -Os compilation failed to produce executable
WARNING: program timed out.
FAIL: libgomp.fortran/do1.f90 -O3 -fomit-frame-pointer (test for excess errors)
WARNING: libgomp.fortran/do1.f90 -O3 -fomit-frame-pointer compilation failed to produce executable
WARNING: program timed out.
FAIL: libgomp.fortran/do1.f90 -O3 -fomit-frame-pointer -funroll-loops (test for excess errors)
WARNING: libgomp.fortran/do1.f90 -O3 -fomit-frame-pointer -funroll-loops compilation failed to produce executable
WARNING: program timed out.
FAIL: libgomp.fortran/do2.f90 -O0 (test for excess errors)
WARNING: libgomp.fortran/do2.f90 -O0 compilation failed to produce executable
WARNING: program timed out.
FAIL: libgomp.fortran/do2.f90 -O3 -fomit-frame-pointer -funroll-all-loops -finline-functions (test for excess errors)
WARNING: libgomp.fortran/do2.f90 -O3 -fomit-frame-pointer -funroll-all-loops -finline-functions compilation failed to produce executable
WARNING: program timed out.
FAIL: libgomp.fortran/do2.f90 -Os (test for excess errors)
WARNING: libgomp.fortran/do2.f90 -Os compilation failed to produce executable
WARNING: program timed out.
FAIL: libgomp.fortran/jacobi.f -O1 (test for excess errors)
WARNING: libgomp.fortran/jacobi.f -O1 compilation failed to produce executable
WARNING: program timed out.
FAIL: libgomp.fortran/jacobi.f -O2 (test for excess errors)
WARNING: libgomp.fortran/jacobi.f -O2 compilation failed to produce executable
WARNING: program timed out.
FAIL: libgomp.fortran/jacobi.f -O3 -fomit-frame-pointer (test for excess errors)
WARNING: libgomp.fortran/jacobi.f -O3 -fomit-frame-pointer compilation failed to produce executable
WARNING: program timed out.
FAIL: libgomp.fortran/jacobi.f -Os (test for excess errors)
WARNING: libgomp.fortran/jacobi.f -Os compilation failed to produce executable
WARNING: program timed out.
FAIL: libgomp.fortran/lastprivate2.f90 -O (test for excess errors)
WARNING: libgomp.fortran/lastprivate2.f90 -O compilation failed to produce executable
WARNING: program timed out.
FAIL: libgomp.fortran/lib1.f90 -O1 (test for excess errors)
WARNING: libgomp.fortran/lib1.f90 -O1 compilation failed to produce executable
WARNING: program timed out.
FAIL: libgomp.fortran/lib1.f90 -O2 (test for excess errors)
WARNING: libgomp.fortran/lib1.f90 -O2 compilation failed to produce executable
WARNING: program timed out.
FAIL: libgomp.fortran/lib1.f90 -O3 -fomit-frame-pointer (test for excess errors)
WARNING: libgomp.fortran/lib1.f90 -O3 -fomit-frame-pointer compilation failed to produce executable
WARNING: program timed out.
FAIL: libgomp.fortran/lib1.f90 -O3 -fomit-frame-pointer -funroll-loops (test for excess errors)
WARNING: libgomp.fortran/lib1.f90 -O3 -fomit-frame-pointer -funroll-loops compilation failed to produce executable
WARNING: program timed out.
FAIL: libgomp.fortran/lib1.f90 -O3 -fomit-frame-pointer -funroll-all-loops -finline-functions (test for excess errors)
WARNING: libgomp.fortran/lib1.f90 -O3 -fomit-frame-pointer -funroll-all-loops -finline-functions compilation failed to produce executable
WARNING: program timed out.
FAIL: libgomp.fortran/lib1.f90 -O3 -g (test for excess errors)
WARNING: libgomp.fortran/lib1.f90 -O3 -g compilation failed to produce executable
WARNING: program timed out.
FAIL: libgomp.fortran/lib2.f -O3 -fomit-frame-pointer (test for excess errors)
WARNING: libgomp.fortran/lib2.f -O3 -fomit-frame-pointer compilation failed to produce executable
WARNING: program timed out.
FAIL: libgomp.fortran/lib3.f -O2 (test for excess errors)
WARNING: program timed out.
FAIL: libgomp.fortran/lib3.f -O3 -fomit-frame-pointer (test for excess errors)
WARNING: libgomp.fortran/lib3.f -O3 -fomit-frame-pointer compilation failed to produce executable
WARNING: program timed out.
FAIL: libgomp.fortran/lib3.f -O3 -fomit-frame-pointer -funroll-loops (test for excess errors)
WARNING: libgomp.fortran/lib3.f -O3 -fomit-frame-pointer -funroll-loops compilation failed to produce executable
WARNING: program timed out.
FAIL: libgomp.fortran/lib3.f -O3 -fomit-frame-pointer -funroll-all-loops -finline-functions (test for excess errors)
WARNING: libgomp.fortran/lib3.f -O3 -fomit-frame-pointer -funroll-all-loops -finline-functions compilation failed to produce executable
WARNING: program timed out.
FAIL: libgomp.fortran/lock-1.f90 -O2 (test for excess errors)
WARNING: libgomp.fortran/lock-1.f90 -O2 compilation failed to produce executable
WARNING: program timed out.
FAIL: libgomp.fortran/lock-1.f90 -O3 -fomit-frame-pointer (test for excess errors)
WARNING: libgomp.fortran/lock-1.f90 -O3 -fomit-frame-pointer compilation failed to produce executable
WARNING: program timed out.
FAIL: libgomp.fortran/lock-2.f90 -O1 (test for excess errors)
WARNING: libgomp.fortran/lock-2.f90 -O1 compilation failed to produce executable
WARNING: program timed out.
FAIL: libgomp.fortran/lock-2.f90 -O2 (test for excess errors)
WARNING: libgomp.fortran/lock-2.f90 -O2 compilation failed to produce executable
=== libgomp Summary for unix/-m64 ===
# of expected passes 2915
# of unexpected failures 38
# of unsupported tests 3
=== libgomp Summary ===
# of expected passes 5905
# of unexpected failures 38
# of unsupported tests 6
=== libitm tests ===
Running target unix
=== libitm Summary for unix ===
# of expected passes 26
# of expected failures 3
# of unsupported tests 1
Running target unix/-m64
=== libitm Summary for unix/-m64 ===
# of expected passes 26
# of expected failures 3
# of unsupported tests 1
=== libitm Summary ===
# of expected passes 52
# of expected failures 6
# of unsupported tests 2
=== libjava tests ===
Running target unix
=== libjava Summary for unix ===
# of expected passes 2574
Running target unix/-m64
=== libjava Summary for unix/-m64 ===
# of expected passes 2574
=== libjava Summary ===
# of expected passes 5148
=== libmudflap tests ===
Running target unix
WARNING: program timed out.
FAIL: libmudflap.cth/pass37-frag.c (-O3) (test for excess errors)
WARNING: libmudflap.cth/pass37-frag.c (-O3) compilation failed to produce executable
WARNING: program timed out.
FAIL: libmudflap.cth/pass39-frag.c (-O3) (test for excess errors)
WARNING: libmudflap.cth/pass39-frag.c (-O3) compilation failed to produce executable
=== libmudflap Summary for unix ===
# of expected passes 1360
# of unexpected failures 2
Running target unix/-m64
FAIL: libmudflap.c++/pass55-frag.cxx ( -O) execution test
=== libmudflap Summary for unix/-m64 ===
# of expected passes 1441
# of unexpected failures 1
=== libmudflap Summary ===
# of expected passes 2801
# of unexpected failures 3
=== libstdc++ tests ===
Running target unix
=== libstdc++ Summary for unix ===
# of expected passes 7922
# of expected failures 43
# of unsupported tests 502
Running target unix/-m64
=== libstdc++ Summary for unix/-m64 ===
# of expected passes 7922
# of expected failures 43
# of unsupported tests 502
=== libstdc++ Summary ===
# of expected passes 15844
# of expected failures 86
# of unsupported tests 1004
Compiler version: 4.8.0 20120302 (experimental) [trunk revision 184799] (GCC)
Platform: i386-pc-solaris2.11
configure flags: --prefix=/vol/gcc --target=i386-pc-solaris2.11 --enable-objc-gc --enable-libmudflap --with-host-libstdcxx='-L/vol/gcc-4.4/lib -Wl,-Bstatic -lstdc++ -Wl,-Bdynamic -lm' --with-boot-ldflags='-static-libstdc++ -static-libgcc -L/vol/gcc-4.4/lib' --with-as=/vol/gcc/bin/gas-2.22 --with-gnu-as --with-gmp-include=/vol/gcc/include --with-gmp-lib=/vol/gcc/lib --with-mpfr-include=/vol/gcc/include --with-mpfr-lib=/vol/gcc/lib --with-mpc-include=/vol/gcc/include --with-mpc-lib=/vol/gcc/lib --enable-languages=all,ada,obj-c++,go --with-ppl-include=/vol/gcc/include --with-ppl-lib=/vol/gcc/lib --with-cloog-include=/vol/gcc/include --with-cloog-lib=/vol/gcc/lib --enable-cloog-backend=ppl
BOOT_CFLAGS=-g -O2