This is the mail archive of the gcc-testresults@gcc.gnu.org mailing list for the GCC project.


Index Nav: [Date Index] [Subject Index] [Author Index] [Thread Index]
Message Nav: [Date Prev] [Date Next] [Thread Prev] [Thread Next]
Other format: [Raw text]

Results for 4.8.0 20120304 (experimental) [trunk revision 184872] (GCC) testsuite on i386-pc-solaris2.10


\$ uname -a
SunOS tsukimi 5.10 Generic_142910-17 i86pc i386 i86pc

\$ cat /etc/release
                    Oracle Solaris 10 9/10 s10x_u9wos_14a X86
     Copyright (c) 2010, Oracle and/or its affiliates. All rights reserved.
                            Assembled 11 August 2010

\$ /usr/local/bin/as --version
GNU assembler (GNU Binutils) 2.21.1

\$ /usr/ccs/bin/ld -V
ld: Software Generation Utilities - Solaris Link Editors: 5.10-1.500

\$ /usr/sbin/psrinfo -pv
The physical processor has 1 virtual processor (0)
  x86 (GenuineIntel family 6 model 23 step 6 clock 2393 MHz)
        Intel(r) Core(tm)2 Duo CPU     T8300  @ 2.40GHz
The physical processor has 1 virtual processor (1)
  x86 (GenuineIntel family 6 model 23 step 6 clock 2393 MHz)
        Intel(r) Core(tm)2 Duo CPU     T8300  @ 2.40GHz

Bootstrapped with :

\$ /usr/sfw/bin/gcc -v
Reading specs from /usr/sfw/lib/gcc/i386-pc-solaris2.10/3.4.3/specs
Configured with: /builds/sfw10-gate/usr/src/cmd/gcc/gcc-3.4.3/configure --prefix=/usr/sfw --with-as=/usr/sfw/bin/gas --with-gnu-as --with-ld=/usr/ccs/bin/ld --without-gnu-ld --enable-languages=c,c++ --enable-shared
Thread model: posix
gcc version 3.4.3 (csl-sol210-3_4-branch+sol_rpath)

********
LAST_UPDATED: Sun Mar  4 09:10:32 UTC 2012 (revision 184872)

Native configuration is i386-pc-solaris2.10

		=== g++ tests ===


Running target unix/-m32

		=== g++ Summary for unix/-m32 ===

# of expected passes		46923
# of expected failures		288
# of unsupported tests		379

Running target unix/-m64

		=== g++ Summary for unix/-m64 ===

# of expected passes		47704
# of expected failures		288
# of unsupported tests		619

		=== g++ Summary ===

# of expected passes		94627
# of expected failures		576
# of unsupported tests		998
/BUILD/gcc/obj-184872/gcc/testsuite/g++/../../g++  version 4.8.0 20120304 (experimental) [trunk revision 184872] (GCC) 

		=== gcc tests ===


Running target unix/-m32
FAIL: gcc.dg/lto/20090210 c_lto_20090210_0.o-c_lto_20090210_1.o execute -O2 -flto -flto-partition=none 
FAIL: gcc.dg/lto/20090210 c_lto_20090210_0.o-c_lto_20090210_1.o execute -O2 -flto -flto-partition=1to1 
FAIL: gcc.dg/lto/20090210 c_lto_20090210_0.o-c_lto_20090210_1.o execute -O2 -flto
FAIL: gcc.dg/torture/tls/run-ld.c  -O1  execution test
FAIL: gcc.dg/torture/tls/run-ld.c  -O2  execution test
FAIL: gcc.dg/torture/tls/run-ld.c  -O3 -fomit-frame-pointer  execution test
FAIL: gcc.dg/torture/tls/run-ld.c  -O3 -g  execution test
FAIL: gcc.dg/torture/tls/run-ld.c  -Os  execution test
FAIL: gcc.dg/torture/tls/run-ld.c  -O1  -fpic  execution test
FAIL: gcc.dg/torture/tls/run-ld.c  -O2  -fpic  execution test
FAIL: gcc.dg/torture/tls/run-ld.c  -O3 -fomit-frame-pointer  -fpic  execution test
FAIL: gcc.dg/torture/tls/run-ld.c  -O3 -g  -fpic  execution test
FAIL: gcc.dg/torture/tls/run-ld.c  -Os  -fpic  execution test
FAIL: gcc.dg/torture/tls/run-ld.c  -O1  -fPIC  execution test
FAIL: gcc.dg/torture/tls/run-ld.c  -O2  -fPIC  execution test
FAIL: gcc.dg/torture/tls/run-ld.c  -O3 -fomit-frame-pointer  -fPIC  execution test
FAIL: gcc.dg/torture/tls/run-ld.c  -O3 -g  -fPIC  execution test
FAIL: gcc.dg/torture/tls/run-ld.c  -Os  -fPIC  execution test
FAIL: gcc.dg/torture/tls/run-ld.c  -O2 -flto -flto-partition=none  execution test
FAIL: gcc.dg/torture/tls/run-ld.c  -O2 -flto  execution test
FAIL: gcc.dg/torture/tls/thr-init-2.c  -O2  -fpic  execution test
FAIL: gcc.dg/torture/tls/thr-init-2.c  -O3 -fomit-frame-pointer  -fpic  execution test
FAIL: gcc.dg/torture/tls/thr-init-2.c  -O3 -g  -fpic  execution test
FAIL: gcc.dg/torture/tls/thr-init-2.c  -O2  -fPIC  execution test
FAIL: gcc.dg/torture/tls/thr-init-2.c  -O3 -fomit-frame-pointer  -fPIC  execution test
FAIL: gcc.dg/torture/tls/thr-init-2.c  -O3 -g  -fPIC  execution test

		=== gcc Summary for unix/-m32 ===

# of expected passes		82883
# of unexpected failures	26
# of expected failures		256
# of unsupported tests		1242

Running target unix/-m64

		=== gcc Summary for unix/-m64 ===

# of expected passes		83149
# of expected failures		256
# of unsupported tests		1610

		=== gcc Summary ===

# of expected passes		166032
# of unexpected failures	26
# of expected failures		512
# of unsupported tests		2852
/BUILD/gcc/obj-184872/gcc/xgcc  version 4.8.0 20120304 (experimental) [trunk revision 184872] (GCC) 

		=== libgomp tests ===


Running target unix/-m64

		=== libgomp Summary for unix/-m64 ===

# of expected passes		1239
# of unsupported tests		3

Running target unix/-m32

		=== libgomp Summary for unix/-m32 ===

# of expected passes		1239
# of unsupported tests		3

		=== libgomp Summary ===

# of expected passes		2478
# of unsupported tests		6
		=== libitm tests ===


Running target unix/-m64

		=== libitm Summary for unix/-m64 ===

# of expected passes		26
# of expected failures		3
# of unsupported tests		1

Running target unix/-m32

		=== libitm Summary for unix/-m32 ===

# of expected passes		26
# of expected failures		3
# of unsupported tests		1

		=== libitm Summary ===

# of expected passes		52
# of expected failures		6
# of unsupported tests		2
		=== libstdc++ tests ===


Running target unix/-m32
FAIL: 22_locale/num_put/put/char/14220.cc execution test
FAIL: 22_locale/num_put/put/wchar_t/14220.cc execution test

		=== libstdc++ Summary for unix/-m32 ===

# of expected passes		7905
# of unexpected failures	2
# of expected failures		43
# of unsupported tests		510

Running target unix/-m64
FAIL: 22_locale/num_put/put/char/14220.cc execution test
FAIL: 22_locale/num_put/put/wchar_t/14220.cc execution test

		=== libstdc++ Summary for unix/-m64 ===

# of expected passes		7905
# of unexpected failures	2
# of expected failures		43
# of unsupported tests		510

		=== libstdc++ Summary ===

# of expected passes		15810
# of unexpected failures	4
# of expected failures		86
# of unsupported tests		1020

Compiler version: 4.8.0 20120304 (experimental) [trunk revision 184872] (GCC) 
Platform: i386-pc-solaris2.10
configure flags: --prefix=/BUILD/gcc/184872 --target=i386-pc-solaris2.10 --with-gnu-as --with-as=/usr/local/bin/as --with-gmp=/opt/gnu --with-mpfr=/opt/gnu --with-mpc=/opt/gnu --without-ppl --without-cloog --enable-languages=c,c++,lto --program-suffix=-trunk
BOOT_CFLAGS=-g -O2


Index Nav: [Date Index] [Subject Index] [Author Index] [Thread Index]
Message Nav: [Date Prev] [Date Next] [Thread Prev] [Thread Next]