This is the mail archive of the
gcc-testresults@gcc.gnu.org
mailing list for the GCC project.
Results for 4.7.0 20120304 (prerelease) (GCC) testsuite on mipsisa64-unknown-elf
- From: Richard Sandiford <rdsandiford at googlemail dot com>
- To: gcc-testresults at gcc dot gnu dot org
- Date: Sun, 04 Mar 2012 20:32:26 +0000
- Subject: Results for 4.7.0 20120304 (prerelease) (GCC) testsuite on mipsisa64-unknown-elf
- Authentication-results: mr.google.com; spf=pass (google.com: domain of rdsandiford@googlemail.com designates 10.180.95.34 as permitted sender) smtp.mail=rdsandiford@googlemail.com; dkim=pass header.i=rdsandiford@googlemail.com
Target is mipsisa64-unknown-elf
=== gcc tests ===
Running target mips-sim-idt64/-EB
FAIL: gcc.dg/ipa/inline-5.c scan-ipa-dump-times inline "Will be eliminated" 4
FAIL: gcc.dg/torture/pr52402.c -O1 execution test
FAIL: gcc.dg/torture/pr52402.c -O2 execution test
FAIL: gcc.dg/torture/pr52402.c -O3 -fomit-frame-pointer execution test
FAIL: gcc.dg/torture/pr52402.c -O3 -g execution test
FAIL: gcc.dg/torture/pr52402.c -Os execution test
FAIL: gcc.dg/torture/pr52402.c -O2 -flto -fno-use-linker-plugin -flto-partition=none execution test
FAIL: gcc.dg/torture/pr52402.c -O2 -flto -fuse-linker-plugin -fno-fat-lto-objects execution test
XPASS: gcc.dg/vect/vect-outer-5.c scan-tree-dump vect "zero step in outer loop."
XPASS: gcc.dg/vect/vect-outer-5.c -flto scan-tree-dump vect "zero step in outer loop."
=== gcc Summary for mips-sim-idt64/-EB ===
# of expected passes 74422
# of unexpected failures 8
# of unexpected successes 2
# of expected failures 183
# of unsupported tests 2333
Running target mips-sim-idt64/-EB/-msoft-float
FAIL: gcc.dg/ipa/inline-5.c scan-ipa-dump-times inline "Will be eliminated" 4
FAIL: gcc.dg/torture/pr52402.c -O1 execution test
FAIL: gcc.dg/torture/pr52402.c -O2 execution test
FAIL: gcc.dg/torture/pr52402.c -O3 -fomit-frame-pointer execution test
FAIL: gcc.dg/torture/pr52402.c -O3 -g execution test
FAIL: gcc.dg/torture/pr52402.c -Os execution test
FAIL: gcc.dg/torture/pr52402.c -O2 -flto -fno-use-linker-plugin -flto-partition=none execution test
FAIL: gcc.dg/torture/pr52402.c -O2 -flto -fuse-linker-plugin -fno-fat-lto-objects execution test
=== gcc Summary for mips-sim-idt64/-EB/-msoft-float ===
# of expected passes 73778
# of unexpected failures 8
# of expected failures 102
# of unsupported tests 1365
Running target mips-sim-idt64/-EL
FAIL: gcc.dg/ipa/inline-5.c scan-ipa-dump-times inline "Will be eliminated" 4
FAIL: gcc.dg/torture/pr52402.c -O1 execution test
FAIL: gcc.dg/torture/pr52402.c -O2 execution test
FAIL: gcc.dg/torture/pr52402.c -O3 -fomit-frame-pointer execution test
FAIL: gcc.dg/torture/pr52402.c -O3 -g execution test
FAIL: gcc.dg/torture/pr52402.c -Os execution test
FAIL: gcc.dg/torture/pr52402.c -O2 -flto -fno-use-linker-plugin -flto-partition=none execution test
FAIL: gcc.dg/torture/pr52402.c -O2 -flto -fuse-linker-plugin -fno-fat-lto-objects execution test
XPASS: gcc.dg/vect/vect-outer-5.c scan-tree-dump vect "zero step in outer loop."
XPASS: gcc.dg/vect/vect-outer-5.c -flto scan-tree-dump vect "zero step in outer loop."
=== gcc Summary for mips-sim-idt64/-EL ===
# of expected passes 74422
# of unexpected failures 8
# of unexpected successes 2
# of expected failures 183
# of unsupported tests 2333
Running target mips-sim-idt64/-EL/-msoft-float
FAIL: gcc.dg/ipa/inline-5.c scan-ipa-dump-times inline "Will be eliminated" 4
FAIL: gcc.dg/torture/pr52402.c -O1 execution test
FAIL: gcc.dg/torture/pr52402.c -O2 execution test
FAIL: gcc.dg/torture/pr52402.c -O3 -fomit-frame-pointer execution test
FAIL: gcc.dg/torture/pr52402.c -O3 -g execution test
FAIL: gcc.dg/torture/pr52402.c -Os execution test
FAIL: gcc.dg/torture/pr52402.c -O2 -flto -fno-use-linker-plugin -flto-partition=none execution test
FAIL: gcc.dg/torture/pr52402.c -O2 -flto -fuse-linker-plugin -fno-fat-lto-objects execution test
=== gcc Summary for mips-sim-idt64/-EL/-msoft-float ===
# of expected passes 73778
# of unexpected failures 8
# of expected failures 102
# of unsupported tests 1365
=== gcc Summary ===
# of expected passes 296400
# of unexpected failures 32
# of unexpected successes 4
# of expected failures 570
# of unsupported tests 7396
/home/rsandifo/gcc/gcc-4_7-branch/mipsisa64-elf/x86_64-unknown-linux-gnu/gcc/xgcc version 4.7.0 20120304 (prerelease) (GCC)
=== g++ tests ===
Running target mips-sim-idt64/-EB
=== g++ Summary for mips-sim-idt64/-EB ===
# of expected passes 45733
# of expected failures 279
# of unsupported tests 773
Running target mips-sim-idt64/-EB/-msoft-float
=== g++ Summary for mips-sim-idt64/-EB/-msoft-float ===
# of expected passes 45689
# of expected failures 279
# of unsupported tests 771
Running target mips-sim-idt64/-EL
=== g++ Summary for mips-sim-idt64/-EL ===
# of expected passes 45733
# of expected failures 279
# of unsupported tests 773
Running target mips-sim-idt64/-EL/-msoft-float
=== g++ Summary for mips-sim-idt64/-EL/-msoft-float ===
# of expected passes 45689
# of expected failures 279
# of unsupported tests 771
=== g++ Summary ===
# of expected passes 182844
# of expected failures 1116
# of unsupported tests 3088
/home/rsandifo/gcc/gcc-4_7-branch/mipsisa64-elf/x86_64-unknown-linux-gnu/gcc/testsuite/g++/../../g++ version 4.7.0 20120304 (prerelease) (GCC)
=== objc tests ===
Running target mips-sim-idt64/-EB
=== objc Summary for mips-sim-idt64/-EB ===
# of expected passes 2945
# of expected failures 1
# of unsupported tests 98
Running target mips-sim-idt64/-EB/-msoft-float
=== objc Summary for mips-sim-idt64/-EB/-msoft-float ===
# of expected passes 2945
# of expected failures 1
# of unsupported tests 98
Running target mips-sim-idt64/-EL
=== objc Summary for mips-sim-idt64/-EL ===
# of expected passes 2945
# of expected failures 1
# of unsupported tests 98
Running target mips-sim-idt64/-EL/-msoft-float
=== objc Summary for mips-sim-idt64/-EL/-msoft-float ===
# of expected passes 2945
# of expected failures 1
# of unsupported tests 98
=== objc Summary ===
# of expected passes 11780
# of expected failures 4
# of unsupported tests 392
/home/rsandifo/gcc/gcc-4_7-branch/mipsisa64-elf/x86_64-unknown-linux-gnu/gcc/xgcc version 4.7.0 20120304 (prerelease) (GCC)
=== libstdc++ tests ===
Running target mips-sim-idt64/-EB
FAIL: 20_util/hash/chi2_quality.cc execution test
=== libstdc++ Summary for mips-sim-idt64/-EB ===
# of expected passes 6788
# of unexpected failures 1
# of expected failures 42
# of unsupported tests 580
Running target mips-sim-idt64/-EB/-msoft-float
FAIL: 20_util/hash/chi2_quality.cc execution test
=== libstdc++ Summary for mips-sim-idt64/-EB/-msoft-float ===
# of expected passes 6788
# of unexpected failures 1
# of expected failures 42
# of unsupported tests 580
Running target mips-sim-idt64/-EL
=== libstdc++ Summary for mips-sim-idt64/-EL ===
# of expected passes 6789
# of expected failures 42
# of unsupported tests 580
Running target mips-sim-idt64/-EL/-msoft-float
=== libstdc++ Summary for mips-sim-idt64/-EL/-msoft-float ===
# of expected passes 6789
# of expected failures 42
# of unsupported tests 580
=== libstdc++ Summary ===
# of expected passes 27154
# of unexpected failures 2
# of expected failures 168
# of unsupported tests 2320
=== libstdc++ Summary ===
Compiler version: 4.7.0 20120304 (prerelease) (GCC)
Platform: mipsisa64-unknown-elf
configure flags: --enable-languages=c,c++,objc --with-newlib