This is the mail archive of the
gcc-testresults@gcc.gnu.org
mailing list for the GCC project.
Results for 4.8.0 20120303 (experimental) [trunk revision 184849] (GCC) testsuite on i686-apple-darwin9
- From: Dave Anglin <dave dot anglin at bell dot net>
- To: dave at MACPRO dot localhost, gcc-testresults at gcc dot gnu dot org
- Date: Sat, 3 Mar 2012 10:09:43 -0500
- Subject: Results for 4.8.0 20120303 (experimental) [trunk revision 184849] (GCC) testsuite on i686-apple-darwin9
LAST_UPDATED: Sat Mar 3 01:57:26 UTC 2012 (revision 184849)
=== acats tests ===
=== acats Summary ===
# of expected passes 2320
# of unexpected failures 0
Native configuration is i686-apple-darwin9
=== g++ tests ===
Running target unix
WARNING: Could not compile g++.dg/compat/struct-layout-1 generator
WARNING: g++.dg/ext/label13.C -std=gnu++98 compilation failed to produce executable
WARNING: g++.dg/ext/label13.C -std=gnu++11 compilation failed to produce executable
=== g++ Summary ===
# of expected passes 45288
# of expected failures 286
# of unsupported tests 412
/Users/dave/gnu/gcc/objdir/gcc/testsuite/g++/../../g++ version 4.8.0 20120303 (experimental) [trunk revision 184849] (GCC)
=== gcc tests ===
Running target unix
WARNING: Could not compile gcc.dg/compat/struct-layout-1 generator
FAIL: gcc.dg/bf-ms-layout.c execution test
FAIL: gcc.dg/tree-prof/pr44777.c execution, -fprofile-generate -D_PROFILE_GENERATE
UNRESOLVED: gcc.dg/tree-prof/pr44777.c compilation, -fprofile-use -D_PROFILE_USE
UNRESOLVED: gcc.dg/tree-prof/pr44777.c execution, -fprofile-use -D_PROFILE_USE
=== gcc Summary ===
# of expected passes 67851
# of unexpected failures 2
# of expected failures 190
# of unresolved testcases 2
# of unsupported tests 1829
/Users/dave/gnu/gcc/objdir/gcc/xgcc version 4.8.0 20120303 (experimental) [trunk revision 184849] (GCC)
=== gfortran tests ===
Running target unix
=== gfortran Summary ===
# of expected passes 40241
# of expected failures 50
# of unsupported tests 213
/Users/dave/gnu/gcc/objdir/gcc/testsuite/gfortran/../../gfortran version 4.8.0 20120303 (experimental) [trunk revision 184849] (GCC)
=== gnat tests ===
Running target unix
=== gnat Summary ===
# of expected passes 1080
# of expected failures 13
# of unsupported tests 4
/Users/dave/gnu/gcc/objdir/gcc/gnatmake version 4.8.0 20120303 (experimental) [trunk revision 184849]
=== obj-c++ tests ===
Running target unix
=== obj-c++ Summary ===
# of expected passes 3023
# of expected failures 2
# of unsupported tests 56
/Users/dave/gnu/gcc/objdir/gcc/testsuite/obj-c++/../../g++ version 4.8.0 20120303 (experimental) [trunk revision 184849] (GCC)
=== objc tests ===
Running target unix
WARNING: Could not compile objc.dg/gnu-encoding/struct-layout-encoding-1 generator
=== objc Summary ===
# of expected passes 5875
# of unsupported tests 73
/Users/dave/gnu/gcc/objdir/gcc/xgcc version 4.8.0 20120303 (experimental) [trunk revision 184849] (GCC)
=== boehm-gc tests ===
Running target unix
=== boehm-gc Summary ===
# of expected passes 12
# of unsupported tests 1
=== libffi tests ===
Running target unix
=== libffi Summary ===
# of expected passes 1634
# of expected failures 10
# of unsupported tests 55
=== libgomp tests ===
Running target unix
=== libgomp Summary ===
# of expected passes 2944
# of unsupported tests 3
=== libitm tests ===
Running target unix
=== libitm Summary ===
# of expected passes 26
# of expected failures 3
# of unsupported tests 1
=== libjava tests ===
Running target unix
=== libjava Summary ===
# of expected passes 2574
=== libstdc++ tests ===
Running target unix
FAIL: ext/mt_allocator/deallocate_global_thread-1.cc execution test
FAIL: ext/mt_allocator/deallocate_global_thread-3.cc execution test
=== libstdc++ Summary ===
# of expected passes 7723
# of unexpected failures 2
# of expected failures 43
# of unsupported tests 569
Compiler version: 4.8.0 20120303 (experimental) [trunk revision 184849] (GCC)
Platform: i686-apple-darwin9
configure flags: --build=i686-apple-darwin9 --host=i686-apple-darwin9 --target=i686-apple-darwin9 --with-tune=generic --prefix=/opt/gnu/gcc/gcc-4.7.0 --with-gmp=/opt/gnu/gcc/gcc-4.7.0 --enable-debug=no --disable-nls --disable-multilib --disable-lto --enable-languages=c,c++,objc,fortran,obj-c++,java,ada --enable-threads=posix --enable-__cxa_atexit --enable-java-gc=boehm