This is the mail archive of the
gcc-testresults@gcc.gnu.org
mailing list for the GCC project.
Results for 4.6.3 (GCC) testsuite on x86_64-apple-darwin11.3.0
- From: Jack Howarth <howarth at bromo dot med dot uc dot edu>
- To: gcc-testresults at gcc dot gnu dot org
- Date: Thu, 1 Mar 2012 21:46:12 -0500
- Subject: Results for 4.6.3 (GCC) testsuite on x86_64-apple-darwin11.3.0
release gcc 4.6.3 with http://gcc.gnu.org/ml/gcc-patches/2012-02/msg01266.html.
LAST_UPDATED: Obtained from SVN: tags/gcc_4_6_3_release revision 184738
Native configuration is x86_64-apple-darwin11.3.0
=== g++ tests ===
Running target unix/-m32
WARNING: g++.dg/ext/label13.C compilation failed to produce executable
XPASS: g++.dg/uninit-pred-3_b.C (test for excess errors)
=== g++ Summary for unix/-m32 ===
# of expected passes 27125
# of unexpected successes 1
# of expected failures 169
# of unsupported tests 186
Running target unix/-m64
WARNING: g++.dg/ext/label13.C compilation failed to produce executable
XPASS: g++.dg/uninit-pred-3_b.C (test for excess errors)
FAIL: g++.dg/tree-prof/partition1.C compilation, -g -fprofile-use
UNRESOLVED: g++.dg/tree-prof/partition1.C execution, -g -fprofile-use
FAIL: g++.dg/tree-prof/partition1.C compilation, -O0 -fprofile-use
UNRESOLVED: g++.dg/tree-prof/partition1.C execution, -O0 -fprofile-use
FAIL: g++.dg/tree-prof/partition1.C compilation, -O1 -fprofile-use
UNRESOLVED: g++.dg/tree-prof/partition1.C execution, -O1 -fprofile-use
FAIL: g++.dg/tree-prof/partition1.C compilation, -O2 -fprofile-use
UNRESOLVED: g++.dg/tree-prof/partition1.C execution, -O2 -fprofile-use
FAIL: g++.dg/tree-prof/partition1.C compilation, -O3 -fprofile-use
UNRESOLVED: g++.dg/tree-prof/partition1.C execution, -O3 -fprofile-use
FAIL: g++.dg/tree-prof/partition1.C compilation, -O3 -g -fprofile-use
UNRESOLVED: g++.dg/tree-prof/partition1.C execution, -O3 -g -fprofile-use
FAIL: g++.dg/tree-prof/partition1.C compilation, -Os -fprofile-use
UNRESOLVED: g++.dg/tree-prof/partition1.C execution, -Os -fprofile-use
=== g++ Summary for unix/-m64 ===
# of expected passes 27344
# of unexpected failures 7
# of unexpected successes 1
# of expected failures 169
# of unresolved testcases 7
# of unsupported tests 384
=== g++ Summary ===
# of expected passes 54469
# of unexpected failures 7
# of unexpected successes 2
# of expected failures 338
# of unresolved testcases 7
# of unsupported tests 570
/sw/src/fink.build/gcc46-4.6.3-1000/darwin_objdir/gcc/testsuite/g++/../../g++ version 4.6.3 (GCC)
=== gcc tests ===
Running target unix/-m32
FAIL: gcc.dg/20020312-2.c (test for excess errors)
FAIL: gcc.dg/darwin-segaddr.c execution test
FAIL: gcc.dg/matrix/transpose-3.c execution, -fprofile-use -fipa-matrix-reorg -fdump-ipa-matrix-reorg -O3 -fwhole-program
FAIL: gcc.dg/tree-prof/pr44777.c execution, -fprofile-generate -D_PROFILE_GENERATE
UNRESOLVED: gcc.dg/tree-prof/pr44777.c compilation, -fprofile-use -D_PROFILE_USE
UNRESOLVED: gcc.dg/tree-prof/pr44777.c execution, -fprofile-use -D_PROFILE_USE
=== gcc Summary for unix/-m32 ===
# of expected passes 75856
# of unexpected failures 4
# of expected failures 214
# of unresolved testcases 2
# of unsupported tests 1397
Running target unix/-m64
FAIL: gcc.dg/darwin-segaddr.c execution test
FAIL: gcc.dg/matrix/transpose-3.c execution, -fprofile-use -fipa-matrix-reorg -fdump-ipa-matrix-reorg -O3 -fwhole-program
FAIL: gcc.dg/tree-prof/bb-reorg.c compilation, -fprofile-use -D_PROFILE_USE
UNRESOLVED: gcc.dg/tree-prof/bb-reorg.c execution, -fprofile-use -D_PROFILE_USE
FAIL: gcc.dg/tree-prof/pr34999.c compilation, -fprofile-use -D_PROFILE_USE
UNRESOLVED: gcc.dg/tree-prof/pr34999.c execution, -fprofile-use -D_PROFILE_USE
FAIL: gcc.dg/tree-prof/pr45354.c compilation, -fprofile-use -D_PROFILE_USE
UNRESOLVED: gcc.dg/tree-prof/pr45354.c execution, -fprofile-use -D_PROFILE_USE
FAIL: gcc.target/i386/pr49866.c (test for excess errors)
=== gcc Summary for unix/-m64 ===
# of expected passes 76006
# of unexpected failures 6
# of expected failures 215
# of unresolved testcases 3
# of unsupported tests 1762
=== gcc Summary ===
# of expected passes 151862
# of unexpected failures 10
# of expected failures 429
# of unresolved testcases 5
# of unsupported tests 3159
/sw/src/fink.build/gcc46-4.6.3-1000/darwin_objdir/gcc/xgcc version 4.6.3 (GCC)
=== gfortran tests ===
Running target unix/-m32
=== gfortran Summary for unix/-m32 ===
# of expected passes 38843
# of expected failures 53
# of unsupported tests 209
Running target unix/-m64
=== gfortran Summary for unix/-m64 ===
# of expected passes 39130
# of expected failures 53
# of unsupported tests 71
=== gfortran Summary ===
# of expected passes 77973
# of expected failures 106
# of unsupported tests 280
/sw/src/fink.build/gcc46-4.6.3-1000/darwin_objdir/gcc/testsuite/gfortran/../../gfortran version 4.6.3 (GCC)
=== obj-c++ tests ===
Running target unix/-m32
FAIL: obj-c++.dg/cxx-ivars-3.mm -fnext-runtime execution test
FAIL: obj-c++.dg/lto/trivial-1 obj_cpp_lto_trivial-1_0.o-obj_cpp_lto_trivial-1_0.o link, -O0 -flto -fnext-runtime
UNRESOLVED: obj-c++.dg/lto/trivial-1 obj_cpp_lto_trivial-1_0.o-obj_cpp_lto_trivial-1_0.o execute -O0 -flto -fnext-runtime
FAIL: obj-c++.dg/lto/trivial-1 obj_cpp_lto_trivial-1_0.o-obj_cpp_lto_trivial-1_0.o link, -O2 -flto -fnext-runtime
UNRESOLVED: obj-c++.dg/lto/trivial-1 obj_cpp_lto_trivial-1_0.o-obj_cpp_lto_trivial-1_0.o execute -O2 -flto -fnext-runtime
FAIL: obj-c++.dg/lto/trivial-1 obj_cpp_lto_trivial-1_0.o-obj_cpp_lto_trivial-1_0.o link, -O0 -flto -flto-partition=none -fnext-runtime
UNRESOLVED: obj-c++.dg/lto/trivial-1 obj_cpp_lto_trivial-1_0.o-obj_cpp_lto_trivial-1_0.o execute -O0 -flto -flto-partition=none -fnext-runtime
FAIL: obj-c++.dg/lto/trivial-1 obj_cpp_lto_trivial-1_0.o-obj_cpp_lto_trivial-1_0.o link, -O2 -flto -flto-partition=none -fnext-runtime
UNRESOLVED: obj-c++.dg/lto/trivial-1 obj_cpp_lto_trivial-1_0.o-obj_cpp_lto_trivial-1_0.o execute -O2 -flto -flto-partition=none -fnext-runtime
FAIL: obj-c++.dg/torture/trivial.mm -O2 -flto -flto-partition=none -fnext-runtime (test for excess errors)
FAIL: obj-c++.dg/torture/trivial.mm -O2 -flto -fnext-runtime (test for excess errors)
FAIL: obj-c++.dg/torture/strings/const-cfstring-3.mm -O2 -flto -flto-partition=none -fnext-runtime (test for excess errors)
FAIL: obj-c++.dg/torture/strings/const-str-3.mm -O2 -flto -flto-partition=none -fnext-runtime (test for excess errors)
FAIL: obj-c++.dg/torture/strings/const-str-4.mm -O2 -flto -flto-partition=none -fnext-runtime (test for excess errors)
FAIL: obj-c++.dg/torture/strings/const-str-7.mm -O2 -flto -flto-partition=none -fnext-runtime (test for excess errors)
FAIL: obj-c++.dg/torture/strings/const-str-7.mm -O2 -flto -fnext-runtime (test for excess errors)
FAIL: obj-c++.dg/torture/strings/const-str-8.mm -O2 -flto -flto-partition=none -fnext-runtime (test for excess errors)
FAIL: obj-c++.dg/torture/strings/const-str-8.mm -O2 -flto -fnext-runtime (test for excess errors)
FAIL: obj-c++.dg/torture/strings/string1.mm -O2 -flto -flto-partition=none -fnext-runtime (test for excess errors)
FAIL: obj-c++.dg/torture/strings/string1.mm -O2 -flto -fnext-runtime (test for excess errors)
FAIL: obj-c++.dg/torture/tls/thr-init-1.mm -O2 -flto -flto-partition=none -fnext-runtime (test for excess errors)
FAIL: obj-c++.dg/torture/tls/thr-init-2.mm -O2 -flto -flto-partition=none -fnext-runtime (test for excess errors)
FAIL: obj-c++.dg/torture/tls/thr-init-3.mm -O2 -flto -flto-partition=none -fnext-runtime (test for excess errors)
WARNING: obj-c++.dg/torture/tls/thr-init-3.mm -O2 -flto -flto-partition=none -fnext-runtime compilation failed to produce executable
FAIL: obj-c++.dg/torture/tls/thr-init-3.mm -O2 -flto -fnext-runtime (test for excess errors)
WARNING: obj-c++.dg/torture/tls/thr-init-3.mm -O2 -flto -fnext-runtime compilation failed to produce executable
=== obj-c++ Summary for unix/-m32 ===
# of expected passes 3009
# of unexpected failures 20
# of expected failures 2
# of unresolved testcases 4
# of unsupported tests 68
Running target unix/-m64
FAIL: obj-c++.dg/torture/trivial.mm -O2 -flto -flto-partition=none -fnext-runtime (test for excess errors)
FAIL: obj-c++.dg/torture/trivial.mm -O2 -flto -fnext-runtime (test for excess errors)
FAIL: obj-c++.dg/torture/strings/const-cfstring-3.mm -O2 -flto -flto-partition=none -fnext-runtime (test for excess errors)
FAIL: obj-c++.dg/torture/strings/const-str-3.mm -O2 -flto -flto-partition=none -fnext-runtime (test for excess errors)
FAIL: obj-c++.dg/torture/strings/const-str-4.mm -O2 -flto -flto-partition=none -fnext-runtime (test for excess errors)
FAIL: obj-c++.dg/torture/strings/const-str-7.mm -O2 -flto -flto-partition=none -fnext-runtime (test for excess errors)
FAIL: obj-c++.dg/torture/strings/const-str-7.mm -O2 -flto -fnext-runtime (test for excess errors)
FAIL: obj-c++.dg/torture/strings/const-str-8.mm -O2 -flto -flto-partition=none -fnext-runtime (test for excess errors)
FAIL: obj-c++.dg/torture/strings/const-str-8.mm -O2 -flto -fnext-runtime (test for excess errors)
FAIL: obj-c++.dg/torture/strings/string1.mm -O2 -flto -flto-partition=none -fnext-runtime (test for excess errors)
FAIL: obj-c++.dg/torture/strings/string1.mm -O2 -flto -fnext-runtime (test for excess errors)
FAIL: obj-c++.dg/torture/tls/thr-init-1.mm -O2 -flto -flto-partition=none -fnext-runtime (test for excess errors)
FAIL: obj-c++.dg/torture/tls/thr-init-2.mm -O2 -flto -flto-partition=none -fnext-runtime (test for excess errors)
FAIL: obj-c++.dg/torture/tls/thr-init-3.mm -O2 -flto -flto-partition=none -fnext-runtime (test for excess errors)
FAIL: obj-c++.dg/torture/tls/thr-init-3.mm -O2 -flto -fnext-runtime (test for excess errors)
=== obj-c++ Summary for unix/-m64 ===
# of expected passes 2970
# of unexpected failures 15
# of expected failures 19
# of unsupported tests 73
=== obj-c++ Summary ===
# of expected passes 5979
# of unexpected failures 35
# of expected failures 21
# of unresolved testcases 4
# of unsupported tests 141
/sw/src/fink.build/gcc46-4.6.3-1000/darwin_objdir/gcc/testsuite/obj-c++/../../g++ version 4.6.3 (GCC)
=== objc tests ===
Running target unix/-m32
FAIL: objc.dg/no-extra-load.m -fnext-runtime (test for excess errors)
UNRESOLVED: objc.dg/no-extra-load.m scan-assembler-not L_objc_msgSend\\\\\$non_lazy_ptr
FAIL: objc.dg/objc-foreach-4.m -fnext-runtime (test for excess errors)
FAIL: objc.dg/objc-foreach-5.m -fnext-runtime (test for excess errors)
UNRESOLVED: objc.dg/objc-foreach-5.m scan-assembler _addStuffUp:
FAIL: objc.dg/lto/trivial-1 objc_lto_trivial-1_0.o-objc_lto_trivial-1_0.o link, -O0 -flto -fnext-runtime
UNRESOLVED: objc.dg/lto/trivial-1 objc_lto_trivial-1_0.o-objc_lto_trivial-1_0.o execute -O0 -flto -fnext-runtime
FAIL: objc.dg/lto/trivial-1 objc_lto_trivial-1_0.o-objc_lto_trivial-1_0.o link, -O2 -flto -fnext-runtime
UNRESOLVED: objc.dg/lto/trivial-1 objc_lto_trivial-1_0.o-objc_lto_trivial-1_0.o execute -O2 -flto -fnext-runtime
FAIL: objc.dg/lto/trivial-1 objc_lto_trivial-1_0.o-objc_lto_trivial-1_0.o link, -O0 -flto -flto-partition=none -fnext-runtime
UNRESOLVED: objc.dg/lto/trivial-1 objc_lto_trivial-1_0.o-objc_lto_trivial-1_0.o execute -O0 -flto -flto-partition=none -fnext-runtime
FAIL: objc.dg/lto/trivial-1 objc_lto_trivial-1_0.o-objc_lto_trivial-1_0.o link, -O2 -flto -flto-partition=none -fnext-runtime
UNRESOLVED: objc.dg/lto/trivial-1 objc_lto_trivial-1_0.o-objc_lto_trivial-1_0.o execute -O2 -flto -flto-partition=none -fnext-runtime
FAIL: objc.dg/torture/forward-1.m -O2 -flto -flto-partition=none -fnext-runtime (test for excess errors)
WARNING: objc.dg/torture/forward-1.m -O2 -flto -flto-partition=none -fnext-runtime compilation failed to produce executable
FAIL: objc.dg/torture/forward-1.m -O2 -flto -fnext-runtime (test for excess errors)
WARNING: objc.dg/torture/forward-1.m -O2 -flto -fnext-runtime compilation failed to produce executable
FAIL: objc.dg/torture/trivial.m -O2 -flto -flto-partition=none -fnext-runtime (test for excess errors)
FAIL: objc.dg/torture/trivial.m -O2 -flto -fnext-runtime (test for excess errors)
FAIL: objc.dg/torture/strings/const-cfstring-3.m -O2 -flto -flto-partition=none -fnext-runtime (test for excess errors)
FAIL: objc.dg/torture/strings/const-str-3.m -O2 -flto -flto-partition=none -fnext-runtime (test for excess errors)
FAIL: objc.dg/torture/strings/const-str-4.m -O2 -flto -flto-partition=none -fnext-runtime (test for excess errors)
FAIL: objc.dg/torture/strings/const-str-7.m -O2 -flto -flto-partition=none -fnext-runtime (test for excess errors)
FAIL: objc.dg/torture/strings/const-str-7.m -O2 -flto -fnext-runtime (test for excess errors)
FAIL: objc.dg/torture/strings/const-str-8.m -O2 -flto -flto-partition=none -fnext-runtime (test for excess errors)
FAIL: objc.dg/torture/strings/const-str-8.m -O2 -flto -fnext-runtime (test for excess errors)
FAIL: objc.dg/torture/strings/string1.m -O2 -flto -flto-partition=none -fnext-runtime (test for excess errors)
FAIL: objc.dg/torture/strings/string1.m -O2 -flto -fnext-runtime (test for excess errors)
FAIL: objc.dg/torture/strings/string2.m -O2 -flto -flto-partition=none -fnext-runtime (test for excess errors)
FAIL: objc.dg/torture/strings/string2.m -O2 -flto -fnext-runtime (test for excess errors)
FAIL: objc.dg/torture/strings/string3.m -O2 -flto -flto-partition=none -fnext-runtime (test for excess errors)
FAIL: objc.dg/torture/strings/string3.m -O2 -flto -fnext-runtime (test for excess errors)
FAIL: objc.dg/torture/strings/string4.m -O2 -flto -flto-partition=none -fnext-runtime (test for excess errors)
FAIL: objc.dg/torture/strings/string4.m -O2 -flto -fnext-runtime (test for excess errors)
FAIL: objc.dg/torture/tls/thr-init-2.m -O2 -flto -flto-partition=none -fnext-runtime (test for excess errors)
FAIL: objc.dg/torture/tls/thr-init-3.m -O2 -flto -flto-partition=none -fnext-runtime (test for excess errors)
WARNING: objc.dg/torture/tls/thr-init-3.m -O2 -flto -flto-partition=none -fnext-runtime compilation failed to produce executable
FAIL: objc.dg/torture/tls/thr-init-3.m -O2 -flto -fnext-runtime (test for excess errors)
WARNING: objc.dg/torture/tls/thr-init-3.m -O2 -flto -fnext-runtime compilation failed to produce executable
FAIL: objc.dg/torture/tls/thr-init.m -O2 -flto -flto-partition=none -fnext-runtime (test for excess errors)
=== objc Summary for unix/-m32 ===
# of expected passes 5919
# of unexpected failures 30
# of expected failures 6
# of unresolved testcases 6
# of unsupported tests 86
Running target unix/-m64
FAIL: objc.dg/no-extra-load.m -fnext-runtime (test for excess errors)
UNRESOLVED: objc.dg/no-extra-load.m scan-assembler-not L_objc_msgSend\\\\\$non_lazy_ptr
FAIL: objc.dg/objc-foreach-4.m -fnext-runtime (test for excess errors)
FAIL: objc.dg/objc-foreach-5.m -fnext-runtime (test for excess errors)
UNRESOLVED: objc.dg/objc-foreach-5.m scan-assembler _addStuffUp:
FAIL: objc.dg/torture/trivial.m -O2 -flto -flto-partition=none -fnext-runtime (test for excess errors)
FAIL: objc.dg/torture/trivial.m -O2 -flto -fnext-runtime (test for excess errors)
FAIL: objc.dg/torture/strings/const-cfstring-3.m -O2 -flto -flto-partition=none -fnext-runtime (test for excess errors)
FAIL: objc.dg/torture/strings/const-str-3.m -O2 -flto -flto-partition=none -fnext-runtime (test for excess errors)
FAIL: objc.dg/torture/strings/const-str-4.m -O2 -flto -flto-partition=none -fnext-runtime (test for excess errors)
FAIL: objc.dg/torture/strings/const-str-7.m -O2 -flto -flto-partition=none -fnext-runtime (test for excess errors)
FAIL: objc.dg/torture/strings/const-str-7.m -O2 -flto -fnext-runtime (test for excess errors)
FAIL: objc.dg/torture/strings/const-str-8.m -O2 -flto -flto-partition=none -fnext-runtime (test for excess errors)
FAIL: objc.dg/torture/strings/const-str-8.m -O2 -flto -fnext-runtime (test for excess errors)
FAIL: objc.dg/torture/strings/string1.m -O2 -flto -flto-partition=none -fnext-runtime (test for excess errors)
FAIL: objc.dg/torture/strings/string1.m -O2 -flto -fnext-runtime (test for excess errors)
FAIL: objc.dg/torture/strings/string2.m -O2 -flto -flto-partition=none -fnext-runtime (test for excess errors)
FAIL: objc.dg/torture/strings/string2.m -O2 -flto -fnext-runtime (test for excess errors)
FAIL: objc.dg/torture/strings/string3.m -O2 -flto -flto-partition=none -fnext-runtime (test for excess errors)
FAIL: objc.dg/torture/strings/string3.m -O2 -flto -fnext-runtime (test for excess errors)
FAIL: objc.dg/torture/strings/string4.m -O2 -flto -flto-partition=none -fnext-runtime (test for excess errors)
FAIL: objc.dg/torture/strings/string4.m -O2 -flto -fnext-runtime (test for excess errors)
FAIL: objc.dg/torture/tls/thr-init-2.m -O2 -flto -flto-partition=none -fnext-runtime (test for excess errors)
FAIL: objc.dg/torture/tls/thr-init-3.m -O2 -flto -flto-partition=none -fnext-runtime (test for excess errors)
FAIL: objc.dg/torture/tls/thr-init-3.m -O2 -flto -fnext-runtime (test for excess errors)
FAIL: objc.dg/torture/tls/thr-init.m -O2 -flto -flto-partition=none -fnext-runtime (test for excess errors)
=== objc Summary for unix/-m64 ===
# of expected passes 5855
# of unexpected failures 24
# of expected failures 24
# of unresolved testcases 2
# of unsupported tests 102
=== objc Summary ===
# of expected passes 11774
# of unexpected failures 54
# of expected failures 30
# of unresolved testcases 8
# of unsupported tests 188
/sw/src/fink.build/gcc46-4.6.3-1000/darwin_objdir/gcc/xgcc version 4.6.3 (GCC)
=== libffi tests ===
Running target unix/-m32
=== libffi Summary for unix/-m32 ===
# of expected passes 1634
# of expected failures 10
# of unsupported tests 15
Running target unix/-m64
=== libffi Summary for unix/-m64 ===
# of expected passes 1634
# of expected failures 10
# of unsupported tests 15
=== libffi Summary ===
# of expected passes 3268
# of expected failures 20
# of unsupported tests 30
=== libgomp tests ===
Running target unix/-m32
=== libgomp Summary for unix/-m32 ===
# of expected passes 2674
# of unsupported tests 3
Running target unix/-m64
=== libgomp Summary for unix/-m64 ===
# of expected passes 2674
# of unsupported tests 3
=== libgomp Summary ===
# of expected passes 5348
# of unsupported tests 6
=== libjava tests ===
Running target unix/-m32
FAIL: PR16923.c compilation
=== libjava Summary for unix/-m32 ===
# of expected passes 2572
# of unexpected failures 1
Running target unix/-m64
FAIL: PR16923 run
FAIL: Throw_2 execution - source compiled test
FAIL: Throw_2 -findirect-dispatch execution - source compiled test
FAIL: Throw_2 -O3 execution - source compiled test
FAIL: Throw_2 -O3 -findirect-dispatch execution - source compiled test
=== libjava Summary for unix/-m64 ===
# of expected passes 2565
# of unexpected failures 5
# of untested testcases 5
=== libjava Summary ===
# of expected passes 5137
# of unexpected failures 6
# of untested testcases 5
=== libstdc++ tests ===
Running target unix/-m32
=== libstdc++ Summary for unix/-m32 ===
# of expected passes 7055
# of expected failures 82
# of unsupported tests 661
Running target unix/-m64
=== libstdc++ Summary for unix/-m64 ===
# of expected passes 7053
# of expected failures 82
# of unsupported tests 662
=== libstdc++ Summary ===
# of expected passes 14108
# of expected failures 164
# of unsupported tests 1323
Compiler version: 4.6.3 (GCC)
Platform: x86_64-apple-darwin11.3.0
configure flags: --prefix=/sw --prefix=/sw/lib/gcc4.6 --mandir=/sw/share/man --infodir=/sw/lib/gcc4.6/info --enable-languages=c,c++,fortran,lto,objc,obj-c++,java --with-gmp=/sw --with-libiconv-prefix=/sw --with-ppl=/sw --with-cloog=/sw --with-mpc=/sw --with-system-zlib --x-includes=/usr/X11R6/include --x-libraries=/usr/X11R6/lib --program-suffix=-fsf-4.6 --enable-cloog-backend=isl