This is the mail archive of the
gcc-testresults@gcc.gnu.org
mailing list for the GCC project.
Results for 4.7.0 20120215 (experimental) [trunk revision 184293] (GCC) testsuite on hppa2.0w-hp-hpux11.00
- From: John David Anglin <dave at hiauly2 dot hia dot nrc dot ca>
- To: dave at hiauly2 dot hia dot nrc dot ca, gcc-testresults at gcc dot gnu dot org
- Date: Wed, 22 Feb 2012 12:14:54 -0500 (EST)
- Subject: Results for 4.7.0 20120215 (experimental) [trunk revision 184293] (GCC) testsuite on hppa2.0w-hp-hpux11.00
=== acats tests ===
=== acats Summary ===
# of expected passes 2320
# of unexpected failures 0
Native configuration is hppa2.0w-hp-hpux11.00
=== g++ tests ===
Running target unix
WARNING: g++.dg/ext/label13.C -std=gnu++98 compilation failed to produce executable
WARNING: g++.dg/ext/label13.C -std=gnu++11 compilation failed to produce executable
WARNING: program timed out.
FAIL: g++.dg/simulate-thread/atomics-1.C -O0 -g thread simulation test
FAIL: c-c++-common/simulate-thread/bitfields-2.c -Os -g thread simulation test
=== g++ Summary ===
# of expected passes 42311
# of unexpected failures 2
# of expected failures 290
# of unsupported tests 942
/home/gnu/gcc/objdir/gcc/testsuite/g++/../../g++ version 4.7.0 20120215 (experimental) [trunk revision 184293] (GCC)
=== gcc tests ===
Running target unix
WARNING: program timed out.
=== gcc Summary ===
# of expected passes 58820
# of expected failures 114
# of unsupported tests 1393
/home/gnu/gcc/objdir/gcc/xgcc version 4.7.0 20120215 (experimental) [trunk revision 184293] (GCC)
=== gfortran tests ===
Running target unix
FAIL: gfortran.dg/pr45636.f90 -O scan-tree-dump-times forwprop2 "memset" 0
=== gfortran Summary ===
# of expected passes 39307
# of unexpected failures 1
# of expected failures 42
# of unsupported tests 396
/home/gnu/gcc/objdir/gcc/testsuite/gfortran/../../gfortran version 4.7.0 20120215 (experimental) [trunk revision 184293] (GCC)
=== gnat tests ===
Running target unix
=== gnat Summary ===
# of expected passes 1062
# of expected failures 13
# of unsupported tests 11
/home/gnu/gcc/objdir/gcc/gnatmake version 4.7.0 20120215 (experimental) [trunk revision 184293]
=== obj-c++ tests ===
Running target unix
=== obj-c++ Summary ===
# of expected passes 1408
# of expected failures 2
# of unsupported tests 69
/home/gnu/gcc/objdir/gcc/testsuite/obj-c++/../../g++ version 4.7.0 20120215 (experimental) [trunk revision 184293] (GCC)
=== objc tests ===
Running target unix
=== objc Summary ===
# of expected passes 2920
# of unsupported tests 65
/home/gnu/gcc/objdir/gcc/xgcc version 4.7.0 20120215 (experimental) [trunk revision 184293] (GCC)
=== boehm-gc tests ===
Running target unix
FAIL: boehm-gc.c/gctest.c -O2 (test for excess errors)
FAIL: boehm-gc.c/leak_test.c -O2 (test for excess errors)
FAIL: boehm-gc.c/middle.c -O2 (test for excess errors)
FAIL: boehm-gc.c/thread_leak_test.c -O2 (test for excess errors)
FAIL: boehm-gc.lib/staticrootstest.c -O2 (test for excess errors)
=== boehm-gc Summary ===
# of expected passes 7
# of unexpected failures 5
# of unsupported tests 1
=== libffi tests ===
Running target unix
=== libffi Summary ===
# of expected passes 1634
# of expected failures 10
# of unsupported tests 55
=== libgomp tests ===
Running target unix
=== libgomp Summary ===
# of expected passes 2930
# of unsupported tests 10
=== libjava tests ===
Running target unix
FAIL: LargeFile execution - source compiled test
FAIL: LargeFile -findirect-dispatch execution - source compiled test
FAIL: LargeFile -O3 execution - source compiled test
FAIL: LargeFile -O3 -findirect-dispatch execution - source compiled test
=== libjava Summary ===
# of expected passes 2566
# of unexpected failures 4
# of untested testcases 4
=== libstdc++ tests ===
Running target unix
WARNING: program timed out.
FAIL: 23_containers/vector/bool/modifiers/insert/31370.cc execution test
FAIL: 29_atomics/atomic/operators/51811.cc (test for excess errors)
WARNING: 29_atomics/atomic/operators/51811.cc compilation failed to produce executable
FAIL: 29_atomics/atomic/operators/pointer_partial_void.cc (test for excess errors)
WARNING: 29_atomics/atomic/operators/pointer_partial_void.cc compilation failed to produce executable
=== libstdc++ Summary ===
# of expected passes 6327
# of unexpected failures 3
# of expected failures 42
# of unsupported tests 634
Compiler version: 4.7.0 20120215 (experimental) [trunk revision 184293] (GCC)
Platform: hppa2.0w-hp-hpux11.00
configure flags:Test Run By dave on Sun Feb 19 16:23:44 EST 2012