This is the mail archive of the
gcc-testresults@gcc.gnu.org
mailing list for the GCC project.
Results for 4.7.0 20120210 (experimental) [trunk revision 184103] (GCC) testsuite on i386-pc-solaris2.11
- From: Rainer Orth <ro at CeBiTec dot Uni-Bielefeld dot DE>
- To: gcc-testresults at gcc dot gnu dot org
- Date: Mon, 13 Feb 2012 12:19:29 +0100 (MET)
- Subject: Results for 4.7.0 20120210 (experimental) [trunk revision 184103] (GCC) testsuite on i386-pc-solaris2.11
LAST_UPDATED: Fri Feb 10 17:31:56 UTC 2012 (revision 184103)
=== acats tests ===
=== acats Summary ===
# of expected passes 2320
# of unexpected failures 0
Native configuration is i386-pc-solaris2.11
=== g++ tests ===
Running target unix
FAIL: g++.dg/tree-ssa/pr44706.C -std=gnu++98 scan-tree-dump-not fnsplit "Splitting function"
FAIL: g++.dg/tree-ssa/pr44706.C -std=gnu++11 scan-tree-dump-not fnsplit "Splitting function"
=== g++ Summary for unix ===
# of expected passes 46957
# of unexpected failures 2
# of expected failures 288
# of unsupported tests 379
Running target unix/-m64
FAIL: g++.dg/tree-ssa/pr44706.C -std=gnu++98 scan-tree-dump-not fnsplit "Splitting function"
FAIL: g++.dg/tree-ssa/pr44706.C -std=gnu++11 scan-tree-dump-not fnsplit "Splitting function"
=== g++ Summary for unix/-m64 ===
# of expected passes 47738
# of unexpected failures 2
# of expected failures 288
# of unsupported tests 619
=== g++ Summary ===
# of expected passes 94695
# of unexpected failures 4
# of expected failures 576
# of unsupported tests 998
/var/gcc/regression/trunk/11-gcc/build/gcc/testsuite/g++/../../g++ version 4.7.0 20120210 (experimental) [trunk revision 184103] (GCC)
=== gcc tests ===
Running target unix
=== gcc Summary for unix ===
# of expected passes 82890
# of expected failures 260
# of unsupported tests 1327
Running target unix/-m64
=== gcc Summary for unix/-m64 ===
# of expected passes 83127
# of expected failures 260
# of unsupported tests 1699
=== gcc Summary ===
# of expected passes 166017
# of expected failures 520
# of unsupported tests 3026
/var/gcc/regression/trunk/11-gcc/build/gcc/xgcc version 4.7.0 20120210 (experimental) [trunk revision 184103] (GCC)
=== gfortran tests ===
Running target unix
=== gfortran Summary for unix ===
# of expected passes 40623
# of expected failures 56
# of unsupported tests 227
Running target unix/-m64
=== gfortran Summary for unix/-m64 ===
# of expected passes 40926
# of expected failures 56
# of unsupported tests 81
=== gfortran Summary ===
# of expected passes 81549
# of expected failures 112
# of unsupported tests 308
/var/gcc/regression/trunk/11-gcc/build/gcc/testsuite/gfortran/../../gfortran version 4.7.0 20120210 (experimental) [trunk revision 184103] (GCC)
=== gnat tests ===
Running target unix
=== gnat Summary for unix ===
# of expected passes 1071
# of expected failures 12
# of unsupported tests 5
Running target unix/-m64
=== gnat Summary for unix/-m64 ===
# of expected passes 1071
# of expected failures 12
# of unsupported tests 5
=== gnat Summary ===
# of expected passes 2142
# of expected failures 24
# of unsupported tests 10
/var/gcc/regression/trunk/11-gcc/build/gcc/gnatmake version 4.7.0 20120210 (experimental) [trunk revision 184103]
=== go tests ===
Running target unix
=== go Summary for unix ===
# of expected passes 3299
# of expected failures 4
# of untested testcases 6
Running target unix/-m64
=== go Summary for unix/-m64 ===
# of expected passes 3299
# of expected failures 4
# of untested testcases 6
=== go Summary ===
# of expected passes 6598
# of expected failures 8
# of untested testcases 12
/var/gcc/regression/trunk/11-gcc/build/gcc/testsuite/go/../../gccgo version 4.7.0 20120210 (experimental) [trunk revision 184103] (GCC)
=== obj-c++ tests ===
Running target unix
=== obj-c++ Summary for unix ===
# of expected passes 1450
# of expected failures 2
# of unsupported tests 86
Running target unix/-m64
=== obj-c++ Summary for unix/-m64 ===
# of expected passes 1442
# of expected failures 10
# of unsupported tests 86
=== obj-c++ Summary ===
# of expected passes 2892
# of expected failures 12
# of unsupported tests 172
/var/gcc/regression/trunk/11-gcc/build/gcc/testsuite/obj-c++/../../g++ version 4.7.0 20120210 (experimental) [trunk revision 184103] (GCC)
=== objc tests ===
Running target unix
=== objc Summary for unix ===
# of expected passes 2988
# of expected failures 6
# of unsupported tests 74
Running target unix/-m64
=== objc Summary for unix/-m64 ===
# of expected passes 2988
# of expected failures 6
# of unsupported tests 74
=== objc Summary ===
# of expected passes 5976
# of expected failures 12
# of unsupported tests 148
/var/gcc/regression/trunk/11-gcc/build/gcc/xgcc version 4.7.0 20120210 (experimental) [trunk revision 184103] (GCC)
=== boehm-gc tests ===
Running target unix
=== boehm-gc Summary for unix ===
# of expected passes 12
# of unsupported tests 1
Running target unix/-m64
=== boehm-gc Summary for unix/-m64 ===
# of expected passes 12
# of unsupported tests 1
=== boehm-gc Summary ===
# of expected passes 24
# of unsupported tests 2
=== libffi tests ===
Running target unix
=== libffi Summary for unix ===
# of expected passes 1634
# of expected failures 10
# of unsupported tests 55
Running target unix/-m64
=== libffi Summary for unix/-m64 ===
# of expected passes 1634
# of expected failures 10
# of unsupported tests 55
=== libffi Summary ===
# of expected passes 3268
# of expected failures 20
# of unsupported tests 110
=== libgo tests ===
Running target unix
=== libgo Summary for unix ===
# of expected passes 123
Running target unix/-m64
=== libgo Summary for unix/-m64 ===
# of expected passes 123
=== libgo Summary ===
# of expected passes 246
/var/gcc/regression/trunk/11-gcc/build/./gcc/gccgo version 4.7.0 20120210 (experimental) [trunk revision 184103] (GCC)
=== libgomp tests ===
Running target unix
=== libgomp Summary for unix ===
# of expected passes 2990
# of unsupported tests 3
Running target unix/-m64
=== libgomp Summary for unix/-m64 ===
# of expected passes 2990
# of unsupported tests 3
=== libgomp Summary ===
# of expected passes 5980
# of unsupported tests 6
=== libitm tests ===
Running target unix
=== libitm Summary for unix ===
# of expected passes 26
# of expected failures 3
# of unsupported tests 1
Running target unix/-m64
=== libitm Summary for unix/-m64 ===
# of expected passes 26
# of expected failures 3
# of unsupported tests 1
=== libitm Summary ===
# of expected passes 52
# of expected failures 6
# of unsupported tests 2
=== libjava tests ===
Running target unix
=== libjava Summary for unix ===
# of expected passes 2574
Running target unix/-m64
=== libjava Summary for unix/-m64 ===
# of expected passes 2574
=== libjava Summary ===
# of expected passes 5148
=== libmudflap tests ===
Running target unix
=== libmudflap Summary for unix ===
# of expected passes 1442
Running target unix/-m64
FAIL: libmudflap.c++/pass55-frag.cxx ( -O) execution test
=== libmudflap Summary for unix/-m64 ===
# of expected passes 1441
# of unexpected failures 1
=== libmudflap Summary ===
# of expected passes 2883
# of unexpected failures 1
=== libstdc++ tests ===
Running target unix
=== libstdc++ Summary for unix ===
# of expected passes 7921
# of expected failures 43
# of unsupported tests 502
Running target unix/-m64
FAIL: libstdc++-abi/abi_check
=== libstdc++ Summary for unix/-m64 ===
# of expected passes 7920
# of unexpected failures 1
# of expected failures 43
# of unsupported tests 502
=== libstdc++ Summary ===
# of expected passes 15841
# of unexpected failures 1
# of expected failures 86
# of unsupported tests 1004
Compiler version: 4.7.0 20120210 (experimental) [trunk revision 184103] (GCC)
Platform: i386-pc-solaris2.11
configure flags: --prefix=/vol/gcc --target=i386-pc-solaris2.11 --enable-objc-gc --enable-libmudflap --with-host-libstdcxx='-L/vol/gcc-4.4/lib -Wl,-Bstatic -lstdc++ -Wl,-Bdynamic -lm' --with-boot-ldflags='-static-libstdc++ -static-libgcc -L/vol/gcc-4.4/lib' --with-gmp-include=/vol/gcc/include --with-gmp-lib=/vol/gcc/lib --with-mpfr-include=/vol/gcc/include --with-mpfr-lib=/vol/gcc/lib --with-mpc-include=/vol/gcc/include --with-mpc-lib=/vol/gcc/lib --enable-languages=all,ada,obj-c++,go --with-ppl-include=/vol/gcc/include --with-ppl-lib=/vol/gcc/lib --with-cloog-include=/vol/gcc/include --with-cloog-lib=/vol/gcc/lib --enable-cloog-backend=ppl
BOOT_CFLAGS=-g -O2