This is the mail archive of the
gcc-testresults@gcc.gnu.org
mailing list for the GCC project.
Results for 4.7.0 20120209 (experimental) [trunk revision 184062] (GCC) testsuite on hppa64-hp-hpux11.11
- From: John David Anglin <dave at hiauly3 dot hia dot nrc dot ca>
- To: dave at hiauly3 dot hia dot nrc dot ca, gcc-testresults at gcc dot gnu dot org
- Date: Sun, 12 Feb 2012 17:43:11 -0500 (EST)
- Subject: Results for 4.7.0 20120209 (experimental) [trunk revision 184062] (GCC) testsuite on hppa64-hp-hpux11.11
Native configuration is hppa64-hp-hpux11.11
=== g++ tests ===
Running target unix
WARNING: program timed out.
=== g++ Summary ===
# of expected passes 44675
# of expected failures 290
# of unsupported tests 872
/test/gnu/gcc/objdir/gcc/testsuite/g++/../../g++ version 4.7.0 20120209 (experimental) [trunk revision 184062] (GCC)
=== gcc tests ===
Running target unix
WARNING: program timed out.
=== gcc Summary ===
# of expected passes 70164
# of expected failures 119
# of unsupported tests 1503
/test/gnu/gcc/objdir/gcc/xgcc version 4.7.0 20120209 (experimental) [trunk revision 184062] (GCC)
=== gfortran tests ===
Running target unix
=== gfortran Summary ===
# of expected passes 39523
# of expected failures 42
# of unsupported tests 375
/test/gnu/gcc/objdir/gcc/testsuite/gfortran/../../gfortran version 4.7.0 20120209 (experimental) [trunk revision 184062] (GCC)
=== obj-c++ tests ===
Running target unix
=== obj-c++ Summary ===
# of expected passes 1442
# of expected failures 10
# of unsupported tests 86
/test/gnu/gcc/objdir/gcc/testsuite/obj-c++/../../g++ version 4.7.0 20120209 (experimental) [trunk revision 184062] (GCC)
=== objc tests ===
Running target unix
=== objc Summary ===
# of expected passes 2992
# of unsupported tests 75
/test/gnu/gcc/objdir/gcc/xgcc version 4.7.0 20120209 (experimental) [trunk revision 184062] (GCC)
=== libgomp tests ===
Running target unix
=== libgomp Summary ===
# of expected passes 2930
# of unsupported tests 10
=== libstdc++ tests ===
Running target unix
FAIL: 29_atomics/atomic/operators/51811.cc (test for excess errors)
UNRESOLVED: 29_atomics/atomic/operators/51811.cc compilation failed to produce executable
FAIL: 29_atomics/atomic/operators/pointer_partial_void.cc (test for excess errors)
UNRESOLVED: 29_atomics/atomic/operators/pointer_partial_void.cc compilation failed to produce executable
=== libstdc++ Summary ===
# of expected passes 7405
# of unexpected failures 2
# of expected failures 43
# of unresolved testcases 2
# of unsupported tests 732
Compiler version: 4.7.0 20120209 (experimental) [trunk revision 184062] (GCC)
Platform: hppa64-hp-hpux11.11
configure flags:Test Run By dave on Fri Feb 10 01:25:31 2012