This is the mail archive of the
gcc-testresults@gcc.gnu.org
mailing list for the GCC project.
Results for 4.7.0 20120207 (experimental) (GCC) testsuite on mipsisa64-unknown-elf
- From: Richard Sandiford <rdsandiford at googlemail dot com>
- To: gcc-testresults at gcc dot gnu dot org
- Date: Wed, 08 Feb 2012 18:39:42 +0000
- Subject: Results for 4.7.0 20120207 (experimental) (GCC) testsuite on mipsisa64-unknown-elf
Target is mipsisa64-unknown-elf
=== gcc tests ===
Running target mips-sim-idt64/-EB
FAIL: gcc.dg/ipa/inline-5.c scan-ipa-dump-times inline "Will be eliminated" 4
XPASS: gcc.dg/vect/vect-outer-5.c scan-tree-dump vect "zero step in outer loop."
XPASS: gcc.dg/vect/vect-outer-5.c -flto scan-tree-dump vect "zero step in outer loop."
=== gcc Summary for mips-sim-idt64/-EB ===
# of expected passes 74482
# of unexpected failures 1
# of unexpected successes 2
# of expected failures 183
# of unsupported tests 2331
Running target mips-sim-idt64/-EB/-msoft-float
FAIL: gcc.dg/ipa/inline-5.c scan-ipa-dump-times inline "Will be eliminated" 4
=== gcc Summary for mips-sim-idt64/-EB/-msoft-float ===
# of expected passes 73842
# of unexpected failures 1
# of expected failures 102
# of unsupported tests 1363
Running target mips-sim-idt64/-EL
FAIL: gcc.dg/ipa/inline-5.c scan-ipa-dump-times inline "Will be eliminated" 4
XPASS: gcc.dg/vect/vect-outer-5.c scan-tree-dump vect "zero step in outer loop."
XPASS: gcc.dg/vect/vect-outer-5.c -flto scan-tree-dump vect "zero step in outer loop."
=== gcc Summary for mips-sim-idt64/-EL ===
# of expected passes 74482
# of unexpected failures 1
# of unexpected successes 2
# of expected failures 183
# of unsupported tests 2331
Running target mips-sim-idt64/-EL/-msoft-float
FAIL: gcc.dg/ipa/inline-5.c scan-ipa-dump-times inline "Will be eliminated" 4
=== gcc Summary for mips-sim-idt64/-EL/-msoft-float ===
# of expected passes 73842
# of unexpected failures 1
# of expected failures 102
# of unsupported tests 1363
=== gcc Summary ===
# of expected passes 296648
# of unexpected failures 4
# of unexpected successes 4
# of expected failures 570
# of unsupported tests 7388
/home/rsandifo/gcc/HEAD/mipsisa64-elf/x86_64-unknown-linux-gnu/gcc/xgcc version 4.7.0 20120207 (experimental) (GCC)
=== g++ tests ===
Running target mips-sim-idt64/-EB
=== g++ Summary for mips-sim-idt64/-EB ===
# of expected passes 45966
# of expected failures 279
# of unsupported tests 772
Running target mips-sim-idt64/-EB/-msoft-float
=== g++ Summary for mips-sim-idt64/-EB/-msoft-float ===
# of expected passes 45922
# of expected failures 279
# of unsupported tests 770
Running target mips-sim-idt64/-EL
=== g++ Summary for mips-sim-idt64/-EL ===
# of expected passes 45966
# of expected failures 279
# of unsupported tests 772
Running target mips-sim-idt64/-EL/-msoft-float
=== g++ Summary for mips-sim-idt64/-EL/-msoft-float ===
# of expected passes 45922
# of expected failures 279
# of unsupported tests 770
=== g++ Summary ===
# of expected passes 183776
# of expected failures 1116
# of unsupported tests 3084
/home/rsandifo/gcc/HEAD/mipsisa64-elf/x86_64-unknown-linux-gnu/gcc/testsuite/g++/../../g++ version 4.7.0 20120207 (experimental) (GCC)
=== objc tests ===
Running target mips-sim-idt64/-EB
=== objc Summary for mips-sim-idt64/-EB ===
# of expected passes 2945
# of expected failures 1
# of unsupported tests 98
Running target mips-sim-idt64/-EB/-msoft-float
=== objc Summary for mips-sim-idt64/-EB/-msoft-float ===
# of expected passes 2945
# of expected failures 1
# of unsupported tests 98
Running target mips-sim-idt64/-EL
=== objc Summary for mips-sim-idt64/-EL ===
# of expected passes 2945
# of expected failures 1
# of unsupported tests 98
Running target mips-sim-idt64/-EL/-msoft-float
=== objc Summary for mips-sim-idt64/-EL/-msoft-float ===
# of expected passes 2945
# of expected failures 1
# of unsupported tests 98
=== objc Summary ===
# of expected passes 11780
# of expected failures 4
# of unsupported tests 392
/home/rsandifo/gcc/HEAD/mipsisa64-elf/x86_64-unknown-linux-gnu/gcc/xgcc version 4.7.0 20120207 (experimental) (GCC)
=== libstdc++ tests ===
Running target mips-sim-idt64/-EB
FAIL: 20_util/hash/chi2_quality.cc execution test
=== libstdc++ Summary for mips-sim-idt64/-EB ===
# of expected passes 6787
# of unexpected failures 1
# of expected failures 42
# of unsupported tests 580
Running target mips-sim-idt64/-EB/-msoft-float
FAIL: 20_util/hash/chi2_quality.cc execution test
=== libstdc++ Summary for mips-sim-idt64/-EB/-msoft-float ===
# of expected passes 6787
# of unexpected failures 1
# of expected failures 42
# of unsupported tests 580
Running target mips-sim-idt64/-EL
=== libstdc++ Summary for mips-sim-idt64/-EL ===
# of expected passes 6788
# of expected failures 42
# of unsupported tests 580
Running target mips-sim-idt64/-EL/-msoft-float
=== libstdc++ Summary for mips-sim-idt64/-EL/-msoft-float ===
# of expected passes 6788
# of expected failures 42
# of unsupported tests 580
=== libstdc++ Summary ===
# of expected passes 27150
# of unexpected failures 2
# of expected failures 168
# of unsupported tests 2320
=== libstdc++ Summary ===
Compiler version: 4.7.0 20120207 (experimental) (GCC)
Platform: mipsisa64-unknown-elf
configure flags: --enable-languages=c,c++,objc --with-newlib