This is the mail archive of the
gcc-testresults@gcc.gnu.org
mailing list for the GCC project.
Results for 4.7.0 20120123 (experimental) [trunk revision 183456] (GCC) testsuite on alphaev68-unknown-linux-gnu
- From: uros at gcc13 dot fsffrance dot org
- To: gcc-testresults at gcc dot gnu dot org
- Date: Tue, 24 Jan 2012 11:03:44 +0100
- Subject: Results for 4.7.0 20120123 (experimental) [trunk revision 183456] (GCC) testsuite on alphaev68-unknown-linux-gnu
LAST_UPDATED: Mon Jan 23 22:28:41 UTC 2012 (revision 183456)
Native configuration is alphaev68-unknown-linux-gnu
=== boehm-gc tests ===
Running target unix
FAIL: boehm-gc.c/thread_leak_test.c -O2 (test for excess errors)
=== boehm-gc Summary ===
# of expected passes 11
# of unexpected failures 1
# of unsupported tests 1
=== libffi tests ===
Running target unix
=== libffi Summary ===
# of expected passes 1634
# of expected failures 10
# of unsupported tests 15
=== libgo tests ===
Running target unix
FAIL: os
=== libgo Summary ===
# of expected passes 137
# of unexpected failures 1
/home/uros/gcc-build/./gcc/gccgo version 4.7.0 20120123 (experimental) [trunk revision 183456] (GCC)
=== libgomp tests ===
Running target unix
FAIL: libgomp.fortran/omp_parse3.f90 -Os execution test
=== libgomp Summary ===
# of expected passes 2945
# of unexpected failures 1
# of unsupported tests 1
=== libitm tests ===
Running target unix
=== libitm Summary ===
# of expected passes 26
# of expected failures 3
# of unsupported tests 1
=== libjava tests ===
Running target unix
=== libjava Summary ===
# of expected passes 2574
=== libmudflap tests ===
Running target unix
=== libmudflap Summary ===
# of expected passes 1906
=== libstdc++ tests ===
Running target unix
=== libstdc++ Summary ===
# of expected passes 8589
# of expected failures 44
# of unsupported tests 168
=== gcc tests ===
Running target unix
FAIL: gcc.dg/pr44194-1.c scan-rtl-dump dse1 "global deletions = 2"
XPASS: gcc.dg/guality/example.c -O0 execution test
XPASS: gcc.dg/guality/guality.c -O0 execution test
XPASS: gcc.dg/guality/guality.c -O1 execution test
XPASS: gcc.dg/guality/inline-params.c -O2 execution test
XPASS: gcc.dg/guality/inline-params.c -O3 -fomit-frame-pointer execution test
XPASS: gcc.dg/guality/inline-params.c -O3 -g execution test
XPASS: gcc.dg/guality/inline-params.c -Os execution test
XPASS: gcc.dg/guality/inline-params.c -O2 -flto -fno-use-linker-plugin -flto-partition=none execution test
XPASS: gcc.dg/guality/inline-params.c -O2 -flto -fuse-linker-plugin -fno-fat-lto-objects execution test
XPASS: gcc.dg/guality/pr41353-1.c -O0 line 28 j == 28 + 37
XPASS: gcc.dg/guality/pr41353-1.c -O2 -flto -fno-use-linker-plugin -flto-partition=none line 28 j == 28 + 37
XPASS: gcc.dg/guality/pr41353-1.c -O2 -flto -fuse-linker-plugin -fno-fat-lto-objects line 28 j == 28 + 37
FAIL: gcc.dg/guality/pr41404-1.c -O2 -flto -fno-use-linker-plugin -flto-partition=none line 10 *foo == 'f'
XPASS: gcc.dg/guality/pr41447-1.c -O0 execution test
XPASS: gcc.dg/guality/pr41447-1.c -O1 execution test
XPASS: gcc.dg/guality/pr41447-1.c -O2 execution test
XPASS: gcc.dg/guality/pr41447-1.c -O3 -fomit-frame-pointer execution test
XPASS: gcc.dg/guality/pr41447-1.c -O3 -g execution test
XPASS: gcc.dg/guality/pr41447-1.c -Os execution test
XPASS: gcc.dg/guality/pr41447-1.c -O2 -flto -fuse-linker-plugin -fno-fat-lto-objects execution test
XPASS: gcc.dg/guality/pr41616-1.c -O0 execution test
XPASS: gcc.dg/guality/pr41616-1.c -O1 execution test
XPASS: gcc.dg/guality/pr41616-1.c -O2 execution test
XPASS: gcc.dg/guality/pr41616-1.c -O3 -fomit-frame-pointer execution test
XPASS: gcc.dg/guality/pr41616-1.c -O3 -g execution test
XPASS: gcc.dg/guality/pr41616-1.c -Os execution test
XPASS: gcc.dg/guality/pr41616-1.c -O2 -flto -fno-use-linker-plugin -flto-partition=none execution test
FAIL: gcc.dg/guality/pr43051-1.c -O1 line 40 v == 1
FAIL: gcc.dg/guality/pr43051-1.c -O2 line 40 v == 1
FAIL: gcc.dg/guality/pr43051-1.c -O3 -fomit-frame-pointer line 35 v == 1
FAIL: gcc.dg/guality/pr43051-1.c -O3 -fomit-frame-pointer line 40 v == 1
FAIL: gcc.dg/guality/pr43051-1.c -O3 -fomit-frame-pointer -funroll-loops line 35 v == 1
FAIL: gcc.dg/guality/pr43051-1.c -O3 -fomit-frame-pointer -funroll-loops line 40 v == 1
FAIL: gcc.dg/guality/pr43051-1.c -O3 -fomit-frame-pointer -funroll-all-loops -finline-functions line 35 v == 1
FAIL: gcc.dg/guality/pr43051-1.c -O3 -fomit-frame-pointer -funroll-all-loops -finline-functions line 40 v == 1
FAIL: gcc.dg/guality/pr43051-1.c -O3 -g line 35 v == 1
FAIL: gcc.dg/guality/pr43051-1.c -O3 -g line 40 v == 1
FAIL: gcc.dg/guality/pr43051-1.c -Os line 40 v == 1
FAIL: gcc.dg/guality/pr43051-1.c -O2 -flto -fno-use-linker-plugin -flto-partition=none line 40 v == 1
FAIL: gcc.dg/guality/pr43051-1.c -O2 -flto -fuse-linker-plugin -fno-fat-lto-objects line 40 v == 1
FAIL: gcc.dg/guality/pr43177.c -O1 line 24 x == 7
FAIL: gcc.dg/guality/pr43177.c -O2 line 24 x == 7
FAIL: gcc.dg/guality/pr43177.c -O3 -fomit-frame-pointer line 24 x == 7
FAIL: gcc.dg/guality/pr43177.c -O3 -g line 24 x == 7
FAIL: gcc.dg/guality/pr43177.c -Os line 24 x == 7
FAIL: gcc.dg/guality/pr43177.c -O2 -flto -fno-use-linker-plugin -flto-partition=none line 24 x == 7
FAIL: gcc.dg/guality/pr43177.c -O2 -flto -fuse-linker-plugin -fno-fat-lto-objects line 24 x == 7
FAIL: gcc.dg/guality/pr45882.c -O1 line 16 b == 7
FAIL: gcc.dg/guality/pr45882.c -O2 line 16 b == 7
FAIL: gcc.dg/guality/pr45882.c -O3 -fomit-frame-pointer line 16 b == 7
FAIL: gcc.dg/guality/pr45882.c -O3 -g line 16 b == 7
FAIL: gcc.dg/guality/pr45882.c -Os line 16 b == 7
FAIL: gcc.dg/guality/pr45882.c -O2 -flto -fno-use-linker-plugin -flto-partition=none line 16 b == 7
FAIL: gcc.dg/guality/pr45882.c -O2 -flto -fuse-linker-plugin -fno-fat-lto-objects line 16 b == 7
FAIL: gcc.dg/guality/sra-1.c -O1 line 43 a.j == 14
FAIL: gcc.dg/guality/sra-1.c -O2 line 43 a.j == 14
FAIL: gcc.dg/guality/sra-1.c -O3 -fomit-frame-pointer line 43 a.j == 14
FAIL: gcc.dg/guality/sra-1.c -O3 -g line 43 a.j == 14
FAIL: gcc.dg/guality/sra-1.c -Os line 43 a.j == 14
FAIL: gcc.dg/guality/sra-1.c -O2 -flto -fno-use-linker-plugin -flto-partition=none line 43 a.j == 14
FAIL: gcc.dg/guality/sra-1.c -O2 -flto -fuse-linker-plugin -fno-fat-lto-objects line 43 a.j == 14
FAIL: gcc.dg/guality/vla-1.c -O0 line 17 sizeof (a) == 6
FAIL: gcc.dg/guality/vla-1.c -O0 line 24 sizeof (a) == 17 * sizeof (short)
FAIL: gcc.dg/guality/vla-1.c -O1 line 17 sizeof (a) == 6
FAIL: gcc.dg/guality/vla-1.c -O1 line 24 sizeof (a) == 17 * sizeof (short)
FAIL: gcc.dg/guality/vla-1.c -O2 line 17 sizeof (a) == 6
FAIL: gcc.dg/guality/vla-1.c -O2 line 24 sizeof (a) == 17 * sizeof (short)
FAIL: gcc.dg/guality/vla-1.c -O3 -fomit-frame-pointer line 17 sizeof (a) == 6
FAIL: gcc.dg/guality/vla-1.c -O3 -fomit-frame-pointer line 24 sizeof (a) == 17 * sizeof (short)
FAIL: gcc.dg/guality/vla-1.c -O3 -g line 17 sizeof (a) == 6
FAIL: gcc.dg/guality/vla-1.c -O3 -g line 24 sizeof (a) == 17 * sizeof (short)
FAIL: gcc.dg/guality/vla-1.c -Os line 17 sizeof (a) == 6
FAIL: gcc.dg/guality/vla-1.c -Os line 24 sizeof (a) == 17 * sizeof (short)
FAIL: gcc.dg/guality/vla-1.c -O2 -flto -fno-use-linker-plugin -flto-partition=none line 17 sizeof (a) == 6
FAIL: gcc.dg/guality/vla-1.c -O2 -flto -fno-use-linker-plugin -flto-partition=none line 24 sizeof (a) == 17 * sizeof (short)
FAIL: gcc.dg/guality/vla-1.c -O2 -flto -fuse-linker-plugin -fno-fat-lto-objects line 17 sizeof (a) == 6
FAIL: gcc.dg/guality/vla-1.c -O2 -flto -fuse-linker-plugin -fno-fat-lto-objects line 24 sizeof (a) == 17 * sizeof (short)
FAIL: gcc.dg/guality/vla-2.c -O0 line 16 sizeof (a) == 5 * sizeof (int)
FAIL: gcc.dg/guality/vla-2.c -O0 line 25 sizeof (a) == 6 * sizeof (int)
FAIL: gcc.dg/guality/vla-2.c -O1 line 16 sizeof (a) == 5 * sizeof (int)
FAIL: gcc.dg/guality/vla-2.c -O1 line 25 sizeof (a) == 6 * sizeof (int)
FAIL: gcc.dg/guality/vla-2.c -O2 line 16 sizeof (a) == 5 * sizeof (int)
FAIL: gcc.dg/guality/vla-2.c -O2 line 25 sizeof (a) == 6 * sizeof (int)
FAIL: gcc.dg/guality/vla-2.c -O3 -fomit-frame-pointer line 16 sizeof (a) == 5 * sizeof (int)
FAIL: gcc.dg/guality/vla-2.c -O3 -fomit-frame-pointer line 25 sizeof (a) == 6 * sizeof (int)
FAIL: gcc.dg/guality/vla-2.c -O3 -g line 16 sizeof (a) == 5 * sizeof (int)
FAIL: gcc.dg/guality/vla-2.c -O3 -g line 25 sizeof (a) == 6 * sizeof (int)
FAIL: gcc.dg/guality/vla-2.c -Os line 16 sizeof (a) == 5 * sizeof (int)
FAIL: gcc.dg/guality/vla-2.c -Os line 25 sizeof (a) == 6 * sizeof (int)
FAIL: gcc.dg/guality/vla-2.c -O2 -flto -fno-use-linker-plugin -flto-partition=none line 16 sizeof (a) == 5 * sizeof (int)
FAIL: gcc.dg/guality/vla-2.c -O2 -flto -fno-use-linker-plugin -flto-partition=none line 25 sizeof (a) == 6 * sizeof (int)
FAIL: gcc.dg/guality/vla-2.c -O2 -flto -fuse-linker-plugin -fno-fat-lto-objects line 16 sizeof (a) == 5 * sizeof (int)
FAIL: gcc.dg/guality/vla-2.c -O2 -flto -fuse-linker-plugin -fno-fat-lto-objects line 25 sizeof (a) == 6 * sizeof (int)
=== gcc Summary ===
# of expected passes 73082
# of unexpected failures 68
# of unexpected successes 26
# of expected failures 131
# of unsupported tests 1278
/space/uros/gcc-build/gcc/xgcc version 4.7.0 20120123 (experimental) [trunk revision 183456] (GCC)
=== gfortran tests ===
Running target unix
=== gfortran Summary ===
# of expected passes 40470
# of expected failures 42
# of unsupported tests 57
/space/uros/gcc-build/gcc/testsuite/gfortran/../../gfortran version 4.7.0 20120123 (experimental) [trunk revision 183456] (GCC)
=== g++ tests ===
Running target unix
=== g++ Summary ===
# of expected passes 46515
# of expected failures 286
# of unsupported tests 680
/space/uros/gcc-build/gcc/testsuite/g++/../../g++ version 4.7.0 20120123 (experimental) [trunk revision 183456] (GCC)
=== go tests ===
Running target unix
FAIL: ./select5-out.go compilation, -O2 -g
FAIL: go.test/test/chan/select2.go execution, -O2 -g
FAIL: go.test/test/cmplxdivide.go
FAIL: go.test/test/fixedbugs/bug321.go execution, -O2 -g
FAIL: go.test/test/floatcmp.go execution, -O2 -g
FAIL: go.test/test/zerodivide.go execution, -O2 -g
WARNING: program timed out.
=== go Summary ===
# of expected passes 3149
# of unexpected failures 6
# of expected failures 22
# of untested testcases 3
/space/uros/gcc-build/gcc/testsuite/go/../../gccgo version 4.7.0 20120123 (experimental) [trunk revision 183456] (GCC)
=== objc tests ===
Running target unix
=== objc Summary ===
# of expected passes 2992
# of unsupported tests 75
/space/uros/gcc-build/gcc/xgcc version 4.7.0 20120123 (experimental) [trunk revision 183456] (GCC)
Compiler version: 4.7.0 20120123 (experimental) [trunk revision 183456] (GCC)
Platform: alphaev68-unknown-linux-gnu
configure flags: --enable-languages=all,go
BOOT_CFLAGS=-g -O2