This is the mail archive of the
gcc-testresults@gcc.gnu.org
mailing list for the GCC project.
Results for 4.7.0 20120122 (experimental) (GCC) testsuite on mips64-unknown-linux-gnu
- From: Richard Sandiford <rdsandiford at googlemail dot com>
- To: gcc-testresults at gcc dot gnu dot org
- Date: Sun, 22 Jan 2012 16:47:47 +0000
- Subject: Results for 4.7.0 20120122 (experimental) (GCC) testsuite on mips64-unknown-linux-gnu
LAST_UPDATED: Sat Jan 21 10:23:00 UTC 2012
Target is mips64-unknown-linux-gnu
=== gcc tests ===
Running target qemu64eb/-mabi=32
FAIL: gcc.c-torture/compile/20001226-1.c -O3 -g (test for excess errors)
WARNING: program timed out.
FAIL: gcc.dg/cproj-fails-with-broken-glibc.c execution test
FAIL: gcc.dg/pr48774.c (test for excess errors)
=== gcc Summary for qemu64eb/-mabi=32 ===
# of expected passes 74328
# of unexpected failures 3
# of expected failures 109
# of unsupported tests 1129
Running target qemu64eb/-mabi=64
FAIL: gcc.c-torture/compile/20001226-1.c -O3 -g (test for excess errors)
WARNING: program timed out.
FAIL: gcc.dg/cproj-fails-with-broken-glibc.c execution test
=== gcc Summary for qemu64eb/-mabi=64 ===
# of expected passes 75242
# of unexpected failures 2
# of expected failures 127
# of unsupported tests 2220
Running target qemu64eb/-mabi=n32
FAIL: gcc.c-torture/compile/20001226-1.c -O3 -g (test for excess errors)
WARNING: program timed out.
FAIL: gcc.dg/cproj-fails-with-broken-glibc.c execution test
=== gcc Summary for qemu64eb/-mabi=n32 ===
# of expected passes 75226
# of unexpected failures 2
# of expected failures 126
# of unsupported tests 2231
Running target qemu64eb/-mips16/-mabi=32
FAIL: gcc.c-torture/compile/20001226-1.c -O3 -g (test for excess errors)
WARNING: program timed out.
FAIL: gcc.dg/cproj-fails-with-broken-glibc.c execution test
UNRESOLVED: gcc.dg/unroll_1.c scan-rtl-dump-times loop2_unroll "Decided to peel loop completely" 2
FAIL: gcc.dg/tree-prof/stringop-2.c scan-ipa-dump profile "Single value 4 stringop"
FAIL: gcc.dg/tree-prof/stringop-2.c scan-tree-dump optimized "a\\[0\\] = 168430090"
=== gcc Summary for qemu64eb/-mips16/-mabi=32 ===
# of expected passes 74286
# of unexpected failures 4
# of expected failures 108
# of unresolved testcases 1
# of unsupported tests 1136
=== gcc Summary ===
# of expected passes 299082
# of unexpected failures 11
# of expected failures 470
# of unresolved testcases 1
# of unsupported tests 6716
/export/richards/gcc/HEAD/mips64-linux-gnu/x86_64-unknown-linux-gnu/gcc/xgcc version 4.7.0 20120122 (experimental) (GCC)
=== gfortran tests ===
Running target qemu64eb/-mabi=32
=== gfortran Summary for qemu64eb/-mabi=32 ===
# of expected passes 39372
# of expected failures 42
# of unsupported tests 376
Running target qemu64eb/-mabi=64
WARNING: program timed out.
FAIL: gfortran.dg/vect/fast-math-pr38968.f90 execution test
=== gfortran Summary for qemu64eb/-mabi=64 ===
# of expected passes 40542
# of unexpected failures 1
# of expected failures 42
# of unsupported tests 84
Running target qemu64eb/-mabi=n32
WARNING: program timed out.
FAIL: gfortran.dg/vect/fast-math-pr38968.f90 execution test
=== gfortran Summary for qemu64eb/-mabi=n32 ===
# of expected passes 40542
# of unexpected failures 1
# of expected failures 42
# of unsupported tests 84
Running target qemu64eb/-mips16/-mabi=32
FAIL: gfortran.dg/pr45636.f90 -O scan-tree-dump-times forwprop2 "memset" 0
=== gfortran Summary for qemu64eb/-mips16/-mabi=32 ===
# of expected passes 39371
# of unexpected failures 1
# of expected failures 42
# of unsupported tests 376
=== gfortran Summary ===
# of expected passes 159827
# of unexpected failures 3
# of expected failures 168
# of unsupported tests 920
/export/richards/gcc/HEAD/mips64-linux-gnu/x86_64-unknown-linux-gnu/gcc/testsuite/gfortran/../../gfortran version 4.7.0 20120122 (experimental) (GCC)
=== g++ tests ===
Running target qemu64eb/-mabi=32
FAIL: g++.dg/torture/pr51344.C -O0 (test for excess errors)
FAIL: g++.dg/torture/pr51344.C -O1 (test for excess errors)
FAIL: g++.dg/torture/pr51344.C -O2 (test for excess errors)
FAIL: g++.dg/torture/pr51344.C -O3 -fomit-frame-pointer (test for excess errors)
FAIL: g++.dg/torture/pr51344.C -O3 -g (test for excess errors)
FAIL: g++.dg/torture/pr51344.C -Os (test for excess errors)
FAIL: g++.dg/torture/pr51344.C -O2 -flto -fno-use-linker-plugin -flto-partition=none (test for excess errors)
FAIL: g++.dg/torture/pr51344.C -O2 -flto -fuse-linker-plugin -fno-fat-lto-objects (test for excess errors)
=== g++ Summary for qemu64eb/-mabi=32 ===
# of expected passes 46030
# of unexpected failures 8
# of expected failures 281
# of unsupported tests 667
Running target qemu64eb/-mabi=64
FAIL: g++.dg/torture/pr51344.C -O0 (test for excess errors)
FAIL: g++.dg/torture/pr51344.C -O1 (test for excess errors)
FAIL: g++.dg/torture/pr51344.C -O2 (test for excess errors)
FAIL: g++.dg/torture/pr51344.C -O3 -fomit-frame-pointer (test for excess errors)
FAIL: g++.dg/torture/pr51344.C -O3 -g (test for excess errors)
FAIL: g++.dg/torture/pr51344.C -Os (test for excess errors)
FAIL: g++.dg/torture/pr51344.C -O2 -flto -fno-use-linker-plugin -flto-partition=none (test for excess errors)
FAIL: g++.dg/torture/pr51344.C -O2 -flto -fuse-linker-plugin -fno-fat-lto-objects (test for excess errors)
=== g++ Summary for qemu64eb/-mabi=64 ===
# of expected passes 47307
# of unexpected failures 8
# of expected failures 281
# of unsupported tests 668
Running target qemu64eb/-mabi=n32
FAIL: g++.dg/torture/pr51344.C -O0 (test for excess errors)
FAIL: g++.dg/torture/pr51344.C -O1 (test for excess errors)
FAIL: g++.dg/torture/pr51344.C -O2 (test for excess errors)
FAIL: g++.dg/torture/pr51344.C -O3 -fomit-frame-pointer (test for excess errors)
FAIL: g++.dg/torture/pr51344.C -O3 -g (test for excess errors)
FAIL: g++.dg/torture/pr51344.C -Os (test for excess errors)
FAIL: g++.dg/torture/pr51344.C -O2 -flto -fno-use-linker-plugin -flto-partition=none (test for excess errors)
FAIL: g++.dg/torture/pr51344.C -O2 -flto -fuse-linker-plugin -fno-fat-lto-objects (test for excess errors)
=== g++ Summary for qemu64eb/-mabi=n32 ===
# of expected passes 47380
# of unexpected failures 8
# of expected failures 281
# of unsupported tests 663
Running target qemu64eb/-mips16/-mabi=32
FAIL: g++.dg/debug/dwarf2/redeclaration-1.C scan-assembler-times [^\\n\\r]*\\\\(DIE [^\\n\\r]*DW_TAG_lexical_block\\\\)[\\n\\r]{1,2}[^\\n\\r]*DW_AT_low_pc[\\n\\r]{1,2}[^\\n\\r]*DW_AT_high_pc[\\n\\r]{1,2}[^\\n\\r]*\\\\(DIE [^\\n\\r]*DW_TAG_variable\\\\)[\\n\\r]{1,2}[^\\n\\r]*DW_AT_name 2
FAIL: g++.dg/debug/dwarf2/redeclaration-1.C scan-assembler-times [^\\n\\r]*\\\\(DIE [^\\n\\r]*DW_TAG_lexical_block\\\\)[\\n\\r]{1,2}[^\\n\\r]*DW_AT_low_pc[\\n\\r]{1,2}[^\\n\\r]*DW_AT_high_pc[\\n\\r]{1,2}[^\\n\\r]*\\\\(DIE [^\\n\\r]*DW_TAG_variable\\\\)[\\n\\r]{1,2}[^\\n\\r]*DW_AT_name 2
FAIL: g++.dg/torture/pr51344.C -O0 (test for excess errors)
FAIL: g++.dg/torture/pr51344.C -O1 (test for excess errors)
FAIL: g++.dg/torture/pr51344.C -O2 (test for excess errors)
FAIL: g++.dg/torture/pr51344.C -O3 -fomit-frame-pointer (test for excess errors)
FAIL: g++.dg/torture/pr51344.C -O3 -g (test for excess errors)
FAIL: g++.dg/torture/pr51344.C -Os (test for excess errors)
FAIL: g++.dg/torture/pr51344.C -O2 -flto -fno-use-linker-plugin -flto-partition=none (test for excess errors)
FAIL: g++.dg/torture/pr51344.C -O2 -flto -fuse-linker-plugin -fno-fat-lto-objects (test for excess errors)
=== g++ Summary for qemu64eb/-mips16/-mabi=32 ===
# of expected passes 46024
# of unexpected failures 10
# of expected failures 281
# of unsupported tests 669
=== g++ Summary ===
# of expected passes 186741
# of unexpected failures 34
# of expected failures 1124
# of unsupported tests 2667
/export/richards/gcc/HEAD/mips64-linux-gnu/x86_64-unknown-linux-gnu/gcc/testsuite/g++/../../g++ version 4.7.0 20120122 (experimental) (GCC)
=== objc tests ===
Running target qemu64eb/-mabi=32
=== objc Summary for qemu64eb/-mabi=32 ===
# of expected passes 2994
# of unsupported tests 74
Running target qemu64eb/-mabi=64
=== objc Summary for qemu64eb/-mabi=64 ===
# of expected passes 2994
# of unsupported tests 74
Running target qemu64eb/-mabi=n32
=== objc Summary for qemu64eb/-mabi=n32 ===
# of expected passes 2994
# of unsupported tests 74
Running target qemu64eb/-mips16/-mabi=32
=== objc Summary for qemu64eb/-mips16/-mabi=32 ===
# of expected passes 2994
# of unsupported tests 74
=== objc Summary ===
# of expected passes 11976
# of unsupported tests 296
/export/richards/gcc/HEAD/mips64-linux-gnu/x86_64-unknown-linux-gnu/gcc/xgcc version 4.7.0 20120122 (experimental) (GCC)
Host is mips64-unknown-linux-gnu
=== libgomp tests ===
Running target qemu64eb/-mips16/-mabi=32
FAIL: libgomp.fortran/vla8.f90 -O3 -fomit-frame-pointer (test for excess errors)
WARNING: libgomp.fortran/vla8.f90 -O3 -fomit-frame-pointer compilation failed to produce executable
FAIL: libgomp.fortran/vla8.f90 -O3 -g (test for excess errors)
WARNING: libgomp.fortran/vla8.f90 -O3 -g compilation failed to produce executable
=== libgomp Summary for qemu64eb/-mips16/-mabi=32 ===
# of expected passes 2942
# of unexpected failures 2
# of unsupported tests 1
Running target qemu64eb/-mabi=n32
=== libgomp Summary for qemu64eb/-mabi=n32 ===
# of expected passes 2946
# of unsupported tests 1
Running target qemu64eb/-mabi=32
=== libgomp Summary for qemu64eb/-mabi=32 ===
# of expected passes 2946
# of unsupported tests 1
Running target qemu64eb/-mabi=64
=== libgomp Summary for qemu64eb/-mabi=64 ===
# of expected passes 2946
# of unsupported tests 1
=== libgomp Summary ===
# of expected passes 11780
# of unexpected failures 2
# of unsupported tests 4
=== libstdc++ tests ===
Running target qemu64eb/-mabi=32
FAIL: libstdc++-abi/abi_check
=== libstdc++ Summary for qemu64eb/-mabi=32 ===
# of expected passes 7754
# of unexpected failures 1
# of expected failures 44
# of unsupported tests 548
Running target qemu64eb/-mabi=64
FAIL: libstdc++-abi/abi_check
=== libstdc++ Summary for qemu64eb/-mabi=64 ===
# of expected passes 7920
# of unexpected failures 1
# of expected failures 44
# of unsupported tests 498
Running target qemu64eb/-mabi=n32
FAIL: libstdc++-abi/abi_check
FAIL: ext/vstring/requirements/exception/basic.cc execution test
WARNING: program timed out.
=== libstdc++ Summary for qemu64eb/-mabi=n32 ===
# of expected passes 7919
# of unexpected failures 2
# of expected failures 44
# of unsupported tests 498
Running target qemu64eb/-mips16/-mabi=32
FAIL: libstdc++-abi/abi_check
=== libstdc++ Summary for qemu64eb/-mips16/-mabi=32 ===
# of expected passes 7754
# of unexpected failures 1
# of expected failures 44
# of unsupported tests 548
=== libstdc++ Summary ===
# of expected passes 31347
# of unexpected failures 5
# of expected failures 176
# of unsupported tests 2092
Compiler version: 4.7.0 20120122 (experimental) (GCC)
Platform: mips64-unknown-linux-gnu
configure flags: --enable-werror-always --enable-languages=c,c++,objc,fortran --with-arch=mips64