This is the mail archive of the
gcc-testresults@gcc.gnu.org
mailing list for the GCC project.
Results for 4.7.0 20120106 (experimental) [trunk revision 182954] (GCC) testsuite on i386-pc-solaris2.8
- From: <ro at smtp-relay dot CeBiTec dot Uni-Bielefeld dot DE>
- To: gcc-testresults at gcc dot gnu dot org
- Date: Mon, 9 Jan 2012 11:42:36 +0100 (MET)
- Subject: Results for 4.7.0 20120106 (experimental) [trunk revision 182954] (GCC) testsuite on i386-pc-solaris2.8
LAST_UPDATED: Fri Jan 6 15:14:12 UTC 2012 (revision 182954)
=== acats tests ===
FAIL: c960001
=== acats Summary ===
# of expected passes 2320
# of unexpected failures 1
Native configuration is i386-pc-solaris2.8
=== g++ tests ===
Running target unix
=== g++ Summary ===
# of expected passes 46689
# of expected failures 292
# of unsupported tests 394
/var/gcc/regression/trunk/8-gcc-gas/build/gcc/testsuite/g++/../../g++ version 4.7.0 20120106 (experimental) [trunk revision 182954] (GCC)
=== gcc tests ===
Running target unix
FAIL: gcc.dg/lto/20090210 c_lto_20090210_0.o-c_lto_20090210_1.o execute -O2 -flto -flto-partition=none
FAIL: gcc.dg/lto/20090210 c_lto_20090210_0.o-c_lto_20090210_1.o execute -O2 -flto -flto-partition=1to1
FAIL: gcc.dg/lto/20090210 c_lto_20090210_0.o-c_lto_20090210_1.o execute -O2 -flto
FAIL: gcc.dg/lto/trans-mem-1 c_lto_trans-mem-1_0.o-c_lto_trans-mem-1_1.o link, -flto -fgnu-tm
UNRESOLVED: gcc.dg/lto/trans-mem-1 c_lto_trans-mem-1_0.o-c_lto_trans-mem-1_1.o execute -flto -fgnu-tm
FAIL: gcc.dg/lto/trans-mem-2 c_lto_trans-mem-2_0.o-c_lto_trans-mem-2_1.o link, -flto -fgnu-tm
UNRESOLVED: gcc.dg/lto/trans-mem-2 c_lto_trans-mem-2_0.o-c_lto_trans-mem-2_1.o execute -flto -fgnu-tm
FAIL: gcc.dg/torture/tls/run-ld.c -O1 execution test
FAIL: gcc.dg/torture/tls/run-ld.c -O2 execution test
FAIL: gcc.dg/torture/tls/run-ld.c -O3 -fomit-frame-pointer execution test
FAIL: gcc.dg/torture/tls/run-ld.c -O3 -g execution test
FAIL: gcc.dg/torture/tls/run-ld.c -Os execution test
FAIL: gcc.dg/torture/tls/run-ld.c -O1 -fpic execution test
FAIL: gcc.dg/torture/tls/run-ld.c -O2 -fpic execution test
FAIL: gcc.dg/torture/tls/run-ld.c -O3 -fomit-frame-pointer -fpic execution test
FAIL: gcc.dg/torture/tls/run-ld.c -O3 -g -fpic execution test
FAIL: gcc.dg/torture/tls/run-ld.c -Os -fpic execution test
FAIL: gcc.dg/torture/tls/run-ld.c -O1 -fPIC execution test
FAIL: gcc.dg/torture/tls/run-ld.c -O2 -fPIC execution test
FAIL: gcc.dg/torture/tls/run-ld.c -O3 -fomit-frame-pointer -fPIC execution test
FAIL: gcc.dg/torture/tls/run-ld.c -O3 -g -fPIC execution test
FAIL: gcc.dg/torture/tls/run-ld.c -Os -fPIC execution test
FAIL: gcc.dg/torture/tls/run-ld.c -O2 -flto -flto-partition=none execution test
FAIL: gcc.dg/torture/tls/run-ld.c -O2 -flto execution test
FAIL: gcc.dg/torture/tls/thr-init-2.c -O2 -fpic execution test
FAIL: gcc.dg/torture/tls/thr-init-2.c -O3 -fomit-frame-pointer -fpic execution test
FAIL: gcc.dg/torture/tls/thr-init-2.c -O3 -g -fpic execution test
FAIL: gcc.dg/torture/tls/thr-init-2.c -O2 -fPIC execution test
FAIL: gcc.dg/torture/tls/thr-init-2.c -O3 -fomit-frame-pointer -fPIC execution test
FAIL: gcc.dg/torture/tls/thr-init-2.c -O3 -g -fPIC execution test
XPASS: gcc.dg/vect/vect-multitypes-1.c scan-tree-dump-times vect "Alignment of access forced using peeling" 2
XPASS: gcc.dg/vect/vect-multitypes-1.c scan-tree-dump-times vect "Vectorizing an unaligned access" 4
XPASS: gcc.dg/vect/vect-peel-3.c scan-tree-dump-times vect "Vectorizing an unaligned access" 1
XPASS: gcc.dg/vect/vect-peel-3.c scan-tree-dump-times vect "Alignment of access forced using peeling" 1
XPASS: gcc.dg/vect/vect-multitypes-1.c -flto scan-tree-dump-times vect "Alignment of access forced using peeling" 2
XPASS: gcc.dg/vect/vect-multitypes-1.c -flto scan-tree-dump-times vect "Vectorizing an unaligned access" 4
XPASS: gcc.dg/vect/vect-peel-3.c -flto scan-tree-dump-times vect "Vectorizing an unaligned access" 1
XPASS: gcc.dg/vect/vect-peel-3.c -flto scan-tree-dump-times vect "Alignment of access forced using peeling" 1
XPASS: gcc.dg/vect/no-section-anchors-vect-69.c scan-tree-dump-times vect "Alignment of access forced using peeling" 2
=== gcc Summary ===
# of expected passes 81704
# of unexpected failures 28
# of unexpected successes 9
# of expected failures 265
# of unresolved testcases 2
# of unsupported tests 1257
/var/gcc/regression/trunk/8-gcc-gas/build/gcc/xgcc version 4.7.0 20120106 (experimental) [trunk revision 182954] (GCC)
=== gfortran tests ===
Running target unix
=== gfortran Summary ===
# of expected passes 39446
# of expected failures 53
# of unsupported tests 364
/var/gcc/regression/trunk/8-gcc-gas/build/gcc/testsuite/gfortran/../../gfortran version 4.7.0 20120106 (experimental) [trunk revision 182954] (GCC)
=== gnat tests ===
Running target unix
=== gnat Summary ===
# of expected passes 1054
# of expected failures 12
# of unsupported tests 6
/var/gcc/regression/trunk/8-gcc-gas/build/gcc/gnatmake version 4.7.0 20120106 (experimental) [trunk revision 182954]
=== go tests ===
Running target unix
FAIL: go.test/test/chan/select2.go execution, -O2 -g
FAIL: go.test/test/fixedbugs/bug273.go execution, -O2 -g
=== go Summary ===
# of expected passes 3129
# of unexpected failures 2
# of expected failures 22
# of untested testcases 2
# of unsupported tests 4
/var/gcc/regression/trunk/8-gcc-gas/build/gcc/testsuite/go/../../gccgo version 4.7.0 20120106 (experimental) [trunk revision 182954] (GCC)
=== obj-c++ tests ===
Running target unix
=== obj-c++ Summary ===
# of expected passes 1450
# of expected failures 2
# of unsupported tests 86
/var/gcc/regression/trunk/8-gcc-gas/build/gcc/testsuite/obj-c++/../../g++ version 4.7.0 20120106 (experimental) [trunk revision 182954] (GCC)
=== objc tests ===
Running target unix
=== objc Summary ===
# of expected passes 2988
# of expected failures 6
# of unsupported tests 74
/var/gcc/regression/trunk/8-gcc-gas/build/gcc/xgcc version 4.7.0 20120106 (experimental) [trunk revision 182954] (GCC)
=== boehm-gc tests ===
Running target unix
=== boehm-gc Summary ===
# of expected passes 12
# of unsupported tests 1
=== libffi tests ===
Running target unix
=== libffi Summary ===
# of expected passes 1634
# of expected failures 10
# of unsupported tests 15
=== libgo tests ===
Running target unix
FAIL: time
FAIL: crypto/rand
FAIL: exp/ssh
FAIL: net/http
=== libgo Summary ===
# of expected passes 134
# of unexpected failures 4
=== libgomp tests ===
Running target unix
=== libgomp Summary ===
# of expected passes 2988
# of unsupported tests 3
=== libitm tests ===
Running target unix
FAIL: libitm.c/memcpy-1.c execution test
FAIL: libitm.c/memset-1.c execution test
FAIL: libitm.c++/eh-1.C execution test
WARNING: libitm.c++/static_ctor.C compilation failed to produce executable
=== libitm Summary ===
# of expected passes 21
# of unexpected failures 3
# of expected failures 4
=== libjava tests ===
Running target unix
FAIL: PR16923 run
FAIL: Divide_1 output - source compiled test
FAIL: Divide_1 -findirect-dispatch output - source compiled test
FAIL: Divide_1 -O3 output - source compiled test
FAIL: Divide_1 -O3 -findirect-dispatch output - source compiled test
=== libjava Summary ===
# of expected passes 2569
# of unexpected failures 5
# of untested testcases 1
=== libstdc++ tests ===
Running target unix
=== libstdc++ Summary ===
# of expected passes 7588
# of expected failures 45
# of unsupported tests 637
Compiler version: 4.7.0 20120106 (experimental) [trunk revision 182954] (GCC)
Platform: i386-pc-solaris2.8
configure flags: --prefix=/vol/gcc --target=i386-pc-solaris2.8 --enable-obsolete --enable-objc-gc --with-host-libstdcxx='-L/vol/gcc-4.4/lib -Wl,-Bstatic -lstdc++ -Wl,-Bdynamic -lm' --with-boot-ldflags='-static-libstdc++ -static-libgcc -L/vol/gcc-4.4/lib' --with-as=/vol/gcc/bin/gas-2.22 --with-gnu-as --with-gmp-include=/vol/gcc/include --with-gmp-lib=/vol/gcc/lib --with-mpfr-include=/vol/gcc/include --with-mpfr-lib=/vol/gcc/lib --with-mpc-include=/vol/gcc/include --with-mpc-lib=/vol/gcc/lib --enable-languages=all,ada,obj-c++,go --with-ppl-include=/vol/gcc/include --with-ppl-lib=/vol/gcc/lib --with-cloog-include=/vol/gcc/include --with-cloog-lib=/vol/gcc/lib --enable-cloog-backend=ppl
BOOT_CFLAGS=-g -O2