This is the mail archive of the gcc-testresults@gcc.gnu.org mailing list for the GCC project.


Index Nav: [Date Index] [Subject Index] [Author Index] [Thread Index]
Message Nav: [Date Prev] [Date Next] [Thread Prev] [Thread Next]
Other format: [Raw text]

Results for 4.6.2 (GCC) testsuite on sparc-sun-solaris2.10


LAST_UPDATED: Obtained from SVN: tags/gcc_4_6_2_release revision 180516

Native configuration is sparc-sun-solaris2.10

                === g++ tests ===


Running target unix
FAIL: g++.dg/ext/visibility/fvisibility-inlines-hidden-2.C scan-not-hidden
FAIL: g++.dg/ext/visibility/fvisibility-inlines-hidden-3.C scan-not-hidden
FAIL: g++.dg/ext/visibility/fvisibility-inlines-hidden-3.C scan-not-hidden
FAIL: g++.dg/ext/visibility/fvisibility-override1.C scan-not-hidden
FAIL: g++.dg/ext/visibility/fvisibility-override2.C scan-not-hidden
FAIL: g++.dg/ext/visibility/guard1.C scan-not-hidden
FAIL: g++.dg/ext/visibility/ms-compat-1.C scan-not-hidden
FAIL: g++.dg/ext/visibility/ms-compat-1.C scan-not-hidden
FAIL: g++.dg/ext/visibility/ms-compat-1.C scan-not-hidden
FAIL: g++.dg/ext/visibility/namespace1.C scan-not-hidden
FAIL: g++.dg/ext/visibility/new1.C scan-not-hidden
FAIL: g++.dg/ext/visibility/template1.C scan-not-hidden
FAIL: g++.dg/ext/visibility/template1.C scan-not-hidden
FAIL: g++.dg/ext/visibility/template2.C scan-not-hidden
FAIL: g++.dg/ext/visibility/template2.C scan-not-hidden
FAIL: g++.dg/ext/visibility/template3.C scan-not-hidden
FAIL: g++.dg/ext/visibility/template3.C scan-not-hidden
FAIL: g++.dg/ext/visibility/template4.C scan-not-hidden
FAIL: g++.dg/ext/visibility/template4.C scan-not-hidden
FAIL: g++.dg/ext/visibility/template4.C scan-not-hidden
FAIL: g++.dg/ext/visibility/template4.C scan-not-hidden
FAIL: g++.dg/ext/visibility/template6.C scan-not-hidden
FAIL: g++.dg/ext/visibility/typeinfo1.C scan-not-hidden
FAIL: g++.dg/ext/visibility/typeinfo1.C scan-not-hidden
FAIL: g++.dg/ext/visibility/typeinfo2.C scan-not-hidden
FAIL: g++.dg/ext/visibility/typeinfo3.C scan-not-hidden
FAIL: g++.dg/ext/visibility/typeinfo3.C scan-not-hidden
FAIL: g++.dg/ext/visibility/warn3.C scan-not-hidden
XPASS: g++.dg/uninit-pred-3_b.C (test for excess errors)
FAIL: g++.dg/lto/20091219 cp_lto_20091219_0.o-cp_lto_20091219_0.o
link, -O3 -flto
UNRESOLVED: g++.dg/lto/20091219
cp_lto_20091219_0.o-cp_lto_20091219_0.o execute -O3 -flto
FAIL: g++.old-deja/g++.mike/visibility-1.C scan-not-hidden

                === g++ Summary ===

# of expected passes            26477
# of unexpected failures        30
# of unexpected successes       1
# of expected failures          168
# of unresolved testcases       1
# of unsupported tests          433
/home/build/code/gcc-4.6.2/objdir/gcc/testsuite/g++/../../g++  version
4.6.2 (GCC)

                === gcc tests ===


Running target unix
FAIL: gcc.dg/visibility-d.c scan-not-hidden
FAIL: gcc.dg/visibility-d.c scan-not-hidden
FAIL: gcc.dg/visibility-d.c scan-not-hidden
FAIL: gcc.dg/visibility-d.c scan-not-hidden
FAIL: gcc.dg/visibility-d.c scan-not-hidden
FAIL: gcc.dg/visibility-d.c scan-not-hidden
FAIL: gcc.dg/visibility-d.c scan-not-hidden
FAIL: gcc.dg/visibility-d.c scan-not-hidden
FAIL: gcc.dg/visibility-d.c scan-not-hidden
FAIL: gcc.dg/visibility-d.c scan-not-hidden
FAIL: gcc.dg/visibility-d.c scan-not-hidden
FAIL: gcc.dg/visibility-d.c scan-not-hidden
FAIL: gcc.dg/visibility-d.c scan-not-hidden
FAIL: gcc.dg/visibility-d.c scan-not-hidden
FAIL: gcc.dg/visibility-d.c scan-not-hidden
FAIL: gcc.dg/visibility-d.c scan-not-hidden
FAIL: gcc.dg/visibility-d.c scan-not-hidden
FAIL: gcc.dg/visibility-d.c scan-not-hidden
FAIL: gcc.dg/visibility-d.c scan-not-hidden
FAIL: gcc.dg/visibility-d.c scan-not-hidden
FAIL: gcc.dg/visibility-d.c scan-not-hidden
FAIL: gcc.dg/visibility-d.c scan-not-hidden
FAIL: gcc.dg/visibility-d.c scan-not-hidden
FAIL: gcc.dg/visibility-d.c scan-not-hidden
FAIL: gcc.dg/visibility-d.c scan-not-hidden
FAIL: gcc.dg/visibility-d.c scan-not-hidden
FAIL: gcc.dg/visibility-d.c scan-not-hidden
FAIL: gcc.dg/visibility-d.c scan-not-hidden
FAIL: gcc.dg/visibility-d.c scan-not-hidden
FAIL: gcc.dg/visibility-d.c scan-not-hidden
FAIL: gcc.dg/lto/20110201-1 c_lto_20110201-1_0.o-c_lto_20110201-1_0.o
link,  -O0 -flto
UNRESOLVED: gcc.dg/lto/20110201-1
c_lto_20110201-1_0.o-c_lto_20110201-1_0.o execute  -O0 -flto

                === gcc Summary ===

# of expected passes            70144
# of unexpected failures        31
# of expected failures          236
# of unresolved testcases       1
# of unsupported tests          1176
/home/build/code/gcc-4.6.2/objdir/gcc/xgcc  version 4.6.2 (GCC)

                === gfortran tests ===


Running target unix

                === gfortran Summary ===

# of expected passes            38549
# of expected failures          43
# of unsupported tests          266
/home/build/code/gcc-4.6.2/objdir/gcc/testsuite/gfortran/../../gfortran
 version 4.6.2 (GCC)

                === objc tests ===


Running target unix

                === objc Summary ===

# of expected passes            2916
# of expected failures          10
# of unsupported tests          74
/home/build/code/gcc-4.6.2/objdir/gcc/xgcc  version 4.6.2 (GCC)

                === libffi tests ===


Running target unix

                === libffi Summary ===

# of expected passes            1634
# of expected failures          10
# of unsupported tests          15
                === libgomp tests ===


Running target unix

                === libgomp Summary ===

# of expected passes            2612
# of unsupported tests          10
                === libjava tests ===


Running target unix

                === libjava Summary ===

# of expected passes            2574
                === libstdc++ tests ===


Running target unix

                === libstdc++ Summary ===

# of expected passes            7299
# of expected failures          82
# of unsupported tests          513

Compiler version: 4.6.2 (GCC)
Platform: sparc-sun-solaris2.10
configure flags: --prefix=/home/build/gcc --with-gmp=/home/build/gcc
--with-mpfr=/home/build/gcc --with-mpc=/home/build/gcc
--with-as=/usr/ccs/bin/as --without-gnu-as --with-ld=/usr/ccs/bin/ld
--without-gnu-ld --enable-bootstrap --disable-nls


Index Nav: [Date Index] [Subject Index] [Author Index] [Thread Index]
Message Nav: [Date Prev] [Date Next] [Thread Prev] [Thread Next]