This is the mail archive of the
gcc-testresults@gcc.gnu.org
mailing list for the GCC project.
Results for 4.7.0 20111125 (experimental) [trunk revision 181724] (GCC) testsuite on i386-pc-solaris2.11
- From: Rainer Orth <ro at CeBiTec dot Uni-Bielefeld dot DE>
- To: gcc-testresults at gcc dot gnu dot org
- Date: Mon, 28 Nov 2011 13:12:22 +0100 (MET)
- Subject: Results for 4.7.0 20111125 (experimental) [trunk revision 181724] (GCC) testsuite on i386-pc-solaris2.11
LAST_UPDATED: Fri Nov 25 16:01:36 UTC 2011 (revision 181724)
=== acats tests ===
=== acats Summary ===
# of expected passes 2321
# of unexpected failures 0
Native configuration is i386-pc-solaris2.11
=== g++ tests ===
Running target unix
FAIL: g++.dg/lto/20100302 cp_lto_20100302_0.o-cp_lto_20100302_1.o link, -flto -fabi-version=2
UNRESOLVED: g++.dg/lto/20100302 cp_lto_20100302_0.o-cp_lto_20100302_1.o execute -flto -fabi-version=2
FAIL: g++.dg/lto/20101020-1 cp_lto_20101020-1_0.o-cp_lto_20101020-1_1.o link, -O2 -flto -flto-partition=none (internal compiler error)
UNRESOLVED: g++.dg/lto/20101020-1 cp_lto_20101020-1_0.o-cp_lto_20101020-1_1.o execute -O2 -flto -flto-partition=none
=== g++ Summary for unix ===
# of expected passes 46083
# of unexpected failures 2
# of expected failures 284
# of unresolved testcases 2
# of unsupported tests 369
Running target unix/-m64
FAIL: g++.dg/lto/20100302 cp_lto_20100302_0.o-cp_lto_20100302_1.o link, -flto -fabi-version=2
UNRESOLVED: g++.dg/lto/20100302 cp_lto_20100302_0.o-cp_lto_20100302_1.o execute -flto -fabi-version=2
FAIL: g++.dg/lto/20101020-1 cp_lto_20101020-1_0.o-cp_lto_20101020-1_1.o link, -O2 -flto -flto-partition=none (internal compiler error)
UNRESOLVED: g++.dg/lto/20101020-1 cp_lto_20101020-1_0.o-cp_lto_20101020-1_1.o execute -O2 -flto -flto-partition=none
=== g++ Summary for unix/-m64 ===
# of expected passes 46836
# of unexpected failures 2
# of expected failures 284
# of unresolved testcases 2
# of unsupported tests 639
=== g++ Summary ===
# of expected passes 92919
# of unexpected failures 4
# of expected failures 568
# of unresolved testcases 4
# of unsupported tests 1008
/var/gcc/regression/trunk/11-gcc-gas/build/gcc/testsuite/g++/../../g++ version 4.7.0 20111125 (experimental) [trunk revision 181724] (GCC)
=== gcc tests ===
Running target unix
FAIL: gcc.c-torture/execute/920501-1.c compilation, -O2 -flto -flto-partition=none (internal compiler error)
UNRESOLVED: gcc.c-torture/execute/920501-1.c execution, -O2 -flto -flto-partition=none
FAIL: gcc.dg/lto/trans-mem-1 c_lto_trans-mem-1_0.o-c_lto_trans-mem-1_1.o execute -flto -fgnu-tm
FAIL: gcc.dg/lto/trans-mem-2 c_lto_trans-mem-2_0.o-c_lto_trans-mem-2_1.o execute -flto -fgnu-tm
FAIL: gcc.dg/tree-ssa/vrp47.c scan-tree-dump-times dom1 "x[^ ]* & y" 1
=== gcc Summary for unix ===
# of expected passes 82223
# of unexpected failures 4
# of expected failures 251
# of unresolved testcases 1
# of unsupported tests 1039
Running target unix/-m64
FAIL: gcc.c-torture/execute/920501-1.c compilation, -O2 -flto -flto-partition=none (internal compiler error)
UNRESOLVED: gcc.c-torture/execute/920501-1.c execution, -O2 -flto -flto-partition=none
FAIL: gcc.dg/tree-prof/bb-reorg.c execution, -fprofile-use -D_PROFILE_USE
FAIL: gcc.dg/tree-ssa/vrp47.c scan-tree-dump-times dom1 "x[^ ]* & y" 1
=== gcc Summary for unix/-m64 ===
# of expected passes 82436
# of unexpected failures 3
# of expected failures 251
# of unresolved testcases 1
# of unsupported tests 1454
=== gcc Summary ===
# of expected passes 164659
# of unexpected failures 7
# of expected failures 502
# of unresolved testcases 2
# of unsupported tests 2493
/var/gcc/regression/trunk/11-gcc-gas/build/gcc/xgcc version 4.7.0 20111125 (experimental) [trunk revision 181724] (GCC)
=== gfortran tests ===
Running target unix
=== gfortran Summary for unix ===
# of expected passes 39853
# of expected failures 53
# of unsupported tests 228
Running target unix/-m64
FAIL: gfortran.fortran-torture/execute/entry_4.f90 execution, -O2
FAIL: gfortran.fortran-torture/execute/entry_4.f90 execution, -O2 -fomit-frame-pointer -finline-functions
FAIL: gfortran.fortran-torture/execute/entry_4.f90 execution, -O2 -fomit-frame-pointer -finline-functions -funroll-loops
FAIL: gfortran.fortran-torture/execute/entry_4.f90 execution, -O2 -fbounds-check
FAIL: gfortran.fortran-torture/execute/entry_4.f90 execution, -O3 -g
FAIL: gfortran.fortran-torture/execute/entry_4.f90 execution, -O2 -ftree-vectorize -msse2
=== gfortran Summary for unix/-m64 ===
# of expected passes 40142
# of unexpected failures 6
# of expected failures 53
# of unsupported tests 90
=== gfortran Summary ===
# of expected passes 79995
# of unexpected failures 6
# of expected failures 106
# of unsupported tests 318
/var/gcc/regression/trunk/11-gcc-gas/build/gcc/testsuite/gfortran/../../gfortran version 4.7.0 20111125 (experimental) [trunk revision 181724] (GCC)
=== gnat tests ===
Running target unix
=== gnat Summary for unix ===
# of expected passes 1054
# of expected failures 11
# of unsupported tests 5
Running target unix/-m64
=== gnat Summary for unix/-m64 ===
# of expected passes 1054
# of expected failures 11
# of unsupported tests 5
=== gnat Summary ===
# of expected passes 2108
# of expected failures 22
# of unsupported tests 10
/var/gcc/regression/trunk/11-gcc-gas/build/gcc/gnatmake version 4.7.0 20111125 (experimental) [trunk revision 181724]
=== go tests ===
Running target unix
FAIL: ./select5-out.go compilation, -O2 -g
FAIL: go.test/test/fixedbugs/bug273.go execution, -O2 -g
WARNING: program timed out.
=== go Summary for unix ===
# of expected passes 3153
# of unexpected failures 2
# of expected failures 22
# of untested testcases 3
# of unsupported tests 4
Running target unix/-m64
FAIL: go.test/test/chan/select2.go execution, -O2 -g
=== go Summary for unix/-m64 ===
# of expected passes 3155
# of unexpected failures 1
# of expected failures 22
# of untested testcases 2
# of unsupported tests 4
=== go Summary ===
# of expected passes 6308
# of unexpected failures 3
# of expected failures 44
# of untested testcases 5
# of unsupported tests 8
/var/gcc/regression/trunk/11-gcc-gas/build/gcc/testsuite/go/../../gccgo version 4.7.0 20111125 (experimental) [trunk revision 181724] (GCC)
=== obj-c++ tests ===
Running target unix
FAIL: obj-c++.dg/naming-3.mm -fgnu-runtime (test for errors, line 6)
FAIL: obj-c++.dg/naming-4.mm -fgnu-runtime (test for errors, line 31)
FAIL: obj-c++.dg/naming-4.mm -fgnu-runtime (test for warnings, line 63)
FAIL: obj-c++.dg/naming-4.mm -fgnu-runtime (test for warnings, line 100)
=== obj-c++ Summary for unix ===
# of expected passes 1446
# of unexpected failures 4
# of expected failures 2
# of unsupported tests 86
Running target unix/-m64
FAIL: obj-c++.dg/naming-3.mm -fgnu-runtime (test for errors, line 6)
FAIL: obj-c++.dg/naming-4.mm -fgnu-runtime (test for errors, line 31)
FAIL: obj-c++.dg/naming-4.mm -fgnu-runtime (test for warnings, line 63)
FAIL: obj-c++.dg/naming-4.mm -fgnu-runtime (test for warnings, line 100)
=== obj-c++ Summary for unix/-m64 ===
# of expected passes 1438
# of unexpected failures 4
# of expected failures 10
# of unsupported tests 86
=== obj-c++ Summary ===
# of expected passes 2884
# of unexpected failures 8
# of expected failures 12
# of unsupported tests 172
/var/gcc/regression/trunk/11-gcc-gas/build/gcc/testsuite/obj-c++/../../g++ version 4.7.0 20111125 (experimental) [trunk revision 181724] (GCC)
=== objc tests ===
Running target unix
=== objc Summary for unix ===
# of expected passes 2988
# of expected failures 6
# of unsupported tests 74
Running target unix/-m64
=== objc Summary for unix/-m64 ===
# of expected passes 2988
# of expected failures 6
# of unsupported tests 74
=== objc Summary ===
# of expected passes 5976
# of expected failures 12
# of unsupported tests 148
/var/gcc/regression/trunk/11-gcc-gas/build/gcc/xgcc version 4.7.0 20111125 (experimental) [trunk revision 181724] (GCC)
=== boehm-gc tests ===
Running target unix
=== boehm-gc Summary for unix ===
# of expected passes 12
# of unsupported tests 1
Running target unix/-m64
=== boehm-gc Summary for unix/-m64 ===
# of expected passes 12
# of unsupported tests 1
=== boehm-gc Summary ===
# of expected passes 24
# of unsupported tests 2
=== libffi tests ===
Running target unix
=== libffi Summary for unix ===
# of expected passes 1634
# of expected failures 10
# of unsupported tests 15
Running target unix/-m64
=== libffi Summary for unix/-m64 ===
# of expected passes 1634
# of expected failures 10
# of unsupported tests 15
=== libffi Summary ===
# of expected passes 3268
# of expected failures 20
# of unsupported tests 30
=== libgo tests ===
Running target unix
=== libgo Summary for unix ===
# of expected passes 135
Running target unix/-m64
=== libgo Summary for unix/-m64 ===
# of expected passes 135
=== libgo Summary ===
# of expected passes 270
/var/gcc/regression/trunk/11-gcc-gas/build/./gcc/gccgo version 4.7.0 20111125 (experimental) [trunk revision 181724] (GCC)
=== libgomp tests ===
Running target unix
FAIL: libgomp.graphite/force-parallel-1.c execution test
FAIL: libgomp.graphite/force-parallel-7.c execution test
=== libgomp Summary for unix ===
# of expected passes 2986
# of unexpected failures 2
# of unsupported tests 3
Running target unix/-m64
FAIL: libgomp.graphite/force-parallel-1.c execution test
FAIL: libgomp.graphite/force-parallel-7.c execution test
=== libgomp Summary for unix/-m64 ===
# of expected passes 2986
# of unexpected failures 2
# of unsupported tests 3
=== libgomp Summary ===
# of expected passes 5972
# of unexpected failures 4
# of unsupported tests 6
=== libitm tests ===
Running target unix
FAIL: libitm.c/memcpy-1.c execution test
FAIL: libitm.c/memset-1.c execution test
WARNING: libitm.c++/static_ctor.C compilation failed to produce executable
=== libitm Summary for unix ===
# of expected passes 21
# of unexpected failures 2
# of expected failures 5
Running target unix/-m64
FAIL: libitm.c++/eh-1.C execution test
WARNING: libitm.c++/static_ctor.C compilation failed to produce executable
=== libitm Summary for unix/-m64 ===
# of expected passes 22
# of unexpected failures 1
# of expected failures 5
=== libitm Summary ===
# of expected passes 43
# of unexpected failures 3
# of expected failures 10
=== libjava tests ===
Running target unix
=== libjava Summary for unix ===
# of expected passes 2574
Running target unix/-m64
=== libjava Summary for unix/-m64 ===
# of expected passes 2574
=== libjava Summary ===
# of expected passes 5148
=== libmudflap tests ===
Running target unix
=== libmudflap Summary for unix ===
# of expected passes 1433
Running target unix/-m64
FAIL: libmudflap.c++/pass55-frag.cxx ( -O) execution test
=== libmudflap Summary for unix/-m64 ===
# of expected passes 1432
# of unexpected failures 1
=== libmudflap Summary ===
# of expected passes 2865
# of unexpected failures 1
=== libstdc++ tests ===
Running target unix
=== libstdc++ Summary for unix ===
# of expected passes 7880
# of expected failures 45
# of unsupported tests 496
Running target unix/-m64
=== libstdc++ Summary for unix/-m64 ===
# of expected passes 7880
# of expected failures 45
# of unsupported tests 496
=== libstdc++ Summary ===
# of expected passes 15760
# of expected failures 90
# of unsupported tests 992
Compiler version: 4.7.0 20111125 (experimental) [trunk revision 181724] (GCC)
Platform: i386-pc-solaris2.11
configure flags: --prefix=/vol/gcc --target=i386-pc-solaris2.11 --enable-objc-gc --enable-libmudflap --with-host-libstdcxx='-L/vol/gcc-4.4/lib -Wl,-Bstatic -lstdc++ -Wl,-Bdynamic -lm' --with-boot-ldflags='-static-libstdc++ -static-libgcc -L/vol/gcc-4.4/lib' --with-as=/vol/gcc/bin/gas-2.22 --with-gnu-as --with-gmp-include=/vol/gcc/include --with-gmp-lib=/vol/gcc/lib --with-mpfr-include=/vol/gcc/include --with-mpfr-lib=/vol/gcc/lib --with-mpc-include=/vol/gcc/include --with-mpc-lib=/vol/gcc/lib --enable-languages=all,ada,obj-c++,go --with-ppl-include=/vol/gcc/include --with-ppl-lib=/vol/gcc/lib --with-cloog-include=/vol/gcc/include --with-cloog-lib=/vol/gcc/lib --enable-cloog-backend=ppl
BOOT_CFLAGS=-g -O2