This is the mail archive of the gcc-testresults@gcc.gnu.org mailing list for the GCC project.


Index Nav: [Date Index] [Subject Index] [Author Index] [Thread Index]
Message Nav: [Date Prev] [Date Next] [Thread Prev] [Thread Next]
Other format: [Raw text]

Results for 4.7.0 20111128 (experimental) (GCC) testsuite on s390-ibm-linux-gnu z196


LAST_UPDATED: Mon Nov 28 01:09:07 UTC 2011 (revision 181770)

Native configuration is s390-ibm-linux-gnu z196

		=== g++ tests ===


Running target unix
FAIL: c-c++-common/dfp/convert-int-max.c -std=gnu++98 (internal compiler error)
FAIL: c-c++-common/dfp/convert-int-max.c -std=gnu++98 (test for excess errors)
WARNING: c-c++-common/dfp/convert-int-max.c -std=gnu++98 compilation failed to produce executable
FAIL: c-c++-common/dfp/convert-int-max.c -std=gnu++11 (internal compiler error)
FAIL: c-c++-common/dfp/convert-int-max.c -std=gnu++11 (test for excess errors)
WARNING: c-c++-common/dfp/convert-int-max.c -std=gnu++11 compilation failed to produce executable
FAIL: c-c++-common/dfp/convert-int.c -std=gnu++98 (internal compiler error)
FAIL: c-c++-common/dfp/convert-int.c -std=gnu++98 (test for excess errors)
WARNING: c-c++-common/dfp/convert-int.c -std=gnu++98 compilation failed to produce executable
FAIL: c-c++-common/dfp/convert-int.c -std=gnu++11 (internal compiler error)
FAIL: c-c++-common/dfp/convert-int.c -std=gnu++11 (test for excess errors)
WARNING: c-c++-common/dfp/convert-int.c -std=gnu++11 compilation failed to produce executable
FAIL: g++.dg/lto/20101020-1 cp_lto_20101020-1_0.o-cp_lto_20101020-1_1.o link, -O2 -flto -flto-partition=none  (internal compiler error)
UNRESOLVED: g++.dg/lto/20101020-1 cp_lto_20101020-1_0.o-cp_lto_20101020-1_1.o execute -O2 -flto -flto-partition=none 

		=== g++ Summary ===

# of expected passes		46078
# of unexpected failures	9
# of expected failures		282
# of unresolved testcases	1
# of unsupported tests		638
-z196/gcc/testsuite/g++/../../g++  version 4.7.0 20111128 (experimental) (GCC) 

		=== gcc tests ===


Running target unix
FAIL: gcc.c-torture/execute/920501-1.c compilation,  -O2 -flto -flto-partition=none  (internal compiler error)
UNRESOLVED: gcc.c-torture/execute/920501-1.c execution,  -O2 -flto -flto-partition=none 
FAIL: c-c++-common/dfp/convert-int-max.c (internal compiler error)
FAIL: c-c++-common/dfp/convert-int-max.c (test for excess errors)
WARNING: c-c++-common/dfp/convert-int-max.c compilation failed to produce executable
FAIL: c-c++-common/dfp/convert-int.c (internal compiler error)
FAIL: c-c++-common/dfp/convert-int.c (test for excess errors)
WARNING: c-c++-common/dfp/convert-int.c compilation failed to produce executable
FAIL: gcc.dg/c99-stdint-1.c (test for excess errors)
FAIL: gcc.dg/lower-subreg-1.c scan-rtl-dump subreg1 "Splitting reg"
FAIL: gcc.dg/pr46309.c scan-tree-dump-times reassoc1 "Optimizing range tests a_[0-9]*.D. -.1, 1. and -.2, 2. and -.3, 3. and -.4, 4.[
FAIL: gcc.dg/pr46309.c scan-tree-dump-times reassoc1 "Optimizing range tests a_[0-9]*.D. -.1, 1. and -.3, 3.[
FAIL: gcc.dg/pr46309.c scan-tree-dump-times reassoc1 "Optimizing range tests a_[0-9]*.D. -.1, 1. and -.2, 2.[
FAIL: gcc.dg/pr46309.c scan-tree-dump-times reassoc1 "Optimizing range tests a_[0-9]*.D. -.0, 31. and -.64, 95.[
FAIL: gcc.dg/pr46309.c scan-tree-dump-times reassoc1 "Optimizing range tests a_[0-9]*.D. -.128, 159. and -.192, 223.[
FAIL: gcc.dg/pr46309.c scan-tree-dump-times reassoc2 "Optimizing range tests D.[0-9]*_[0-9]* -.0, 31. and -.128, 159.[
FAIL: gcc.dg/uninit-13.c unconditional (test for warnings, line 8)
FAIL: gcc.dg/uninit-13.c (test for excess errors)
XPASS: gcc.dg/guality/example.c  -O0  execution test
XPASS: gcc.dg/guality/example.c  -O1  execution test
XPASS: gcc.dg/guality/example.c  -Os  execution test
XPASS: gcc.dg/guality/guality.c  -O0  execution test
XPASS: gcc.dg/guality/guality.c  -O1  execution test
XPASS: gcc.dg/guality/guality.c  -O2  execution test
XPASS: gcc.dg/guality/guality.c  -O3 -fomit-frame-pointer  execution test
XPASS: gcc.dg/guality/guality.c  -O3 -g  execution test
XPASS: gcc.dg/guality/guality.c  -Os  execution test
XPASS: gcc.dg/guality/guality.c  -O2 -flto -flto-partition=none  execution test
XPASS: gcc.dg/guality/guality.c  -O2 -flto  execution test
XPASS: gcc.dg/guality/inline-params.c  -O2  execution test
XPASS: gcc.dg/guality/inline-params.c  -O3 -fomit-frame-pointer  execution test
XPASS: gcc.dg/guality/inline-params.c  -O3 -g  execution test
XPASS: gcc.dg/guality/inline-params.c  -Os  execution test
XPASS: gcc.dg/guality/inline-params.c  -O2 -flto -flto-partition=none  execution test
XPASS: gcc.dg/guality/inline-params.c  -O2 -flto  execution test
XPASS: gcc.dg/guality/pr41353-1.c  -O0  line 28 j == 28 + 37
XPASS: gcc.dg/guality/pr41353-1.c  -O1  line 28 j == 28 + 37
XPASS: gcc.dg/guality/pr41353-1.c  -O2  line 28 j == 28 + 37
XPASS: gcc.dg/guality/pr41353-1.c  -O3 -fomit-frame-pointer  line 28 j == 28 + 37
XPASS: gcc.dg/guality/pr41353-1.c  -O3 -g  line 28 j == 28 + 37
XPASS: gcc.dg/guality/pr41353-1.c  -Os  line 28 j == 28 + 37
XPASS: gcc.dg/guality/pr41353-1.c  -O2 -flto -flto-partition=none  line 28 j == 28 + 37
XPASS: gcc.dg/guality/pr41353-1.c  -O2 -flto  line 28 j == 28 + 37
XPASS: gcc.dg/guality/pr41447-1.c  -O0  execution test
XPASS: gcc.dg/guality/pr41447-1.c  -O1  execution test
XPASS: gcc.dg/guality/pr41447-1.c  -O2  execution test
XPASS: gcc.dg/guality/pr41447-1.c  -O3 -fomit-frame-pointer  execution test
XPASS: gcc.dg/guality/pr41447-1.c  -O3 -g  execution test
XPASS: gcc.dg/guality/pr41447-1.c  -Os  execution test
XPASS: gcc.dg/guality/pr41447-1.c  -O2 -flto -flto-partition=none  execution test
XPASS: gcc.dg/guality/pr41447-1.c  -O2 -flto  execution test
XPASS: gcc.dg/guality/pr41616-1.c  -O0  execution test
XPASS: gcc.dg/guality/pr41616-1.c  -O1  execution test
XPASS: gcc.dg/guality/pr41616-1.c  -O2  execution test
XPASS: gcc.dg/guality/pr41616-1.c  -O3 -fomit-frame-pointer  execution test
XPASS: gcc.dg/guality/pr41616-1.c  -O3 -g  execution test
XPASS: gcc.dg/guality/pr41616-1.c  -Os  execution test
XPASS: gcc.dg/guality/pr41616-1.c  -O2 -flto -flto-partition=none  execution test
XPASS: gcc.dg/guality/pr41616-1.c  -O2 -flto  execution test
FAIL: gcc.dg/guality/vla-1.c  -O2 -flto -flto-partition=none  line 17 sizeof (a) == 6
FAIL: gcc.dg/guality/vla-1.c  -O2 -flto -flto-partition=none  line 24 sizeof (a) == 17 * sizeof (short)
FAIL: gcc.dg/guality/vla-1.c  -O2 -flto  line 17 sizeof (a) == 6
FAIL: gcc.dg/guality/vla-1.c  -O2 -flto  line 24 sizeof (a) == 17 * sizeof (short)
FAIL: gcc.dg/guality/vla-2.c  -O2 -flto -flto-partition=none  line 16 sizeof (a) == 5 * sizeof (int)
FAIL: gcc.dg/guality/vla-2.c  -O2 -flto  line 16 sizeof (a) == 5 * sizeof (int)
FAIL: gcc.dg/lto/trans-mem-1 c_lto_trans-mem-1_0.o-c_lto_trans-mem-1_1.o link, -flto -fgnu-tm
UNRESOLVED: gcc.dg/lto/trans-mem-1 c_lto_trans-mem-1_0.o-c_lto_trans-mem-1_1.o execute -flto -fgnu-tm
FAIL: gcc.dg/lto/trans-mem-2 c_lto_trans-mem-2_0.o-c_lto_trans-mem-2_1.o link, -flto -fgnu-tm
UNRESOLVED: gcc.dg/lto/trans-mem-2 c_lto_trans-mem-2_0.o-c_lto_trans-mem-2_1.o execute -flto -fgnu-tm
XPASS: gcc.dg/tree-ssa/20040204-1.c scan-tree-dump-times optimized "link_error" 0
FAIL: gcc.dg/tree-ssa/ssa-dom-thread-4.c scan-tree-dump-times dom1 "Threaded" 3

		=== gcc Summary ===

# of expected passes		73660
# of unexpected failures	24
# of unexpected successes	42
# of expected failures		122
# of unresolved testcases	3
# of unsupported tests		1412
-z196/gcc/xgcc  version 4.7.0 20111128 (experimental) (GCC) 

		=== gfortran tests ===


Running target unix
FAIL: gfortran.dg/reassoc_4.f  -O  scan-tree-dump-times reassoc1 "[0-9] \\* " 22

		=== gfortran Summary ===

# of expected passes		39163
# of unexpected failures	1
# of expected failures		42
# of unsupported tests		235
-z196/gcc/testsuite/gfortran/../../gfortran  version 4.7.0 20111128 (experimental) (GCC) 

		=== objc tests ===


Running target unix

		=== objc Summary ===

# of expected passes		2994
# of unsupported tests		74
-z196/gcc/xgcc  version 4.7.0 20111128 (experimental) (GCC) 

		=== libgomp tests ===


Running target unix

		=== libgomp Summary ===

# of expected passes		2946
# of unsupported tests		1
		=== libmudflap tests ===


Running target unix
FAIL: libmudflap.c++/pass41-frag.cxx (-static) (test for excess errors)
WARNING: libmudflap.c++/pass41-frag.cxx (-static) compilation failed to produce executable

		=== libmudflap Summary ===

# of expected passes		1892
# of unexpected failures	1
		=== libstdc++ tests ===


Running target unix
FAIL: 23_containers/unordered_multimap/erase/24061-multimap.cc execution test

		=== libstdc++ Summary ===

# of expected passes		8789
# of unexpected failures	1
# of expected failures		45
# of unsupported tests		141

Version: 4.7.0 20111128 (experimental) (GCC) 
Platform: s390-ibm-linux-gnu z196
configure flags: --prefix=/build/build-system/build/20111127/gcc-head/install-s390-z196 --enable-shared --with-system-zlib --enable-threads=posix --enable-__cxa_atexit --enable-checking --enable-languages=c,c++,objc,fortran --with-mode=zarch --with-arch=z196


Index Nav: [Date Index] [Subject Index] [Author Index] [Thread Index]
Message Nav: [Date Prev] [Date Next] [Thread Prev] [Thread Next]