This is the mail archive of the
gcc-testresults@gcc.gnu.org
mailing list for the GCC project.
Results for 4.7.0 20111121 (experimental) [trunk revision 181599] (GCC) testsuite on hppa64-hp-hpux11.11
- From: John David Anglin <dave at hiauly3 dot hia dot nrc dot ca>
- To: dave at hiauly3 dot hia dot nrc dot ca, gcc-testresults at gcc dot gnu dot org
- Date: Thu, 24 Nov 2011 19:41:36 -0500 (EST)
- Subject: Results for 4.7.0 20111121 (experimental) [trunk revision 181599] (GCC) testsuite on hppa64-hp-hpux11.11
Native configuration is hppa64-hp-hpux11.11
=== g++ tests ===
Running target unix
FAIL: g++.dg/cpp0x/alias-decl-debug-0.C (test for excess errors)
WARNING: program timed out.
FAIL: g++.dg/lto/20101020-1 cp_lto_20101020-1_0.o-cp_lto_20101020-1_1.o link, -O2 -flto -flto-partition=none (internal compiler error)
UNRESOLVED: g++.dg/lto/20101020-1 cp_lto_20101020-1_0.o-cp_lto_20101020-1_1.o execute -O2 -flto -flto-partition=none
FAIL: g++.dg/tm/pr45940-3.C -std=gnu++98 (internal compiler error)
FAIL: g++.dg/tm/pr45940-3.C -std=gnu++98 (test for excess errors)
FAIL: g++.dg/tm/pr45940-3.C -std=gnu++11 (internal compiler error)
FAIL: g++.dg/tm/pr45940-3.C -std=gnu++11 (test for excess errors)
=== g++ Summary ===
# of expected passes 43820
# of unexpected failures 6
# of expected failures 286
# of unresolved testcases 1
# of unsupported tests 851
/test/gnu/gcc/objdir/gcc/testsuite/g++/../../g++ version 4.7.0 20111121 (experimental) [trunk revision 181599] (GCC)
=== gcc tests ===
Running target unix
FAIL: gcc.c-torture/execute/920501-1.c compilation, -O2 -flto -flto-partition=none (internal compiler error)
UNRESOLVED: gcc.c-torture/execute/920501-1.c execution, -O2 -flto -flto-partition=none
WARNING: program timed out.
XPASS: gcc.dg/ipa/inline-5.c scan-ipa-dump-times inline "Will be eliminated" 4
FAIL: gcc.dg/lto/20090116 c_lto_20090116_0.o-c_lto_20090116_0.o link, -O1 -flto -flto-partition=1to1 -fPIC (internal compiler error)
UNRESOLVED: gcc.dg/lto/20090116 c_lto_20090116_0.o-c_lto_20090116_0.o execute -O1 -flto -flto-partition=1to1 -fPIC
FAIL: gcc.dg/tree-ssa/vrp47.c scan-tree-dump-times dom1 "x[^ ]* & y" 1
=== gcc Summary ===
# of expected passes 69348
# of unexpected failures 3
# of unexpected successes 1
# of expected failures 127
# of unresolved testcases 2
# of unsupported tests 1496
/test/gnu/gcc/objdir/gcc/xgcc version 4.7.0 20111121 (experimental) [trunk revision 181599] (GCC)
=== gfortran tests ===
Running target unix
FAIL: gfortran.dg/quad_2.f90 -O0 (test for excess errors)
WARNING: gfortran.dg/quad_2.f90 -O0 compilation failed to produce executable
FAIL: gfortran.dg/quad_2.f90 -O1 (test for excess errors)
WARNING: gfortran.dg/quad_2.f90 -O1 compilation failed to produce executable
FAIL: gfortran.dg/quad_2.f90 -O2 (test for excess errors)
WARNING: gfortran.dg/quad_2.f90 -O2 compilation failed to produce executable
FAIL: gfortran.dg/quad_2.f90 -O3 -fomit-frame-pointer (test for excess errors)
WARNING: gfortran.dg/quad_2.f90 -O3 -fomit-frame-pointer compilation failed to produce executable
FAIL: gfortran.dg/quad_2.f90 -O3 -fomit-frame-pointer -funroll-loops (test for excess errors)
WARNING: gfortran.dg/quad_2.f90 -O3 -fomit-frame-pointer -funroll-loops compilation failed to produce executable
FAIL: gfortran.dg/quad_2.f90 -O3 -fomit-frame-pointer -funroll-all-loops -finline-functions (test for excess errors)
WARNING: gfortran.dg/quad_2.f90 -O3 -fomit-frame-pointer -funroll-all-loops -finline-functions compilation failed to produce executable
FAIL: gfortran.dg/quad_2.f90 -O3 -g (test for excess errors)
WARNING: gfortran.dg/quad_2.f90 -O3 -g compilation failed to produce executable
FAIL: gfortran.dg/quad_2.f90 -Os (test for excess errors)
WARNING: gfortran.dg/quad_2.f90 -Os compilation failed to produce executable
FAIL: gfortran.fortran-torture/execute/entry_4.f90 execution, -O2
FAIL: gfortran.fortran-torture/execute/entry_4.f90 execution, -O2 -fomit-frame-pointer -finline-functions
FAIL: gfortran.fortran-torture/execute/entry_4.f90 execution, -O2 -fomit-frame-pointer -finline-functions -funroll-loops
FAIL: gfortran.fortran-torture/execute/entry_4.f90 execution, -O2 -fbounds-check
FAIL: gfortran.fortran-torture/execute/entry_4.f90 execution, -O3 -g
=== gfortran Summary ===
# of expected passes 38735
# of unexpected failures 13
# of expected failures 42
# of unsupported tests 364
/test/gnu/gcc/objdir/gcc/testsuite/gfortran/../../gfortran version 4.7.0 20111121 (experimental) [trunk revision 181599] (GCC)
=== obj-c++ tests ===
Running target unix
FAIL: obj-c++.dg/naming-3.mm -fgnu-runtime (test for errors, line 6)
FAIL: obj-c++.dg/naming-4.mm -fgnu-runtime (test for errors, line 31)
FAIL: obj-c++.dg/naming-4.mm -fgnu-runtime (test for warnings, line 63)
FAIL: obj-c++.dg/naming-4.mm -fgnu-runtime (test for warnings, line 100)
=== obj-c++ Summary ===
# of expected passes 1438
# of unexpected failures 4
# of expected failures 10
# of unsupported tests 86
/test/gnu/gcc/objdir/gcc/testsuite/obj-c++/../../g++ version 4.7.0 20111121 (experimental) [trunk revision 181599] (GCC)
=== objc tests ===
Running target unix
=== objc Summary ===
# of expected passes 2992
# of unsupported tests 75
/test/gnu/gcc/objdir/gcc/xgcc version 4.7.0 20111121 (experimental) [trunk revision 181599] (GCC)
=== libgomp tests ===
Running target unix
=== libgomp Summary ===
# of expected passes 2928
# of unsupported tests 10
=== libstdc++ tests ===
Running target unix
=== libstdc++ Summary ===
# of expected passes 7243
# of expected failures 45
# of unsupported tests 783
Compiler version: 4.7.0 20111121 (experimental) [trunk revision 181599] (GCC)
Platform: hppa64-hp-hpux11.11
configure flags:Test Run By dave on Wed Nov 23 10:37:02 2011