This is the mail archive of the
gcc-testresults@gcc.gnu.org
mailing list for the GCC project.
Results for 4.7.0 20111114 (experimental) [trunk revision 181369] (GCC) testsuite on armv5tejl-unknown-linux-gnueabi
- From: dave at hiauly1 dot hia dot nrc dot ca (John David Anglin)
- To: dave at hiauly1 dot hia dot nrc dot ca, gcc-testresults at gcc dot gnu dot org
- Date: Thu, 17 Nov 2011 09:56:27 -0500 (EST)
- Subject: Results for 4.7.0 20111114 (experimental) [trunk revision 181369] (GCC) testsuite on armv5tejl-unknown-linux-gnueabi
LAST_UPDATED: Mon Nov 14 22:45:14 UTC 2011 (revision 181369)
Native configuration is armv5tejl-unknown-linux-gnueabi
=== libgomp tests ===
Running target unix
WARNING: program timed out.
FAIL: libgomp.fortran/strassen.f90 -O execution test
=== libgomp Summary ===
# of expected passes 2945
# of unexpected failures 1
# of unsupported tests 1
=== libstdc++ tests ===
Running target unix
FAIL: 21_strings/basic_string/requirements/exception/basic.cc (test for excess errors)
WARNING: 21_strings/basic_string/requirements/exception/basic.cc compilation failed to produce executable
FAIL: 21_strings/basic_string/requirements/exception/propagation_consistent.cc (test for excess errors)
WARNING: 21_strings/basic_string/requirements/exception/propagation_consistent.cc compilation failed to produce executable
FAIL: 23_containers/forward_list/requirements/exception/basic.cc (test for excess errors)
WARNING: 23_containers/forward_list/requirements/exception/basic.cc compilation failed to produce executable
FAIL: 23_containers/forward_list/requirements/explicit_instantiation/1.cc (test for excess errors)
FAIL: 23_containers/forward_list/requirements/explicit_instantiation/3.cc (test for excess errors)
FAIL: 23_containers/forward_list/requirements/explicit_instantiation/4.cc (test for excess errors)
FAIL: 23_containers/forward_list/requirements/explicit_instantiation/5.cc (test for excess errors)
FAIL: 23_containers/list/requirements/exception/basic.cc (test for excess errors)
WARNING: 23_containers/list/requirements/exception/basic.cc compilation failed to produce executable
FAIL: 23_containers/map/requirements/exception/basic.cc (test for excess errors)
WARNING: 23_containers/map/requirements/exception/basic.cc compilation failed to produce executable
FAIL: 23_containers/multimap/requirements/exception/basic.cc (test for excess errors)
WARNING: 23_containers/multimap/requirements/exception/basic.cc compilation failed to produce executable
FAIL: 23_containers/multiset/requirements/exception/basic.cc (test for excess errors)
WARNING: 23_containers/multiset/requirements/exception/basic.cc compilation failed to produce executable
FAIL: 23_containers/set/requirements/exception/basic.cc (test for excess errors)
WARNING: 23_containers/set/requirements/exception/basic.cc compilation failed to produce executable
FAIL: 23_containers/vector/requirements/exception/basic.cc (test for excess errors)
WARNING: 23_containers/vector/requirements/exception/basic.cc compilation failed to produce executable
FAIL: 27_io/fpos/14775.cc execution test
FAIL: ext/pb_ds/regression/tree_map_rand.cc (test for excess errors)
WARNING: ext/pb_ds/regression/tree_map_rand.cc compilation failed to produce executable
FAIL: ext/pb_ds/regression/trie_map_rand.cc (test for excess errors)
WARNING: ext/pb_ds/regression/trie_map_rand.cc compilation failed to produce executable
FAIL: ext/pb_ds/regression/trie_set_rand.cc (test for excess errors)
WARNING: ext/pb_ds/regression/trie_set_rand.cc compilation failed to produce executable
FAIL: ext/vstring/requirements/exception/basic.cc (test for excess errors)
WARNING: ext/vstring/requirements/exception/basic.cc compilation failed to produce executable
FAIL: ext/vstring/requirements/exception/propagation_consistent.cc (test for excess errors)
WARNING: ext/vstring/requirements/exception/propagation_consistent.cc compilation failed to produce executable
=== libstdc++ Summary ===
# of expected passes 7673
# of unexpected failures 19
# of expected failures 45
# of unsupported tests 538
=== g++ tests ===
Running target unix
FAIL: g++.dg/cpp0x/Wzero-as-null-pointer-constant-1.C (test for warnings, line 66)
FAIL: g++.dg/cpp0x/Wzero-as-null-pointer-constant-1.C (test for warnings, line 78)
FAIL: g++.dg/cpp0x/Wzero-as-null-pointer-constant-1.C (test for warnings, line 90)
FAIL: g++.dg/cpp0x/Wzero-as-null-pointer-constant-1.C (test for warnings, line 102)
FAIL: g++.dg/ext/cleanup-10.C -std=gnu++98 execution test
FAIL: g++.dg/ext/cleanup-10.C -std=gnu++11 execution test
FAIL: g++.dg/ext/cleanup-11.C -std=gnu++98 execution test
FAIL: g++.dg/ext/cleanup-11.C -std=gnu++11 execution test
FAIL: g++.dg/ext/cleanup-8.C -std=gnu++98 execution test
FAIL: g++.dg/ext/cleanup-8.C -std=gnu++11 execution test
FAIL: g++.dg/ext/cleanup-9.C -std=gnu++98 execution test
FAIL: g++.dg/ext/cleanup-9.C -std=gnu++11 execution test
FAIL: g++.dg/warn/Wzero-as-null-pointer-constant-1.C -std=gnu++98 (test for warnings, line 53)
FAIL: g++.dg/warn/Wzero-as-null-pointer-constant-1.C -std=gnu++98 (test for warnings, line 65)
FAIL: g++.dg/warn/Wzero-as-null-pointer-constant-1.C -std=gnu++98 (test for warnings, line 77)
FAIL: g++.dg/warn/Wzero-as-null-pointer-constant-1.C -std=gnu++98 (test for warnings, line 89)
FAIL: g++.dg/warn/Wzero-as-null-pointer-constant-1.C -std=gnu++11 (test for warnings, line 53)
FAIL: g++.dg/warn/Wzero-as-null-pointer-constant-1.C -std=gnu++11 (test for warnings, line 65)
FAIL: g++.dg/warn/Wzero-as-null-pointer-constant-1.C -std=gnu++11 (test for warnings, line 77)
FAIL: g++.dg/warn/Wzero-as-null-pointer-constant-1.C -std=gnu++11 (test for warnings, line 89)
FAIL: 23:is 1:should be 2
FAIL: g++.dg/gcov/gcov-2.C gcov: 1 failures in line counts, 0 in branch percentages, 0 in return percentages
FAIL: 23:is 1:should be 2
FAIL: g++.dg/gcov/gcov-2.C gcov: 1 failures in line counts, 0 in branch percentages, 0 in return percentages
FAIL: g++.dg/vect/pr43771.cc -std=c++98 (internal compiler error)
FAIL: g++.dg/vect/pr43771.cc -std=c++98 (test for excess errors)
FAIL: g++.dg/vect/pr43771.cc -std=c++11 (internal compiler error)
FAIL: g++.dg/vect/pr43771.cc -std=c++11 (test for excess errors)
FAIL: g++.old-deja/g++.law/profile1.C -std=gnu++98 (test for excess errors)
WARNING: g++.old-deja/g++.law/profile1.C -std=gnu++98 compilation failed to produce executable
FAIL: g++.old-deja/g++.law/profile1.C -std=gnu++11 (test for excess errors)
WARNING: g++.old-deja/g++.law/profile1.C -std=gnu++11 compilation failed to produce executable
FAIL: g++.old-deja/g++.pt/ptrmem6.C -std=c++11 (test for errors, line 28)
=== g++ Summary ===
# of expected passes 45485
# of unexpected failures 31
# of expected failures 282
# of unsupported tests 596
/home/dave/gnu/gcc/objdir/gcc/testsuite/g++/../../g++ version 4.7.0 20111114 (experimental) [trunk revision 181369] (GCC)
=== gcc tests ===
Running target unix
FAIL: gcc.c-torture/compile/limits-structnest.c -O2 (internal compiler error)
FAIL: gcc.c-torture/compile/limits-structnest.c -O2 (test for excess errors)
FAIL: gcc.c-torture/compile/limits-structnest.c -O3 -fomit-frame-pointer (internal compiler error)
FAIL: gcc.c-torture/compile/limits-structnest.c -O3 -fomit-frame-pointer (test for excess errors)
FAIL: gcc.c-torture/compile/limits-structnest.c -O3 -g (internal compiler error)
FAIL: gcc.c-torture/compile/limits-structnest.c -O3 -g (test for excess errors)
FAIL: gcc.c-torture/compile/limits-structnest.c -Os (internal compiler error)
FAIL: gcc.c-torture/compile/limits-structnest.c -Os (test for excess errors)
FAIL: gcc.c-torture/compile/limits-structnest.c -O2 -flto -fno-use-linker-plugin -flto-partition=none (internal compiler error)
FAIL: gcc.c-torture/compile/limits-structnest.c -O2 -flto -fno-use-linker-plugin -flto-partition=none (test for excess errors)
FAIL: gcc.dg/20021014-1.c (test for excess errors)
WARNING: gcc.dg/20021014-1.c compilation failed to produce executable
FAIL: gcc.dg/atomic-compare-exchange-1.c (test for excess errors)
WARNING: gcc.dg/atomic-compare-exchange-1.c compilation failed to produce executable
FAIL: gcc.dg/atomic-compare-exchange-2.c (test for excess errors)
WARNING: gcc.dg/atomic-compare-exchange-2.c compilation failed to produce executable
FAIL: gcc.dg/atomic-compare-exchange-3.c (test for excess errors)
WARNING: gcc.dg/atomic-compare-exchange-3.c compilation failed to produce executable
FAIL: gcc.dg/atomic-exchange-1.c (test for excess errors)
WARNING: gcc.dg/atomic-exchange-1.c compilation failed to produce executable
FAIL: gcc.dg/atomic-exchange-2.c (test for excess errors)
WARNING: gcc.dg/atomic-exchange-2.c compilation failed to produce executable
FAIL: gcc.dg/atomic-exchange-3.c (test for excess errors)
WARNING: gcc.dg/atomic-exchange-3.c compilation failed to produce executable
FAIL: gcc.dg/atomic-op-1.c (test for excess errors)
WARNING: gcc.dg/atomic-op-1.c compilation failed to produce executable
FAIL: gcc.dg/atomic-op-2.c (test for excess errors)
WARNING: gcc.dg/atomic-op-2.c compilation failed to produce executable
FAIL: gcc.dg/atomic-op-3.c (test for excess errors)
WARNING: gcc.dg/atomic-op-3.c compilation failed to produce executable
FAIL: gcc.dg/c99-stdint-1.c (test for excess errors)
FAIL: gcc.dg/c99-stdint-7.c (test for excess errors)
FAIL: gcc.dg/cleanup-10.c execution test
FAIL: gcc.dg/cleanup-11.c execution test
FAIL: gcc.dg/cleanup-8.c execution test
FAIL: gcc.dg/cleanup-9.c execution test
FAIL: gcc.dg/cproj-fails-with-broken-glibc.c execution test
FAIL: gcc.dg/nest.c (test for excess errors)
WARNING: gcc.dg/nest.c compilation failed to produce executable
FAIL: gcc.dg/nested-func-4.c (test for excess errors)
WARNING: gcc.dg/nested-func-4.c compilation failed to produce executable
FAIL: gcc.dg/pr32450.c (test for excess errors)
WARNING: gcc.dg/pr32450.c compilation failed to produce executable
FAIL: gcc.dg/pr43643.c (test for excess errors)
WARNING: gcc.dg/pr43643.c compilation failed to produce executable
FAIL: gcc.dg/pr49994-3.c (test for excess errors)
FAIL: gcc.dg/uninit-13.c unconditional (test for warnings, line 8)
FAIL: gcc.dg/uninit-13.c (test for excess errors)
FAIL: gcc.dg/simulate-thread/atomic-other-int.c -O0 -g (test for excess errors)
FAIL: gcc.dg/simulate-thread/atomic-other-int.c -O1 -g (test for excess errors)
FAIL: gcc.dg/simulate-thread/atomic-other-int.c -O2 -g (test for excess errors)
FAIL: gcc.dg/simulate-thread/atomic-other-int.c -O3 -g (test for excess errors)
FAIL: gcc.dg/simulate-thread/atomic-other-int.c -Os -g (test for excess errors)
FAIL: gcc.dg/simulate-thread/atomic-other-short.c -O0 -g (test for excess errors)
FAIL: gcc.dg/simulate-thread/atomic-other-short.c -O1 -g (test for excess errors)
FAIL: gcc.dg/simulate-thread/atomic-other-short.c -O2 -g (test for excess errors)
FAIL: gcc.dg/simulate-thread/atomic-other-short.c -O3 -g (test for excess errors)
FAIL: gcc.dg/simulate-thread/atomic-other-short.c -Os -g (test for excess errors)
UNRESOLVED: gcc.dg/torture/ipa-pta-1.c -O2 -flto -fuse-linker-plugin -fno-fat-lto-objects scan-ipa-dump pta "bar.arg0 = { test4.arg0 test3.arg0 test2.arg0 test1.arg0 }"
UNRESOLVED: gcc.dg/torture/pr23821.c -O2 -flto -fuse-linker-plugin -fno-fat-lto-objects scan-tree-dump ivcanon "Added canonical iv"
UNRESOLVED: gcc.dg/torture/pr39074-2.c -O2 -flto -fuse-linker-plugin -fno-fat-lto-objects scan-tree-dump alias "y.._., points-to vars: { i }"
UNRESOLVED: gcc.dg/torture/pr39074.c -O2 -flto -fuse-linker-plugin -fno-fat-lto-objects scan-tree-dump alias "y.._., points-to vars: { i }"
UNRESOLVED: gcc.dg/torture/pr42898-2.c -O2 -flto -fuse-linker-plugin -fno-fat-lto-objects scan-tree-dump-times optimized "\\*ptr" 1
UNRESOLVED: gcc.dg/torture/pr42898.c -O2 -flto -fuse-linker-plugin -fno-fat-lto-objects scan-tree-dump-times optimized "\\*ptr" 1
UNRESOLVED: gcc.dg/torture/pr45704.c -O2 -flto -fuse-linker-plugin -fno-fat-lto-objects scan-tree-dump-times optimized "={v}" 1
UNRESOLVED: gcc.dg/torture/pr50472.c -O2 -flto -fuse-linker-plugin -fno-fat-lto-objects scan-tree-dump-not optimized "return 1"
UNRESOLVED: gcc.dg/torture/pta-callused-1.c -O2 -flto -fuse-linker-plugin -fno-fat-lto-objects scan-tree-dump alias "p.._., points-to vars: { i j }"
UNRESOLVED: gcc.dg/torture/pta-escape-1.c -O2 -flto -fuse-linker-plugin -fno-fat-lto-objects scan-tree-dump alias "ESCAPED = {[^
UNRESOLVED: gcc.dg/torture/pta-ptrarith-1.c -O2 -flto -fuse-linker-plugin -fno-fat-lto-objects scan-tree-dump alias "ESCAPED = {[^
UNRESOLVED: gcc.dg/torture/pta-ptrarith-2.c -O2 -flto -fuse-linker-plugin -fno-fat-lto-objects scan-tree-dump alias "= { i j }"
UNRESOLVED: gcc.dg/torture/pta-ptrarith-3.c -O2 -flto -fuse-linker-plugin -fno-fat-lto-objects scan-tree-dump alias "q_., points-to vars: { i j k }"
UNRESOLVED: gcc.dg/torture/ssa-pta-fn-1.c -O2 -flto -fuse-linker-plugin -fno-fat-lto-objects scan-tree-dump alias "q_const_., points-to non-local, points-to vars: { i }"
UNRESOLVED: gcc.dg/torture/ssa-pta-fn-1.c -O2 -flto -fuse-linker-plugin -fno-fat-lto-objects scan-tree-dump alias "q_pure_., points-to non-local, points-to escaped, points-to vars: { i }"
UNRESOLVED: gcc.dg/torture/ssa-pta-fn-1.c -O2 -flto -fuse-linker-plugin -fno-fat-lto-objects scan-tree-dump alias "q_normal_., points-to non-local, points-to escaped, points-to vars: { }"
FAIL: gcc.dg/tree-ssa/pr42585.c scan-tree-dump-times optimized "struct _fat_ptr _ans" 0
FAIL: gcc.dg/tree-ssa/pr42585.c scan-tree-dump-times optimized "struct _fat_ptr _T2" 0
FAIL: gcc.dg/tree-ssa/sra-12.c scan-tree-dump-times release_ssa "l;" 0
FAIL: gcc.dg/tree-ssa/vector-2.c scan-tree-dump-times optimized "0.0" 1
FAIL: gcc.dg/tree-ssa/vrp47.c scan-tree-dump-times dom1 "x[^ ]* & y" 1
FAIL: gcc.dg/vect/pr30843.c (internal compiler error)
FAIL: gcc.dg/vect/pr30843.c (test for excess errors)
FAIL: gcc.dg/vect/pr30843.c scan-tree-dump-times vect "vectorized 1 loops" 1
FAIL: gcc.dg/vect/pr30858.c scan-tree-dump-times vect "Unknown def-use cycle pattern." 1
FAIL: gcc.dg/vect/pr33597.c (internal compiler error)
FAIL: gcc.dg/vect/pr33597.c (test for excess errors)
FAIL: gcc.dg/vect/pr33866.c (internal compiler error)
FAIL: gcc.dg/vect/pr33866.c (test for excess errors)
FAIL: gcc.dg/vect/pr33866.c scan-tree-dump-times vect "vectorized 1 loops" 1
FAIL: gcc.dg/vect/pr37482.c (internal compiler error)
FAIL: gcc.dg/vect/pr37482.c (test for excess errors)
FAIL: gcc.dg/vect/pr37539.c (internal compiler error)
FAIL: gcc.dg/vect/pr37539.c (test for excess errors)
FAIL: gcc.dg/vect/pr37539.c scan-tree-dump-times vect "vectorized 1 loops" 2
FAIL: gcc.dg/vect/pr41956.c (internal compiler error)
FAIL: gcc.dg/vect/pr41956.c (test for excess errors)
FAIL: gcc.dg/vect/pr47001.c (internal compiler error)
FAIL: gcc.dg/vect/pr47001.c (test for excess errors)
FAIL: gcc.dg/vect/pr48172.c (internal compiler error)
FAIL: gcc.dg/vect/pr48172.c (test for excess errors)
FAIL: gcc.dg/vect/pr49038.c (internal compiler error)
FAIL: gcc.dg/vect/pr49038.c (test for excess errors)
FAIL: gcc.dg/vect/pr51000.c (internal compiler error)
FAIL: gcc.dg/vect/pr51000.c (test for excess errors)
FAIL: gcc.dg/vect/vect-1.c (internal compiler error)
FAIL: gcc.dg/vect/vect-1.c (test for excess errors)
FAIL: gcc.dg/vect/vect-1.c scan-tree-dump-times vect "vectorized 6 loops" 1
FAIL: gcc.dg/vect/vect-10.c (internal compiler error)
FAIL: gcc.dg/vect/vect-10.c (test for excess errors)
FAIL: gcc.dg/vect/vect-10.c scan-tree-dump-times vect "vectorized 1 loops" 1
FAIL: gcc.dg/vect/vect-104.c scan-tree-dump-times vect "possible dependence between data-refs" 1
FAIL: gcc.dg/vect/vect-107.c (internal compiler error)
FAIL: gcc.dg/vect/vect-107.c (test for excess errors)
FAIL: gcc.dg/vect/vect-107.c scan-tree-dump-times vect "vectorized 1 loops" 1
FAIL: gcc.dg/vect/vect-119.c (internal compiler error)
FAIL: gcc.dg/vect/vect-119.c (test for excess errors)
FAIL: gcc.dg/vect/vect-98.c (internal compiler error)
FAIL: gcc.dg/vect/vect-98.c (test for excess errors)
FAIL: gcc.dg/vect/vect-98.c scan-tree-dump-times vect "vectorized 1 loops" 1
XPASS: gcc.dg/vect/vect-98.c scan-tree-dump-times vect "vectorized 1 loops" 0
FAIL: gcc.dg/vect/vect-complex-5.c (internal compiler error)
FAIL: gcc.dg/vect/vect-complex-5.c (test for excess errors)
FAIL: gcc.dg/vect/vect-cselim-1.c (internal compiler error)
FAIL: gcc.dg/vect/vect-cselim-1.c (test for excess errors)
FAIL: gcc.dg/vect/vect-cselim-1.c scan-tree-dump-times vect "vectorized 1 loops" 1
FAIL: gcc.dg/vect/vect-multitypes-11.c scan-tree-dump-times vect "vectorized 1 loops" 1
FAIL: gcc.dg/vect/vect-multitypes-12.c scan-tree-dump-times vect "vectorized 1 loops" 1
FAIL: gcc.dg/vect/vect-outer-1.c scan-tree-dump-times vect "strided access in outer loop" 1
FAIL: gcc.dg/vect/vect-outer-1a.c scan-tree-dump-times vect "strided access in outer loop" 1
FAIL: gcc.dg/vect/vect-outer-1b.c (internal compiler error)
FAIL: gcc.dg/vect/vect-outer-1b.c (test for excess errors)
FAIL: gcc.dg/vect/vect-outer-1b.c scan-tree-dump-times vect "strided access in outer loop" 1
FAIL: gcc.dg/vect/vect-outer-2b.c scan-tree-dump-times vect "strided access in outer loop" 1
FAIL: gcc.dg/vect/vect-outer-3a.c scan-tree-dump-times vect "step doesn't divide the vector-size" 2
FAIL: gcc.dg/vect/vect-outer-3b.c scan-tree-dump-times vect "strided access in outer loop" 2
FAIL: gcc.dg/vect/vect-outer-4.c (internal compiler error)
FAIL: gcc.dg/vect/vect-outer-4.c (test for excess errors)
FAIL: gcc.dg/vect/vect-outer-4d.c (internal compiler error)
FAIL: gcc.dg/vect/vect-outer-4d.c (test for excess errors)
FAIL: gcc.dg/vect/vect-outer-5.c (internal compiler error)
FAIL: gcc.dg/vect/vect-outer-5.c (test for excess errors)
FAIL: gcc.dg/vect/vect-outer-5.c scan-tree-dump-times vect "OUTER LOOP VECTORIZED" 1
FAIL: gcc.dg/vect/vect-outer-5.c scan-tree-dump-times vect "zero step in outer loop." 1
FAIL: gcc.dg/vect/vect-outer-6.c (internal compiler error)
FAIL: gcc.dg/vect/vect-outer-6.c (test for excess errors)
FAIL: gcc.dg/vect/vect-over-widen-1.c (internal compiler error)
FAIL: gcc.dg/vect/vect-over-widen-1.c (test for excess errors)
FAIL: gcc.dg/vect/vect-over-widen-1.c scan-tree-dump-times vect "vectorized 1 loops" 1
FAIL: gcc.dg/vect/vect-over-widen-2.c (internal compiler error)
FAIL: gcc.dg/vect/vect-over-widen-2.c (test for excess errors)
FAIL: gcc.dg/vect/vect-over-widen-2.c scan-tree-dump-times vect "vectorized 1 loops" 1
FAIL: gcc.dg/vect/vect-over-widen-3.c (internal compiler error)
FAIL: gcc.dg/vect/vect-over-widen-3.c (test for excess errors)
FAIL: gcc.dg/vect/vect-over-widen-3.c scan-tree-dump-times vect "vectorized 1 loops" 1
FAIL: gcc.dg/vect/vect-over-widen-4.c (internal compiler error)
FAIL: gcc.dg/vect/vect-over-widen-4.c (test for excess errors)
FAIL: gcc.dg/vect/vect-over-widen-4.c scan-tree-dump-times vect "vectorized 1 loops" 1
FAIL: gcc.dg/vect/vect-reduc-dot-s16b.c scan-tree-dump-times vect "vectorized 1 loops" 0
FAIL: gcc.dg/vect/vect-reduc-dot-s8b.c scan-tree-dump-times vect "vect_recog_widen_mult_pattern: detected" 1
FAIL: gcc.dg/vect/vect-reduc-pattern-1a.c scan-tree-dump-times vect "vectorized 1 loops" 0
FAIL: gcc.dg/vect/vect-reduc-pattern-1b.c scan-tree-dump-times vect "vectorized 1 loops" 0
FAIL: gcc.dg/vect/vect-reduc-pattern-1c.c scan-tree-dump-times vect "vectorized 1 loops" 0
FAIL: gcc.dg/vect/vect-reduc-pattern-2a.c scan-tree-dump-times vect "vectorized 1 loops" 0
FAIL: gcc.dg/vect/vect-reduc-pattern-2b.c scan-tree-dump-times vect "vectorized 1 loops" 0
FAIL: gcc.dg/vect/vect-strided-a-mult.c (internal compiler error)
FAIL: gcc.dg/vect/vect-strided-a-mult.c (test for excess errors)
FAIL: gcc.dg/vect/vect-strided-a-mult.c scan-tree-dump-times vect "vectorized 1 loops" 1
FAIL: gcc.dg/vect/vect-strided-a-u16-i2.c (internal compiler error)
FAIL: gcc.dg/vect/vect-strided-a-u16-i2.c (test for excess errors)
FAIL: gcc.dg/vect/vect-strided-a-u16-i2.c scan-tree-dump-times vect "vectorized 1 loops" 1
FAIL: gcc.dg/vect/vect-strided-a-u16-i4.c (internal compiler error)
FAIL: gcc.dg/vect/vect-strided-a-u16-i4.c (test for excess errors)
FAIL: gcc.dg/vect/vect-strided-a-u16-i4.c scan-tree-dump-times vect "vectorized 1 loops" 1
FAIL: gcc.dg/vect/vect-strided-a-u16-mult.c (internal compiler error)
FAIL: gcc.dg/vect/vect-strided-a-u16-mult.c (test for excess errors)
FAIL: gcc.dg/vect/vect-strided-a-u16-mult.c scan-tree-dump-times vect "vectorized 1 loops" 1
FAIL: gcc.dg/vect/vect-strided-a-u32-mult.c (internal compiler error)
FAIL: gcc.dg/vect/vect-strided-a-u32-mult.c (test for excess errors)
FAIL: gcc.dg/vect/vect-strided-a-u32-mult.c scan-tree-dump-times vect "vectorized 1 loops" 1
FAIL: gcc.dg/vect/vect-strided-a-u8-i2-gap.c (internal compiler error)
FAIL: gcc.dg/vect/vect-strided-a-u8-i2-gap.c (test for excess errors)
FAIL: gcc.dg/vect/vect-strided-a-u8-i2-gap.c scan-tree-dump-times vect "vectorized 1 loops" 1
FAIL: gcc.dg/vect/vect-strided-float.c (internal compiler error)
FAIL: gcc.dg/vect/vect-strided-float.c (test for excess errors)
FAIL: gcc.dg/vect/vect-strided-float.c scan-tree-dump-times vect "vectorized 1 loops" 1
FAIL: gcc.dg/vect/vect-strided-mult-char-ls.c (internal compiler error)
FAIL: gcc.dg/vect/vect-strided-mult-char-ls.c (test for excess errors)
FAIL: gcc.dg/vect/vect-strided-mult-char-ls.c scan-tree-dump-times vect "vectorized 1 loops" 1
FAIL: gcc.dg/vect/vect-strided-mult.c (internal compiler error)
FAIL: gcc.dg/vect/vect-strided-mult.c (test for excess errors)
FAIL: gcc.dg/vect/vect-strided-mult.c scan-tree-dump-times vect "vectorized 1 loops" 1
FAIL: gcc.dg/vect/vect-strided-same-dr.c (internal compiler error)
FAIL: gcc.dg/vect/vect-strided-same-dr.c (test for excess errors)
FAIL: gcc.dg/vect/vect-strided-same-dr.c scan-tree-dump-times vect "vectorized 1 loops" 1
FAIL: gcc.dg/vect/vect-strided-store-a-u8-i2.c (internal compiler error)
FAIL: gcc.dg/vect/vect-strided-store-a-u8-i2.c (test for excess errors)
FAIL: gcc.dg/vect/vect-strided-store-a-u8-i2.c scan-tree-dump-times vect "vectorized 1 loops" 1
FAIL: gcc.dg/vect/vect-strided-store-u16-i4.c (internal compiler error)
FAIL: gcc.dg/vect/vect-strided-store-u16-i4.c (test for excess errors)
FAIL: gcc.dg/vect/vect-strided-store-u32-i2.c (internal compiler error)
FAIL: gcc.dg/vect/vect-strided-store-u32-i2.c (test for excess errors)
FAIL: gcc.dg/vect/vect-strided-store-u32-i2.c scan-tree-dump-times vect "vectorized 1 loops" 1
FAIL: gcc.dg/vect/vect-strided-u16-i2.c (internal compiler error)
FAIL: gcc.dg/vect/vect-strided-u16-i2.c (test for excess errors)
FAIL: gcc.dg/vect/vect-strided-u16-i2.c scan-tree-dump-times vect "vectorized 1 loops" 1
FAIL: gcc.dg/vect/vect-strided-u16-i3.c (internal compiler error)
FAIL: gcc.dg/vect/vect-strided-u16-i3.c (test for excess errors)
FAIL: gcc.dg/vect/vect-strided-u16-i3.c scan-tree-dump-times vect "vectorized 4 loops" 1
FAIL: gcc.dg/vect/vect-strided-u16-i4.c (internal compiler error)
FAIL: gcc.dg/vect/vect-strided-u16-i4.c (test for excess errors)
FAIL: gcc.dg/vect/vect-strided-u16-i4.c scan-tree-dump-times vect "vectorized 1 loops" 1
FAIL: gcc.dg/vect/vect-strided-u32-i4.c (internal compiler error)
FAIL: gcc.dg/vect/vect-strided-u32-i4.c (test for excess errors)
FAIL: gcc.dg/vect/vect-strided-u32-i4.c scan-tree-dump-times vect "vectorized 1 loops" 1
FAIL: gcc.dg/vect/vect-strided-u32-mult.c (internal compiler error)
FAIL: gcc.dg/vect/vect-strided-u32-mult.c (test for excess errors)
FAIL: gcc.dg/vect/vect-strided-u32-mult.c scan-tree-dump-times vect "vectorized 1 loops" 1
FAIL: gcc.dg/vect/vect-strided-u8-i2-gap.c (internal compiler error)
FAIL: gcc.dg/vect/vect-strided-u8-i2-gap.c (test for excess errors)
FAIL: gcc.dg/vect/vect-strided-u8-i2-gap.c scan-tree-dump-times vect "vectorized 1 loops" 1
FAIL: gcc.dg/vect/vect-strided-u8-i2.c (internal compiler error)
FAIL: gcc.dg/vect/vect-strided-u8-i2.c (test for excess errors)
FAIL: gcc.dg/vect/vect-strided-u8-i2.c scan-tree-dump-times vect "vectorized 1 loops" 1
FAIL: gcc.dg/vect/vect-vfa-03.c (internal compiler error)
FAIL: gcc.dg/vect/vect-vfa-03.c (test for excess errors)
FAIL: gcc.dg/vect/vect-vfa-03.c scan-tree-dump-times vect "vectorized 1 loops" 1
XPASS: gcc.dg/vect/vect-vfa-03.c scan-tree-dump-times vect "vectorized 1 loops" 0
FAIL: gcc.dg/vect/vect-widen-shift-s16.c (internal compiler error)
FAIL: gcc.dg/vect/vect-widen-shift-s16.c (test for excess errors)
FAIL: gcc.dg/vect/vect-widen-shift-s16.c scan-tree-dump-times vect "vect_recog_widen_shift_pattern: detected" 8
FAIL: gcc.dg/vect/vect-widen-shift-s16.c scan-tree-dump-times vect "vectorized 2 loops" 1
FAIL: gcc.dg/vect/slp-11b.c (internal compiler error)
FAIL: gcc.dg/vect/slp-11b.c (test for excess errors)
FAIL: gcc.dg/vect/slp-11b.c scan-tree-dump-times vect "vectorized 1 loops" 1
FAIL: gcc.dg/vect/slp-19b.c (internal compiler error)
FAIL: gcc.dg/vect/slp-19b.c (test for excess errors)
FAIL: gcc.dg/vect/slp-19b.c scan-tree-dump-times vect "vectorized 1 loops" 1
FAIL: gcc.dg/vect/slp-21.c (internal compiler error)
FAIL: gcc.dg/vect/slp-21.c (test for excess errors)
FAIL: gcc.dg/vect/slp-21.c scan-tree-dump-times vect "vectorized 4 loops" 1
FAIL: gcc.dg/vect/slp-21.c scan-tree-dump-times vect "vectorizing stmts using SLP" 2
FAIL: gcc.dg/vect/slp-36.c (internal compiler error)
FAIL: gcc.dg/vect/slp-36.c (test for excess errors)
FAIL: gcc.dg/vect/slp-perm-1.c (internal compiler error)
FAIL: gcc.dg/vect/slp-perm-1.c (test for excess errors)
FAIL: gcc.dg/vect/slp-perm-2.c (internal compiler error)
FAIL: gcc.dg/vect/slp-perm-2.c (test for excess errors)
FAIL: gcc.dg/vect/slp-perm-3.c (internal compiler error)
FAIL: gcc.dg/vect/slp-perm-3.c (test for excess errors)
FAIL: gcc.dg/vect/slp-perm-5.c (internal compiler error)
FAIL: gcc.dg/vect/slp-perm-5.c (test for excess errors)
FAIL: gcc.dg/vect/slp-perm-6.c (internal compiler error)
FAIL: gcc.dg/vect/slp-perm-6.c (test for excess errors)
FAIL: gcc.dg/vect/slp-perm-7.c (internal compiler error)
FAIL: gcc.dg/vect/slp-perm-7.c (test for excess errors)
FAIL: gcc.dg/vect/slp-perm-8.c (internal compiler error)
FAIL: gcc.dg/vect/slp-perm-8.c (test for excess errors)
FAIL: gcc.dg/vect/slp-perm-9.c (internal compiler error)
FAIL: gcc.dg/vect/slp-perm-9.c (test for excess errors)
FAIL: gcc.dg/vect/slp-perm-9.c scan-tree-dump-times vect "vectorized 1 loops" 1
XPASS: gcc.dg/vect/slp-reduc-3.c scan-tree-dump-times vect "vectorizing stmts using SLP" 1
FAIL: gcc.dg/vect/slp-reduc-6.c (internal compiler error)
FAIL: gcc.dg/vect/slp-reduc-6.c (test for excess errors)
FAIL: gcc.dg/vect/slp-reduc-6.c scan-tree-dump-times vect "vectorized 1 loops" 2
FAIL: gcc.dg/vect/pr30843.c -flto (internal compiler error)
FAIL: gcc.dg/vect/pr30843.c -flto (test for excess errors)
FAIL: gcc.dg/vect/pr30843.c -flto scan-tree-dump-times vect "vectorized 1 loops" 1
FAIL: gcc.dg/vect/pr30858.c -flto scan-tree-dump-times vect "Unknown def-use cycle pattern." 1
FAIL: gcc.dg/vect/pr33597.c -flto (internal compiler error)
FAIL: gcc.dg/vect/pr33597.c -flto (test for excess errors)
FAIL: gcc.dg/vect/pr33866.c -flto (internal compiler error)
FAIL: gcc.dg/vect/pr33866.c -flto (test for excess errors)
FAIL: gcc.dg/vect/pr33866.c -flto scan-tree-dump-times vect "vectorized 1 loops" 1
FAIL: gcc.dg/vect/pr37482.c -flto (internal compiler error)
FAIL: gcc.dg/vect/pr37482.c -flto (test for excess errors)
FAIL: gcc.dg/vect/pr37539.c -flto (internal compiler error)
FAIL: gcc.dg/vect/pr37539.c -flto (test for excess errors)
FAIL: gcc.dg/vect/pr37539.c -flto scan-tree-dump-times vect "vectorized 1 loops" 2
FAIL: gcc.dg/vect/pr41956.c -flto (internal compiler error)
FAIL: gcc.dg/vect/pr41956.c -flto (test for excess errors)
FAIL: gcc.dg/vect/pr47001.c -flto (internal compiler error)
FAIL: gcc.dg/vect/pr47001.c -flto (test for excess errors)
FAIL: gcc.dg/vect/pr48172.c -flto (internal compiler error)
FAIL: gcc.dg/vect/pr48172.c -flto (test for excess errors)
FAIL: gcc.dg/vect/pr49038.c -flto (internal compiler error)
FAIL: gcc.dg/vect/pr49038.c -flto (test for excess errors)
FAIL: gcc.dg/vect/pr51000.c -flto (internal compiler error)
FAIL: gcc.dg/vect/pr51000.c -flto (test for excess errors)
FAIL: gcc.dg/vect/vect-1.c -flto (internal compiler error)
FAIL: gcc.dg/vect/vect-1.c -flto (test for excess errors)
FAIL: gcc.dg/vect/vect-1.c -flto scan-tree-dump-times vect "vectorized 6 loops" 1
FAIL: gcc.dg/vect/vect-10.c -flto (internal compiler error)
FAIL: gcc.dg/vect/vect-10.c -flto (test for excess errors)
FAIL: gcc.dg/vect/vect-10.c -flto scan-tree-dump-times vect "vectorized 1 loops" 1
FAIL: gcc.dg/vect/vect-104.c -flto scan-tree-dump-times vect "possible dependence between data-refs" 1
FAIL: gcc.dg/vect/vect-107.c -flto (internal compiler error)
FAIL: gcc.dg/vect/vect-107.c -flto (test for excess errors)
FAIL: gcc.dg/vect/vect-107.c -flto scan-tree-dump-times vect "vectorized 1 loops" 1
FAIL: gcc.dg/vect/vect-119.c -flto (internal compiler error)
FAIL: gcc.dg/vect/vect-119.c -flto (test for excess errors)
FAIL: gcc.dg/vect/vect-98.c -flto (internal compiler error)
FAIL: gcc.dg/vect/vect-98.c -flto (test for excess errors)
FAIL: gcc.dg/vect/vect-98.c -flto scan-tree-dump-times vect "vectorized 1 loops" 1
XPASS: gcc.dg/vect/vect-98.c -flto scan-tree-dump-times vect "vectorized 1 loops" 0
FAIL: gcc.dg/vect/vect-complex-5.c -flto (internal compiler error)
FAIL: gcc.dg/vect/vect-complex-5.c -flto (test for excess errors)
FAIL: gcc.dg/vect/vect-cselim-1.c -flto (internal compiler error)
FAIL: gcc.dg/vect/vect-cselim-1.c -flto (test for excess errors)
FAIL: gcc.dg/vect/vect-cselim-1.c -flto scan-tree-dump-times vect "vectorized 1 loops" 1
FAIL: gcc.dg/vect/vect-multitypes-11.c -flto scan-tree-dump-times vect "vectorized 1 loops" 1
FAIL: gcc.dg/vect/vect-multitypes-12.c -flto scan-tree-dump-times vect "vectorized 1 loops" 1
FAIL: gcc.dg/vect/vect-outer-1.c -flto scan-tree-dump-times vect "strided access in outer loop" 1
FAIL: gcc.dg/vect/vect-outer-1a.c -flto scan-tree-dump-times vect "strided access in outer loop" 1
FAIL: gcc.dg/vect/vect-outer-1b.c -flto (internal compiler error)
FAIL: gcc.dg/vect/vect-outer-1b.c -flto (test for excess errors)
FAIL: gcc.dg/vect/vect-outer-1b.c -flto scan-tree-dump-times vect "strided access in outer loop" 1
FAIL: gcc.dg/vect/vect-outer-2b.c -flto scan-tree-dump-times vect "strided access in outer loop" 1
FAIL: gcc.dg/vect/vect-outer-3a.c -flto scan-tree-dump-times vect "step doesn't divide the vector-size" 2
FAIL: gcc.dg/vect/vect-outer-3b.c -flto scan-tree-dump-times vect "strided access in outer loop" 2
FAIL: gcc.dg/vect/vect-outer-4.c -flto (internal compiler error)
FAIL: gcc.dg/vect/vect-outer-4.c -flto (test for excess errors)
FAIL: gcc.dg/vect/vect-outer-4d.c -flto (internal compiler error)
FAIL: gcc.dg/vect/vect-outer-4d.c -flto (test for excess errors)
FAIL: gcc.dg/vect/vect-outer-5.c -flto (internal compiler error)
FAIL: gcc.dg/vect/vect-outer-5.c -flto (test for excess errors)
FAIL: gcc.dg/vect/vect-outer-5.c -flto scan-tree-dump-times vect "OUTER LOOP VECTORIZED" 1
FAIL: gcc.dg/vect/vect-outer-5.c -flto scan-tree-dump-times vect "zero step in outer loop." 1
FAIL: gcc.dg/vect/vect-outer-6.c -flto (internal compiler error)
FAIL: gcc.dg/vect/vect-outer-6.c -flto (test for excess errors)
FAIL: gcc.dg/vect/vect-over-widen-1.c -flto (internal compiler error)
FAIL: gcc.dg/vect/vect-over-widen-1.c -flto (test for excess errors)
FAIL: gcc.dg/vect/vect-over-widen-1.c -flto scan-tree-dump-times vect "vectorized 1 loops" 1
FAIL: gcc.dg/vect/vect-over-widen-2.c -flto (internal compiler error)
FAIL: gcc.dg/vect/vect-over-widen-2.c -flto (test for excess errors)
FAIL: gcc.dg/vect/vect-over-widen-2.c -flto scan-tree-dump-times vect "vectorized 1 loops" 1
FAIL: gcc.dg/vect/vect-over-widen-3.c -flto (internal compiler error)
FAIL: gcc.dg/vect/vect-over-widen-3.c -flto (test for excess errors)
FAIL: gcc.dg/vect/vect-over-widen-3.c -flto scan-tree-dump-times vect "vectorized 1 loops" 1
FAIL: gcc.dg/vect/vect-over-widen-4.c -flto (internal compiler error)
FAIL: gcc.dg/vect/vect-over-widen-4.c -flto (test for excess errors)
FAIL: gcc.dg/vect/vect-over-widen-4.c -flto scan-tree-dump-times vect "vectorized 1 loops" 1
FAIL: gcc.dg/vect/vect-reduc-dot-s16b.c -flto scan-tree-dump-times vect "vectorized 1 loops" 0
FAIL: gcc.dg/vect/vect-reduc-dot-s8b.c -flto scan-tree-dump-times vect "vect_recog_widen_mult_pattern: detected" 1
FAIL: gcc.dg/vect/vect-reduc-pattern-1a.c -flto scan-tree-dump-times vect "vectorized 1 loops" 0
FAIL: gcc.dg/vect/vect-reduc-pattern-1b.c -flto scan-tree-dump-times vect "vectorized 1 loops" 0
FAIL: gcc.dg/vect/vect-reduc-pattern-1c.c -flto scan-tree-dump-times vect "vectorized 1 loops" 0
FAIL: gcc.dg/vect/vect-reduc-pattern-2a.c -flto scan-tree-dump-times vect "vectorized 1 loops" 0
FAIL: gcc.dg/vect/vect-reduc-pattern-2b.c -flto scan-tree-dump-times vect "vectorized 1 loops" 0
FAIL: gcc.dg/vect/vect-strided-a-mult.c -flto (internal compiler error)
FAIL: gcc.dg/vect/vect-strided-a-mult.c -flto (test for excess errors)
FAIL: gcc.dg/vect/vect-strided-a-mult.c -flto scan-tree-dump-times vect "vectorized 1 loops" 1
FAIL: gcc.dg/vect/vect-strided-a-u16-i2.c -flto (internal compiler error)
FAIL: gcc.dg/vect/vect-strided-a-u16-i2.c -flto (test for excess errors)
FAIL: gcc.dg/vect/vect-strided-a-u16-i2.c -flto scan-tree-dump-times vect "vectorized 1 loops" 1
FAIL: gcc.dg/vect/vect-strided-a-u16-i4.c -flto (internal compiler error)
FAIL: gcc.dg/vect/vect-strided-a-u16-i4.c -flto (test for excess errors)
FAIL: gcc.dg/vect/vect-strided-a-u16-i4.c -flto scan-tree-dump-times vect "vectorized 1 loops" 1
FAIL: gcc.dg/vect/vect-strided-a-u16-mult.c -flto (internal compiler error)
FAIL: gcc.dg/vect/vect-strided-a-u16-mult.c -flto (test for excess errors)
FAIL: gcc.dg/vect/vect-strided-a-u16-mult.c -flto scan-tree-dump-times vect "vectorized 1 loops" 1
FAIL: gcc.dg/vect/vect-strided-a-u32-mult.c -flto (internal compiler error)
FAIL: gcc.dg/vect/vect-strided-a-u32-mult.c -flto (test for excess errors)
FAIL: gcc.dg/vect/vect-strided-a-u32-mult.c -flto scan-tree-dump-times vect "vectorized 1 loops" 1
FAIL: gcc.dg/vect/vect-strided-a-u8-i2-gap.c -flto (internal compiler error)
FAIL: gcc.dg/vect/vect-strided-a-u8-i2-gap.c -flto (test for excess errors)
FAIL: gcc.dg/vect/vect-strided-a-u8-i2-gap.c -flto scan-tree-dump-times vect "vectorized 1 loops" 1
FAIL: gcc.dg/vect/vect-strided-float.c -flto (internal compiler error)
FAIL: gcc.dg/vect/vect-strided-float.c -flto (test for excess errors)
FAIL: gcc.dg/vect/vect-strided-float.c -flto scan-tree-dump-times vect "vectorized 1 loops" 1
FAIL: gcc.dg/vect/vect-strided-mult-char-ls.c -flto (internal compiler error)
FAIL: gcc.dg/vect/vect-strided-mult-char-ls.c -flto (test for excess errors)
FAIL: gcc.dg/vect/vect-strided-mult-char-ls.c -flto scan-tree-dump-times vect "vectorized 1 loops" 1
FAIL: gcc.dg/vect/vect-strided-mult.c -flto (internal compiler error)
FAIL: gcc.dg/vect/vect-strided-mult.c -flto (test for excess errors)
FAIL: gcc.dg/vect/vect-strided-mult.c -flto scan-tree-dump-times vect "vectorized 1 loops" 1
FAIL: gcc.dg/vect/vect-strided-same-dr.c -flto (internal compiler error)
FAIL: gcc.dg/vect/vect-strided-same-dr.c -flto (test for excess errors)
FAIL: gcc.dg/vect/vect-strided-same-dr.c -flto scan-tree-dump-times vect "vectorized 1 loops" 1
FAIL: gcc.dg/vect/vect-strided-store-a-u8-i2.c -flto (internal compiler error)
FAIL: gcc.dg/vect/vect-strided-store-a-u8-i2.c -flto (test for excess errors)
FAIL: gcc.dg/vect/vect-strided-store-a-u8-i2.c -flto scan-tree-dump-times vect "vectorized 1 loops" 1
FAIL: gcc.dg/vect/vect-strided-store-u16-i4.c -flto (internal compiler error)
FAIL: gcc.dg/vect/vect-strided-store-u16-i4.c -flto (test for excess errors)
FAIL: gcc.dg/vect/vect-strided-store-u32-i2.c -flto (internal compiler error)
FAIL: gcc.dg/vect/vect-strided-store-u32-i2.c -flto (test for excess errors)
FAIL: gcc.dg/vect/vect-strided-store-u32-i2.c -flto scan-tree-dump-times vect "vectorized 1 loops" 1
FAIL: gcc.dg/vect/vect-strided-u16-i2.c -flto (internal compiler error)
FAIL: gcc.dg/vect/vect-strided-u16-i2.c -flto (test for excess errors)
FAIL: gcc.dg/vect/vect-strided-u16-i2.c -flto scan-tree-dump-times vect "vectorized 1 loops" 1
FAIL: gcc.dg/vect/vect-strided-u16-i3.c -flto (internal compiler error)
FAIL: gcc.dg/vect/vect-strided-u16-i3.c -flto (test for excess errors)
FAIL: gcc.dg/vect/vect-strided-u16-i3.c -flto scan-tree-dump-times vect "vectorized 4 loops" 1
FAIL: gcc.dg/vect/vect-strided-u16-i4.c -flto (internal compiler error)
FAIL: gcc.dg/vect/vect-strided-u16-i4.c -flto (test for excess errors)
FAIL: gcc.dg/vect/vect-strided-u16-i4.c -flto scan-tree-dump-times vect "vectorized 1 loops" 1
FAIL: gcc.dg/vect/vect-strided-u32-i4.c -flto (internal compiler error)
FAIL: gcc.dg/vect/vect-strided-u32-i4.c -flto (test for excess errors)
FAIL: gcc.dg/vect/vect-strided-u32-i4.c -flto scan-tree-dump-times vect "vectorized 1 loops" 1
FAIL: gcc.dg/vect/vect-strided-u32-mult.c -flto (internal compiler error)
FAIL: gcc.dg/vect/vect-strided-u32-mult.c -flto (test for excess errors)
FAIL: gcc.dg/vect/vect-strided-u32-mult.c -flto scan-tree-dump-times vect "vectorized 1 loops" 1
FAIL: gcc.dg/vect/vect-strided-u8-i2-gap.c -flto (internal compiler error)
FAIL: gcc.dg/vect/vect-strided-u8-i2-gap.c -flto (test for excess errors)
FAIL: gcc.dg/vect/vect-strided-u8-i2-gap.c -flto scan-tree-dump-times vect "vectorized 1 loops" 1
FAIL: gcc.dg/vect/vect-strided-u8-i2.c -flto (internal compiler error)
FAIL: gcc.dg/vect/vect-strided-u8-i2.c -flto (test for excess errors)
FAIL: gcc.dg/vect/vect-strided-u8-i2.c -flto scan-tree-dump-times vect "vectorized 1 loops" 1
FAIL: gcc.dg/vect/vect-vfa-03.c -flto (internal compiler error)
FAIL: gcc.dg/vect/vect-vfa-03.c -flto (test for excess errors)
FAIL: gcc.dg/vect/vect-vfa-03.c -flto scan-tree-dump-times vect "vectorized 1 loops" 1
XPASS: gcc.dg/vect/vect-vfa-03.c -flto scan-tree-dump-times vect "vectorized 1 loops" 0
FAIL: gcc.dg/vect/vect-widen-shift-s16.c -flto (internal compiler error)
FAIL: gcc.dg/vect/vect-widen-shift-s16.c -flto (test for excess errors)
FAIL: gcc.dg/vect/vect-widen-shift-s16.c -flto scan-tree-dump-times vect "vect_recog_widen_shift_pattern: detected" 8
FAIL: gcc.dg/vect/vect-widen-shift-s16.c -flto scan-tree-dump-times vect "vectorized 2 loops" 1
FAIL: gcc.dg/vect/slp-11b.c -flto (internal compiler error)
FAIL: gcc.dg/vect/slp-11b.c -flto (test for excess errors)
FAIL: gcc.dg/vect/slp-11b.c -flto scan-tree-dump-times vect "vectorized 1 loops" 1
FAIL: gcc.dg/vect/slp-19b.c -flto (internal compiler error)
FAIL: gcc.dg/vect/slp-19b.c -flto (test for excess errors)
FAIL: gcc.dg/vect/slp-19b.c -flto scan-tree-dump-times vect "vectorized 1 loops" 1
FAIL: gcc.dg/vect/slp-21.c -flto (internal compiler error)
FAIL: gcc.dg/vect/slp-21.c -flto (test for excess errors)
FAIL: gcc.dg/vect/slp-21.c -flto scan-tree-dump-times vect "vectorized 4 loops" 1
FAIL: gcc.dg/vect/slp-21.c -flto scan-tree-dump-times vect "vectorizing stmts using SLP" 2
FAIL: gcc.dg/vect/slp-36.c -flto (internal compiler error)
FAIL: gcc.dg/vect/slp-36.c -flto (test for excess errors)
FAIL: gcc.dg/vect/slp-perm-1.c -flto (internal compiler error)
FAIL: gcc.dg/vect/slp-perm-1.c -flto (test for excess errors)
FAIL: gcc.dg/vect/slp-perm-2.c -flto (internal compiler error)
FAIL: gcc.dg/vect/slp-perm-2.c -flto (test for excess errors)
FAIL: gcc.dg/vect/slp-perm-3.c -flto (internal compiler error)
FAIL: gcc.dg/vect/slp-perm-3.c -flto (test for excess errors)
FAIL: gcc.dg/vect/slp-perm-5.c -flto (internal compiler error)
FAIL: gcc.dg/vect/slp-perm-5.c -flto (test for excess errors)
FAIL: gcc.dg/vect/slp-perm-6.c -flto (internal compiler error)
FAIL: gcc.dg/vect/slp-perm-6.c -flto (test for excess errors)
FAIL: gcc.dg/vect/slp-perm-7.c -flto (internal compiler error)
FAIL: gcc.dg/vect/slp-perm-7.c -flto (test for excess errors)
FAIL: gcc.dg/vect/slp-perm-8.c -flto (internal compiler error)
FAIL: gcc.dg/vect/slp-perm-8.c -flto (test for excess errors)
FAIL: gcc.dg/vect/slp-perm-9.c -flto (internal compiler error)
FAIL: gcc.dg/vect/slp-perm-9.c -flto (test for excess errors)
FAIL: gcc.dg/vect/slp-perm-9.c -flto scan-tree-dump-times vect "vectorized 1 loops" 1
XPASS: gcc.dg/vect/slp-reduc-3.c -flto scan-tree-dump-times vect "vectorizing stmts using SLP" 1
FAIL: gcc.dg/vect/slp-reduc-6.c -flto (internal compiler error)
FAIL: gcc.dg/vect/slp-reduc-6.c -flto (test for excess errors)
FAIL: gcc.dg/vect/slp-reduc-6.c -flto scan-tree-dump-times vect "vectorized 1 loops" 2
FAIL: gcc.dg/vect/no-vfa-vect-101.c scan-tree-dump-times vect "can't determine dependence" 1
FAIL: gcc.dg/vect/no-vfa-vect-102.c scan-tree-dump-times vect "possible dependence between data-refs" 1
FAIL: gcc.dg/vect/no-vfa-vect-102a.c scan-tree-dump-times vect "possible dependence between data-refs" 1
FAIL: gcc.dg/vect/no-vfa-vect-37.c scan-tree-dump-times vect "can't determine dependence" 2
FAIL: gcc.dg/vect/no-vfa-vect-79.c scan-tree-dump-times vect "can't determine dependence" 1
FAIL: gcc.dg/vect/fast-math-pr43074.c (internal compiler error)
FAIL: gcc.dg/vect/fast-math-pr43074.c (test for excess errors)
FAIL: gcc.dg/vect/fast-math-pr44152.c (internal compiler error)
FAIL: gcc.dg/vect/fast-math-pr44152.c (test for excess errors)
FAIL: gcc.dg/vect/fast-math-vect-complex-3.c (internal compiler error)
FAIL: gcc.dg/vect/fast-math-vect-complex-3.c (test for excess errors)
FAIL: gcc.dg/vect/fast-math-vect-complex-3.c scan-tree-dump-times vect "vectorized 1 loops" 1
FAIL: gcc.dg/vect/wrapv-vect-reduc-pattern-2c.c scan-tree-dump-times vect "vectorized 1 loops" 0
FAIL: gcc.dg/vect/no-scevccp-outer-10a.c (internal compiler error)
FAIL: gcc.dg/vect/no-scevccp-outer-10a.c (test for excess errors)
FAIL: gcc.dg/vect/no-scevccp-outer-10a.c scan-tree-dump-times vect "OUTER LOOP VECTORIZED." 1
FAIL: gcc.dg/vect/no-scevccp-outer-10b.c (internal compiler error)
FAIL: gcc.dg/vect/no-scevccp-outer-10b.c (test for excess errors)
FAIL: gcc.dg/vect/no-scevccp-outer-10b.c scan-tree-dump-times vect "OUTER LOOP VECTORIZED." 1
XPASS: gcc.dg/vect/no-scevccp-outer-16.c scan-tree-dump-times vect "OUTER LOOP VECTORIZED." 1
XPASS: gcc.dg/vect/no-scevccp-outer-17.c scan-tree-dump-times vect "OUTER LOOP VECTORIZED." 1
FAIL: gcc.dg/vect/no-scevccp-outer-18.c (internal compiler error)
FAIL: gcc.dg/vect/no-scevccp-outer-18.c (test for excess errors)
FAIL: gcc.dg/vect/no-scevccp-outer-18.c scan-tree-dump-times vect "OUTER LOOP VECTORIZED." 1
XPASS: gcc.dg/vect/no-scevccp-outer-19.c scan-tree-dump-times vect "OUTER LOOP VECTORIZED." 1
FAIL: gcc.dg/vect/no-scevccp-outer-20.c (internal compiler error)
FAIL: gcc.dg/vect/no-scevccp-outer-20.c (test for excess errors)
FAIL: gcc.dg/vect/no-scevccp-outer-20.c scan-tree-dump-times vect "OUTER LOOP VECTORIZED." 1
XPASS: gcc.dg/vect/no-scevccp-outer-21.c scan-tree-dump-times vect "OUTER LOOP VECTORIZED." 1
FAIL: gcc.dg/vect/if-cvt-stores-vect-ifcvt-18.c (internal compiler error)
FAIL: gcc.dg/vect/if-cvt-stores-vect-ifcvt-18.c (test for excess errors)
FAIL: gcc.dg/vect/if-cvt-stores-vect-ifcvt-18.c scan-tree-dump-times vect "vectorized 1 loops" 1
FAIL: gcc.dg/vect/O3-pr36098.c (internal compiler error)
FAIL: gcc.dg/vect/O3-pr36098.c (test for excess errors)
FAIL: gcc.dg/vect/O3-pr39675-2.c (internal compiler error)
FAIL: gcc.dg/vect/O3-pr39675-2.c (test for excess errors)
FAIL: gcc.dg/vect/O3-pr39675-2.c scan-tree-dump-times vect "vectorized 1 loops" 1
FAIL: gcc.target/arm/di-longlong64-sync-withldrexd.c scan-assembler-times \\tldrexd 46
FAIL: gcc.target/arm/di-longlong64-sync-withldrexd.c scan-assembler-times \\tstrexd 46
FAIL: gcc.target/arm/pr42575.c scan-assembler-not mov
FAIL: gcc.target/arm/sibcall-1.c scan-assembler \\tb\\tfunc2(\\\\(PLT\\\\))?\\n
=== gcc Summary ===
# of expected passes 78812
# of unexpected failures 448
# of unexpected successes 10
# of expected failures 233
# of unresolved testcases 16
# of unsupported tests 1281
/home/dave/gnu/gcc/objdir/gcc/xgcc version 4.7.0 20111114 (experimental) [trunk revision 181369] (GCC)
=== gfortran tests ===
Running target unix
FAIL: gfortran.dg/select_type_12.f03 -O (internal compiler error)
FAIL: gfortran.dg/select_type_12.f03 -O (test for excess errors)
FAIL: gfortran.dg/zero_sized_1.f90 -O0 execution test
FAIL: gfortran.dg/vect/pr19049.f90 -O scan-tree-dump-times vect "complicated access pattern" 1
FAIL: gfortran.dg/vect/fast-math-pr38968.f90 (internal compiler error)
FAIL: gfortran.dg/vect/fast-math-pr38968.f90 (test for excess errors)
=== gfortran Summary ===
# of expected passes 38792
# of unexpected failures 6
# of expected failures 42
# of unsupported tests 393
/home/dave/gnu/gcc/objdir/gcc/testsuite/gfortran/../../gfortran version 4.7.0 20111114 (experimental) [trunk revision 181369] (GCC)
=== obj-c++ tests ===
Running target unix
FAIL: obj-c++.dg/naming-3.mm -fgnu-runtime (test for errors, line 6)
FAIL: obj-c++.dg/naming-4.mm -fgnu-runtime (test for errors, line 31)
FAIL: obj-c++.dg/naming-4.mm -fgnu-runtime (test for warnings, line 63)
FAIL: obj-c++.dg/naming-4.mm -fgnu-runtime (test for warnings, line 100)
=== obj-c++ Summary ===
# of expected passes 1446
# of unexpected failures 4
# of expected failures 2
# of unsupported tests 86
/home/dave/gnu/gcc/objdir/gcc/testsuite/obj-c++/../../g++ version 4.7.0 20111114 (experimental) [trunk revision 181369] (GCC)
=== objc tests ===
Running target unix
FAIL: objc.dg-struct-layout-encoding-1/t025_main.m execution test
FAIL: objc.dg-struct-layout-encoding-1/t027_main.m execution test
FAIL: objc.dg-struct-layout-encoding-1/t028_main.m execution test
FAIL: objc.dg-struct-layout-encoding-1/t029_main.m execution test
FAIL: objc.dg-struct-layout-encoding-1/t030_main.m execution test
FAIL: objc.dg-struct-layout-encoding-1/t031_main.m execution test
=== objc Summary ===
# of expected passes 2988
# of unexpected failures 6
# of unsupported tests 74
/home/dave/gnu/gcc/objdir/gcc/xgcc version 4.7.0 20111114 (experimental) [trunk revision 181369] (GCC)
Compiler version: 4.7.0 20111114 (experimental) [trunk revision 181369] (GCC)
Platform: armv5tejl-unknown-linux-gnueabi
configure flags: --enable-languages=c,c++,fortran,objc,obj-c++ --enable-checking=release --enable-shared --enable-threads --disable-multilib --disable-libmudflap --disable-libssp --enable-symvers=gnu --enable-__cxa_atexit --disable-libstdcxx-pch --prefix=/home/dave/opt/gnu/gcc/gcc-4.7 --with-gmp=/home/dave/opt/gnu --with-as=/home/dave/opt/gnu/bin/as --with-ld=/home/dave/opt/gnu/bin/ld