This is the mail archive of the gcc-testresults@gcc.gnu.org mailing list for the GCC project.


Index Nav: [Date Index] [Subject Index] [Author Index] [Thread Index]
Message Nav: [Date Prev] [Date Next] [Thread Prev] [Thread Next]
Other format: [Raw text]

Results for 4.6.2 (Blastwave.org Inc Mon Nov 7 16:53:21 GMT 2011) testsuite on sparc-sun-solaris2.8


mimas $ date
Wed Nov  9 21:47:47 GMT 2011
mimas $ uname -a
SunOS mimas 5.8 Generic_127721-03 sun4u sparc SUNW,UltraAX-i2 Solaris
mimas $ which gcc
/opt/bw/bin/gcc
mimas $ gcc --version
gcc (Blastwave.org Inc. Wed Jun 29 13:04:16 GMT 2011) 4.6.1
Copyright (C) 2011 Free Software Foundation, Inc.
This is free software; see the source for copying conditions.  There is NO
warranty; not even for MERCHANTABILITY or FITNESS FOR A PARTICULAR PURPOSE.

mimas $ which as
/usr/ccs/bin/as
mimas $ which ld
/usr/ccs/bin/ld
mimas $ cat /etc/release
                       Solaris 8 2/04 s28s_hw4wos_05a SPARC
           Copyright 2004 Sun Microsystems, Inc.  All Rights Reserved.
                            Assembled 08 January 2004

mimas $ ulimit -a
time(seconds)        unlimited
file(blocks)         unlimited
data(kbytes)         unlimited
stack(kbytes)        16384
coredump(blocks)     unlimited
nofiles(descriptors) 256
vmemory(kbytes)      unlimited
mimas $
mimas $ ../gcc-4.6.2/contrib/test_summary
cat <<'EOF' |
LAST_UPDATED: Obtained from SVN: tags/gcc_4_6_2_release revision 180516

                === acats tests ===

                === acats Summary ===
# of expected passes            2321
# of unexpected failures        0
Native configuration is sparc-sun-solaris2.8

                === g++ tests ===


Running target unix
XPASS: g++.dg/uninit-pred-3_b.C (test for excess errors)
FAIL: g++.dg/lto/20091219 cp_lto_20091219_0.o-cp_lto_20091219_0.o link,
-O3 -flto
UNRESOLVED: g++.dg/lto/20091219 cp_lto_20091219_0.o-cp_lto_20091219_0.o
execute -O3 -flto
FAIL: g++.dg/torture/pr31863.C  -O2 -flto  (test for excess errors)

                === g++ Summary ===

# of expected passes            26350
# of unexpected failures        2
# of unexpected successes       1
# of expected failures          169
# of unresolved testcases       1
# of unsupported tests          496
/opt/bw/src/GCC/gcc-4.6.2-SunOS5.8-sparc/gcc/testsuite/g++/../../g++ 
version 4.6.2 (Blastwave.org Inc Mon Nov  7 16:53:21 GMT 2011)

                === gcc tests ===


Running target unix
FAIL: gcc.dg/lto/20110201-1 c_lto_20110201-1_0.o-c_lto_20110201-1_0.o
link,  -O0 -flto
UNRESOLVED: gcc.dg/lto/20110201-1
c_lto_20110201-1_0.o-c_lto_20110201-1_0.o execute  -O0 -flto

                === gcc Summary ===

# of expected passes            70002
# of unexpected failures        1
# of expected failures          235
# of unresolved testcases       1
# of unsupported tests          1240
/opt/bw/src/GCC/gcc-4.6.2-SunOS5.8-sparc/gcc/xgcc  version 4.6.2
(Blastwave.org Inc Mon Nov  7 16:53:21 GMT 2011)

                === gfortran tests ===


Running target unix

                === gfortran Summary ===

# of expected passes            38262
# of expected failures          43
# of unsupported tests          404
/opt/bw/src/GCC/gcc-4.6.2-SunOS5.8-sparc/gcc/testsuite/gfortran/../../gfortran
 version 4.6.2 (Blastwave.org Inc Mon Nov  7 16:53:21 GMT 2011)

                === gnat tests ===


Running target unix

                === gnat Summary ===

# of expected passes            871
# of expected failures          10
# of unsupported tests          4
/opt/bw/src/GCC/gcc-4.6.2-SunOS5.8-sparc/gcc/gnatmake version 4.6.2

                === objc tests ===


Running target unix

                === objc Summary ===

# of expected passes            2916
# of expected failures          10
# of unsupported tests          74
/opt/bw/src/GCC/gcc-4.6.2-SunOS5.8-sparc/gcc/xgcc  version 4.6.2
(Blastwave.org Inc Mon Nov  7 16:53:21 GMT 2011)

                === libgomp tests ===


Running target unix

                === libgomp Summary ===

# of expected passes            2612
# of unsupported tests          10
                === libstdc++ tests ===


Running target unix

                === libstdc++ Summary ===

# of expected passes            6880
# of expected failures          84
# of unsupported tests          742

Compiler version: 4.6.2 (Blastwave.org Inc Mon Nov 7 16:53:21 GMT 2011)
Platform: sparc-sun-solaris2.8
configure flags: --host=sparc-sun-solaris2.8 --build=sparc-sun-solaris2.8
--with-as=/usr/ccs/bin/as --without-gnu-ld --with-ld=/usr/ccs/bin/ld
--enable-multilib --enable-nls --enable-threads=posix --prefix=/opt/bw
--enable-shared --libdir=/opt/bw/lib/sparcv8
--with-gmp-include=/opt/bw/include --with-gmp-lib=/opt/bw/lib/sparcv8
--with-mpfr-include=/opt/bw/include --with-mpfr-lib=/opt/bw/lib/sparcv8
--with-mpc-include=/opt/bw/include --with-mpc-lib=/opt/bw/lib/sparcv8
--libexecdir=/opt/bw/lib --with-gxx-include-dir=/opt/bw/include
--with-local-prefix=/opt/bw/include --with-pkgversion='Blastwave.org Inc
Mon Nov  7 16:53:21 GMT 2011'
--with-bugurl=http://www.blastwave.org/support
--enable-languages=c,c++,objc,fortran,ada --enable-bootstrap
EOF


-- 
--
http://pgp.mit.edu:11371/pks/lookup?op=vindex&search=0x1D936C72FA35B44B
+-------------------------+-----------------------------------+
| Dennis Clarke           | Solaris and Linux and Open Source |
| dclarke@blastwave.org   | Respect for open standards.       |
+-------------------------+-----------------------------------+


Index Nav: [Date Index] [Subject Index] [Author Index] [Thread Index]
Message Nav: [Date Prev] [Date Next] [Thread Prev] [Thread Next]