This is the mail archive of the gcc-testresults@gcc.gnu.org mailing list for the GCC project.


Index Nav: [Date Index] [Subject Index] [Author Index] [Thread Index]
Message Nav: [Date Prev] [Date Next] [Thread Prev] [Thread Next]
Other format: [Raw text]

Results for 4.6.2 (Blastwave.org Inc Wed Nov 2 14:12:26 GMT 2011) testsuite on sparc-sun-solaris2.8


# uname -a
SunOS mimas 5.8 Generic_127721-03 sun4u sparc SUNW,UltraAX-i2 Solaris
#
# which gcc
/opt/bw/bin/gcc
#
# gcc --version
gcc (Blastwave.org Inc. Wed Jun 29 13:04:16 GMT 2011) 4.6.1
Copyright (C) 2011 Free Software Foundation, Inc.
This is free software; see the source for copying conditions.  There is NO
warranty; not even for MERCHANTABILITY or FITNESS FOR A PARTICULAR PURPOSE.

# which as
/usr/ccs/bin/as
# which ld
/usr/ccs/bin/ld
#
# cat /etc/release
                       Solaris 8 2/04 s28s_hw4wos_05a SPARC
           Copyright 2004 Sun Microsystems, Inc.  All Rights Reserved.
                            Assembled 08 January 2004
# date
Mon Nov  7 00:41:37 GMT 2011
#
# ../gcc-4.6.2/contrib/test_summary
cat <<'EOF' |
LAST_UPDATED: Obtained from SVN: tags/gcc_4_6_2_release revision 180516

                === acats tests ===

                === acats Summary ===
# of expected passes            2321
# of unexpected failures        0
Native configuration is sparc-sun-solaris2.8

                === g++ tests ===


Running target unix
XPASS: g++.dg/uninit-pred-3_b.C (test for excess errors)
FAIL: g++.dg/lto/20091219 cp_lto_20091219_0.o-cp_lto_20091219_0.o link,
-O3 -flto
UNRESOLVED: g++.dg/lto/20091219 cp_lto_20091219_0.o-cp_lto_20091219_0.o
execute -O3 -flto
FAIL: g++.dg/torture/pr31863.C  -O2 -flto  (test for excess errors)

                === g++ Summary ===

# of expected passes            26350
# of unexpected failures        2
# of unexpected successes       1
# of expected failures          169
# of unresolved testcases       1
# of unsupported tests          496
/opt/bw/src/GCC/gcc-4.6.2-SunOS5.8-sparc/gcc/testsuite/g++/../../g++ 
version 4.6.2 (Blastwave.org Inc Wed Nov  2 14:12:26 GMT 2011)

                === gcc tests ===


Running target unix
FAIL: gcc.c-torture/compile/limits-exprparen.c  -O0  (internal compiler
error)
FAIL: gcc.c-torture/compile/limits-exprparen.c  -O0  (test for excess errors)
FAIL: gcc.c-torture/compile/limits-exprparen.c  -O1  (internal compiler
error)
FAIL: gcc.c-torture/compile/limits-exprparen.c  -O1  (test for excess errors)
FAIL: gcc.c-torture/compile/limits-exprparen.c  -O2  (internal compiler
error)
FAIL: gcc.c-torture/compile/limits-exprparen.c  -O2  (test for excess errors)
FAIL: gcc.c-torture/compile/limits-exprparen.c  -O3 -fomit-frame-pointer 
(internal compiler error)
FAIL: gcc.c-torture/compile/limits-exprparen.c  -O3 -fomit-frame-pointer 
(test for excess errors)
FAIL: gcc.c-torture/compile/limits-exprparen.c  -O3 -g  (internal compiler
error)
FAIL: gcc.c-torture/compile/limits-exprparen.c  -O3 -g  (test for excess
errors)
FAIL: gcc.c-torture/compile/limits-exprparen.c  -Os  (internal compiler
error)
FAIL: gcc.c-torture/compile/limits-exprparen.c  -Os  (test for excess errors)
FAIL: gcc.c-torture/compile/limits-exprparen.c  -O2 -flto
-flto-partition=none  (internal compiler error)
FAIL: gcc.c-torture/compile/limits-exprparen.c  -O2 -flto
-flto-partition=none  (test for excess errors)
FAIL: gcc.c-torture/compile/limits-exprparen.c  -O2 -flto  (internal
compiler error)
FAIL: gcc.c-torture/compile/limits-exprparen.c  -O2 -flto  (test for
excess errors)
FAIL: gcc.dg/lto/20110201-1 c_lto_20110201-1_0.o-c_lto_20110201-1_0.o
link,  -O0 -flto
UNRESOLVED: gcc.dg/lto/20110201-1
c_lto_20110201-1_0.o-c_lto_20110201-1_0.o execute  -O0 -flto

                === gcc Summary ===

# of expected passes            69994
# of unexpected failures        17
# of expected failures          235
# of unresolved testcases       1
# of unsupported tests          1240
/opt/bw/src/GCC/gcc-4.6.2-SunOS5.8-sparc/gcc/xgcc  version 4.6.2
(Blastwave.org Inc Wed Nov  2 14:12:26 GMT 2011)

                === gfortran tests ===


Running target unix
FAIL: gfortran.dg/dev_null.F90  -O0  execution test
FAIL: gfortran.dg/dev_null.F90  -O1  execution test
FAIL: gfortran.dg/dev_null.F90  -O2  execution test
FAIL: gfortran.dg/dev_null.F90  -O3 -fomit-frame-pointer  execution test
FAIL: gfortran.dg/dev_null.F90  -O3 -fomit-frame-pointer -funroll-loops 
execution test
FAIL: gfortran.dg/dev_null.F90  -O3 -fomit-frame-pointer
-funroll-all-loops -finline-functions  execution test
FAIL: gfortran.dg/dev_null.F90  -O3 -g  execution test
FAIL: gfortran.dg/dev_null.F90  -Os  execution test

                === gfortran Summary ===

# of expected passes            38254
# of unexpected failures        8
# of expected failures          43
# of unsupported tests          404
/opt/bw/src/GCC/gcc-4.6.2-SunOS5.8-sparc/gcc/testsuite/gfortran/../../gfortran
 version 4.6.2 (Blastwave.org Inc Wed Nov  2 14:12:26 GMT 2011)

                === gnat tests ===


Running target unix

                === gnat Summary ===

# of expected passes            871
# of expected failures          10
# of unsupported tests          4
/opt/bw/src/GCC/gcc-4.6.2-SunOS5.8-sparc/gcc/gnatmake version 4.6.2

                === go tests ===


Running target unix
FAIL: go.go-torture/execute/array-1.go compilation,  -O0
FAIL: go.go-torture/execute/array-1.go compilation,  -O1
FAIL: go.go-torture/execute/array-1.go compilation,  -O2
FAIL: go.go-torture/execute/array-1.go compilation,  -O2
-fomit-frame-pointer -finline-functions
FAIL: go.go-torture/execute/array-1.go compilation,  -O2
-fomit-frame-pointer -finline-functions -funroll-loops
FAIL: go.go-torture/execute/array-1.go compilation,  -O2 -fbounds-check
FAIL: go.go-torture/execute/array-1.go compilation,  -O3 -g
FAIL: go.go-torture/execute/array-1.go compilation,  -Os
FAIL: go.go-torture/execute/array-2.go compilation,  -O0
FAIL: go.go-torture/execute/array-2.go compilation,  -O1
FAIL: go.go-torture/execute/array-2.go compilation,  -O2
FAIL: go.go-torture/execute/array-2.go compilation,  -O2
-fomit-frame-pointer -finline-functions
FAIL: go.go-torture/execute/array-2.go compilation,  -O2
-fomit-frame-pointer -finline-functions -funroll-loops
FAIL: go.go-torture/execute/array-2.go compilation,  -O2 -fbounds-check
FAIL: go.go-torture/execute/array-2.go compilation,  -O3 -g
FAIL: go.go-torture/execute/array-2.go compilation,  -Os
FAIL: go.go-torture/execute/chan-1.go compilation,  -O0
FAIL: go.go-torture/execute/chan-1.go compilation,  -O1
FAIL: go.go-torture/execute/chan-1.go compilation,  -O2
FAIL: go.go-torture/execute/chan-1.go compilation,  -O2
-fomit-frame-pointer -finline-functions
FAIL: go.go-torture/execute/chan-1.go compilation,  -O2
-fomit-frame-pointer -finline-functions -funroll-loops
FAIL: go.go-torture/execute/chan-1.go compilation,  -O2 -fbounds-check
FAIL: go.go-torture/execute/chan-1.go compilation,  -O3 -g
FAIL: go.go-torture/execute/chan-1.go compilation,  -Os
FAIL: go.go-torture/execute/const-1.go compilation,  -O0
FAIL: go.go-torture/execute/const-1.go compilation,  -O1
FAIL: go.go-torture/execute/const-1.go compilation,  -O2
FAIL: go.go-torture/execute/const-1.go compilation,  -O2
-fomit-frame-pointer -finline-functions
FAIL: go.go-torture/execute/const-1.go compilation,  -O2
-fomit-frame-pointer -finline-functions -funroll-loops
FAIL: go.go-torture/execute/const-1.go compilation,  -O2 -fbounds-check
FAIL: go.go-torture/execute/const-1.go compilation,  -O3 -g
FAIL: go.go-torture/execute/const-1.go compilation,  -Os
FAIL: go.go-torture/execute/const-2.go compilation,  -O0
FAIL: go.go-torture/execute/const-2.go compilation,  -O1
FAIL: go.go-torture/execute/const-2.go compilation,  -O2
FAIL: go.go-torture/execute/const-2.go compilation,  -O2
-fomit-frame-pointer -finline-functions
FAIL: go.go-torture/execute/const-2.go compilation,  -O2
-fomit-frame-pointer -finline-functions -funroll-loops
FAIL: go.go-torture/execute/const-2.go compilation,  -O2 -fbounds-check
FAIL: go.go-torture/execute/const-2.go compilation,  -O3 -g
FAIL: go.go-torture/execute/const-2.go compilation,  -Os
FAIL: go.go-torture/execute/expr-1.go compilation,  -O0
FAIL: go.go-torture/execute/expr-1.go compilation,  -O1
FAIL: go.go-torture/execute/expr-1.go compilation,  -O2
FAIL: go.go-torture/execute/expr-1.go compilation,  -O2
-fomit-frame-pointer -finline-functions
FAIL: go.go-torture/execute/expr-1.go compilation,  -O2
-fomit-frame-pointer -finline-functions -funroll-loops
FAIL: go.go-torture/execute/expr-1.go compilation,  -O2 -fbounds-check
FAIL: go.go-torture/execute/expr-1.go compilation,  -O3 -g
FAIL: go.go-torture/execute/expr-1.go compilation,  -Os
FAIL: go.go-torture/execute/for-1.go compilation,  -O0
FAIL: go.go-torture/execute/for-1.go compilation,  -O1
FAIL: go.go-torture/execute/for-1.go compilation,  -O2
FAIL: go.go-torture/execute/for-1.go compilation,  -O2
-fomit-frame-pointer -finline-functions
FAIL: go.go-torture/execute/for-1.go compilation,  -O2
-fomit-frame-pointer -finline-functions -funroll-loops
FAIL: go.go-torture/execute/for-1.go compilation,  -O2 -fbounds-check
FAIL: go.go-torture/execute/for-1.go compilation,  -O3 -g
FAIL: go.go-torture/execute/for-1.go compilation,  -Os
FAIL: go.go-torture/execute/for-2.go compilation,  -O0
FAIL: go.go-torture/execute/for-2.go compilation,  -O1
FAIL: go.go-torture/execute/for-2.go compilation,  -O2
FAIL: go.go-torture/execute/for-2.go compilation,  -O2
-fomit-frame-pointer -finline-functions
FAIL: go.go-torture/execute/for-2.go compilation,  -O2
-fomit-frame-pointer -finline-functions -funroll-loops
FAIL: go.go-torture/execute/for-2.go compilation,  -O2 -fbounds-check
FAIL: go.go-torture/execute/for-2.go compilation,  -O3 -g
FAIL: go.go-torture/execute/for-2.go compilation,  -Os
FAIL: go.go-torture/execute/function-1.go compilation,  -O0
FAIL: go.go-torture/execute/function-1.go compilation,  -O1
FAIL: go.go-torture/execute/function-1.go compilation,  -O2
FAIL: go.go-torture/execute/function-1.go compilation,  -O2
-fomit-frame-pointer -finline-functions
FAIL: go.go-torture/execute/function-1.go compilation,  -O2
-fomit-frame-pointer -finline-functions -funroll-loops
FAIL: go.go-torture/execute/function-1.go compilation,  -O2 -fbounds-check
FAIL: go.go-torture/execute/function-1.go compilation,  -O3 -g
FAIL: go.go-torture/execute/function-1.go compilation,  -Os
FAIL: go.go-torture/execute/function-2.go compilation,  -O0
FAIL: go.go-torture/execute/function-2.go compilation,  -O1
FAIL: go.go-torture/execute/function-2.go compilation,  -O2
FAIL: go.go-torture/execute/function-2.go compilation,  -O2
-fomit-frame-pointer -finline-functions
FAIL: go.go-torture/execute/function-2.go compilation,  -O2
-fomit-frame-pointer -finline-functions -funroll-loops
FAIL: go.go-torture/execute/function-2.go compilation,  -O2 -fbounds-check
FAIL: go.go-torture/execute/function-2.go compilation,  -O3 -g
FAIL: go.go-torture/execute/function-2.go compilation,  -Os
FAIL: go.go-torture/execute/go-1.go compilation,  -O0
FAIL: go.go-torture/execute/go-1.go compilation,  -O1
FAIL: go.go-torture/execute/go-1.go compilation,  -O2
FAIL: go.go-torture/execute/go-1.go compilation,  -O2 -fomit-frame-pointer
-finline-functions
FAIL: go.go-torture/execute/go-1.go compilation,  -O2 -fomit-frame-pointer
-finline-functions -funroll-loops
FAIL: go.go-torture/execute/go-1.go compilation,  -O2 -fbounds-check
FAIL: go.go-torture/execute/go-1.go compilation,  -O3 -g
FAIL: go.go-torture/execute/go-1.go compilation,  -Os
FAIL: go.go-torture/execute/go-2.go compilation,  -O0
FAIL: go.go-torture/execute/go-2.go compilation,  -O1
FAIL: go.go-torture/execute/go-2.go compilation,  -O2
FAIL: go.go-torture/execute/go-2.go compilation,  -O2 -fomit-frame-pointer
-finline-functions
FAIL: go.go-torture/execute/go-2.go compilation,  -O2 -fomit-frame-pointer
-finline-functions -funroll-loops
FAIL: go.go-torture/execute/go-2.go compilation,  -O2 -fbounds-check
FAIL: go.go-torture/execute/go-2.go compilation,  -O3 -g
FAIL: go.go-torture/execute/go-2.go compilation,  -Os
FAIL: go.go-torture/execute/go-3.go compilation,  -O0
FAIL: go.go-torture/execute/go-3.go compilation,  -O1
FAIL: go.go-torture/execute/go-3.go compilation,  -O2
FAIL: go.go-torture/execute/go-3.go compilation,  -O2 -fomit-frame-pointer
-finline-functions
FAIL: go.go-torture/execute/go-3.go compilation,  -O2 -fomit-frame-pointer
-finline-functions -funroll-loops
FAIL: go.go-torture/execute/go-3.go compilation,  -O2 -fbounds-check
FAIL: go.go-torture/execute/go-3.go compilation,  -O3 -g
FAIL: go.go-torture/execute/go-3.go compilation,  -Os
FAIL: go.go-torture/execute/goto-1.go compilation,  -O0
FAIL: go.go-torture/execute/goto-1.go compilation,  -O1
FAIL: go.go-torture/execute/goto-1.go compilation,  -O2
FAIL: go.go-torture/execute/goto-1.go compilation,  -O2
-fomit-frame-pointer -finline-functions
FAIL: go.go-torture/execute/goto-1.go compilation,  -O2
-fomit-frame-pointer -finline-functions -funroll-loops
FAIL: go.go-torture/execute/goto-1.go compilation,  -O2 -fbounds-check
FAIL: go.go-torture/execute/goto-1.go compilation,  -O3 -g
FAIL: go.go-torture/execute/goto-1.go compilation,  -Os
FAIL: go.go-torture/execute/map-1.go compilation,  -O0
FAIL: go.go-torture/execute/map-1.go compilation,  -O1
FAIL: go.go-torture/execute/map-1.go compilation,  -O2
FAIL: go.go-torture/execute/map-1.go compilation,  -O2
-fomit-frame-pointer -finline-functions
FAIL: go.go-torture/execute/map-1.go compilation,  -O2
-fomit-frame-pointer -finline-functions -funroll-loops
FAIL: go.go-torture/execute/map-1.go compilation,  -O2 -fbounds-check
FAIL: go.go-torture/execute/map-1.go compilation,  -O3 -g
FAIL: go.go-torture/execute/map-1.go compilation,  -Os
FAIL: go.go-torture/execute/method-1.go compilation,  -O0
FAIL: go.go-torture/execute/method-1.go compilation,  -O1
FAIL: go.go-torture/execute/method-1.go compilation,  -O2
FAIL: go.go-torture/execute/method-1.go compilation,  -O2
-fomit-frame-pointer -finline-functions
FAIL: go.go-torture/execute/method-1.go compilation,  -O2
-fomit-frame-pointer -finline-functions -funroll-loops
FAIL: go.go-torture/execute/method-1.go compilation,  -O2 -fbounds-check
FAIL: go.go-torture/execute/method-1.go compilation,  -O3 -g
FAIL: go.go-torture/execute/method-1.go compilation,  -Os
FAIL: go.go-torture/execute/nested-1.go compilation,  -O0
FAIL: go.go-torture/execute/nested-1.go compilation,  -O1
FAIL: go.go-torture/execute/nested-1.go compilation,  -O2
FAIL: go.go-torture/execute/nested-1.go compilation,  -O2
-fomit-frame-pointer -finline-functions
FAIL: go.go-torture/execute/nested-1.go compilation,  -O2
-fomit-frame-pointer -finline-functions -funroll-loops
FAIL: go.go-torture/execute/nested-1.go compilation,  -O2 -fbounds-check
FAIL: go.go-torture/execute/nested-1.go compilation,  -O3 -g
FAIL: go.go-torture/execute/nested-1.go compilation,  -Os
FAIL: go.go-torture/execute/pointer-1.go compilation,  -O0
FAIL: go.go-torture/execute/pointer-1.go compilation,  -O1
FAIL: go.go-torture/execute/pointer-1.go compilation,  -O2
FAIL: go.go-torture/execute/pointer-1.go compilation,  -O2
-fomit-frame-pointer -finline-functions
FAIL: go.go-torture/execute/pointer-1.go compilation,  -O2
-fomit-frame-pointer -finline-functions -funroll-loops
FAIL: go.go-torture/execute/pointer-1.go compilation,  -O2 -fbounds-check
FAIL: go.go-torture/execute/pointer-1.go compilation,  -O3 -g
FAIL: go.go-torture/execute/pointer-1.go compilation,  -Os
FAIL: go.go-torture/execute/return-1.go compilation,  -O0
FAIL: go.go-torture/execute/return-1.go compilation,  -O1
FAIL: go.go-torture/execute/return-1.go compilation,  -O2
FAIL: go.go-torture/execute/return-1.go compilation,  -O2
-fomit-frame-pointer -finline-functions
FAIL: go.go-torture/execute/return-1.go compilation,  -O2
-fomit-frame-pointer -finline-functions -funroll-loops
FAIL: go.go-torture/execute/return-1.go compilation,  -O2 -fbounds-check
FAIL: go.go-torture/execute/return-1.go compilation,  -O3 -g
FAIL: go.go-torture/execute/return-1.go compilation,  -Os
FAIL: go.go-torture/execute/return-2.go compilation,  -O0
FAIL: go.go-torture/execute/return-2.go compilation,  -O1
FAIL: go.go-torture/execute/return-2.go compilation,  -O2
FAIL: go.go-torture/execute/return-2.go compilation,  -O2
-fomit-frame-pointer -finline-functions
FAIL: go.go-torture/execute/return-2.go compilation,  -O2
-fomit-frame-pointer -finline-functions -funroll-loops
FAIL: go.go-torture/execute/return-2.go compilation,  -O2 -fbounds-check
FAIL: go.go-torture/execute/return-2.go compilation,  -O3 -g
FAIL: go.go-torture/execute/return-2.go compilation,  -Os
FAIL: go.go-torture/execute/return-3.go compilation,  -O0
FAIL: go.go-torture/execute/return-3.go compilation,  -O1
FAIL: go.go-torture/execute/return-3.go compilation,  -O2
FAIL: go.go-torture/execute/return-3.go compilation,  -O2
-fomit-frame-pointer -finline-functions
FAIL: go.go-torture/execute/return-3.go compilation,  -O2
-fomit-frame-pointer -finline-functions -funroll-loops
FAIL: go.go-torture/execute/return-3.go compilation,  -O2 -fbounds-check
FAIL: go.go-torture/execute/return-3.go compilation,  -O3 -g
FAIL: go.go-torture/execute/return-3.go compilation,  -Os
FAIL: go.go-torture/execute/select-1.go compilation,  -O0
FAIL: go.go-torture/execute/select-1.go compilation,  -O1
FAIL: go.go-torture/execute/select-1.go compilation,  -O2
FAIL: go.go-torture/execute/select-1.go compilation,  -O2
-fomit-frame-pointer -finline-functions
FAIL: go.go-torture/execute/select-1.go compilation,  -O2
-fomit-frame-pointer -finline-functions -funroll-loops
FAIL: go.go-torture/execute/select-1.go compilation,  -O2 -fbounds-check
FAIL: go.go-torture/execute/select-1.go compilation,  -O3 -g
FAIL: go.go-torture/execute/select-1.go compilation,  -Os
FAIL: go.go-torture/execute/string-1.go compilation,  -O0
FAIL: go.go-torture/execute/string-1.go compilation,  -O1
FAIL: go.go-torture/execute/string-1.go compilation,  -O2
FAIL: go.go-torture/execute/string-1.go compilation,  -O2
-fomit-frame-pointer -finline-functions
FAIL: go.go-torture/execute/string-1.go compilation,  -O2
-fomit-frame-pointer -finline-functions -funroll-loops
FAIL: go.go-torture/execute/string-1.go compilation,  -O2 -fbounds-check
FAIL: go.go-torture/execute/string-1.go compilation,  -O3 -g
FAIL: go.go-torture/execute/string-1.go compilation,  -Os
FAIL: go.go-torture/execute/string-2.go compilation,  -O0
FAIL: go.go-torture/execute/string-2.go compilation,  -O1
FAIL: go.go-torture/execute/string-2.go compilation,  -O2
FAIL: go.go-torture/execute/string-2.go compilation,  -O2
-fomit-frame-pointer -finline-functions
FAIL: go.go-torture/execute/string-2.go compilation,  -O2
-fomit-frame-pointer -finline-functions -funroll-loops
FAIL: go.go-torture/execute/string-2.go compilation,  -O2 -fbounds-check
FAIL: go.go-torture/execute/string-2.go compilation,  -O3 -g
FAIL: go.go-torture/execute/string-2.go compilation,  -Os
FAIL: go.go-torture/execute/struct-1.go compilation,  -O0
FAIL: go.go-torture/execute/struct-1.go compilation,  -O1
FAIL: go.go-torture/execute/struct-1.go compilation,  -O2
FAIL: go.go-torture/execute/struct-1.go compilation,  -O2
-fomit-frame-pointer -finline-functions
FAIL: go.go-torture/execute/struct-1.go compilation,  -O2
-fomit-frame-pointer -finline-functions -funroll-loops
FAIL: go.go-torture/execute/struct-1.go compilation,  -O2 -fbounds-check
FAIL: go.go-torture/execute/struct-1.go compilation,  -O3 -g
FAIL: go.go-torture/execute/struct-1.go compilation,  -Os
FAIL: go.go-torture/execute/struct-2.go compilation,  -O0
FAIL: go.go-torture/execute/struct-2.go compilation,  -O1
FAIL: go.go-torture/execute/struct-2.go compilation,  -O2
FAIL: go.go-torture/execute/struct-2.go compilation,  -O2
-fomit-frame-pointer -finline-functions
FAIL: go.go-torture/execute/struct-2.go compilation,  -O2
-fomit-frame-pointer -finline-functions -funroll-loops
FAIL: go.go-torture/execute/struct-2.go compilation,  -O2 -fbounds-check
FAIL: go.go-torture/execute/struct-2.go compilation,  -O3 -g
FAIL: go.go-torture/execute/struct-2.go compilation,  -Os
FAIL: go.go-torture/execute/switch-1.go compilation,  -O0
FAIL: go.go-torture/execute/switch-1.go compilation,  -O1
FAIL: go.go-torture/execute/switch-1.go compilation,  -O2
FAIL: go.go-torture/execute/switch-1.go compilation,  -O2
-fomit-frame-pointer -finline-functions
FAIL: go.go-torture/execute/switch-1.go compilation,  -O2
-fomit-frame-pointer -finline-functions -funroll-loops
FAIL: go.go-torture/execute/switch-1.go compilation,  -O2 -fbounds-check
FAIL: go.go-torture/execute/switch-1.go compilation,  -O3 -g
FAIL: go.go-torture/execute/switch-1.go compilation,  -Os
FAIL: go.go-torture/execute/var-1.go compilation,  -O0
FAIL: go.go-torture/execute/var-1.go compilation,  -O1
FAIL: go.go-torture/execute/var-1.go compilation,  -O2
FAIL: go.go-torture/execute/var-1.go compilation,  -O2
-fomit-frame-pointer -finline-functions
FAIL: go.go-torture/execute/var-1.go compilation,  -O2
-fomit-frame-pointer -finline-functions -funroll-loops
FAIL: go.go-torture/execute/var-1.go compilation,  -O2 -fbounds-check
FAIL: go.go-torture/execute/var-1.go compilation,  -O3 -g
FAIL: go.go-torture/execute/var-1.go compilation,  -Os
FAIL: go.go-torture/execute/var-2.go compilation,  -O0
FAIL: go.go-torture/execute/var-2.go compilation,  -O1
FAIL: go.go-torture/execute/var-2.go compilation,  -O2
FAIL: go.go-torture/execute/var-2.go compilation,  -O2
-fomit-frame-pointer -finline-functions
FAIL: go.go-torture/execute/var-2.go compilation,  -O2
-fomit-frame-pointer -finline-functions -funroll-loops
FAIL: go.go-torture/execute/var-2.go compilation,  -O2 -fbounds-check
FAIL: go.go-torture/execute/var-2.go compilation,  -O3 -g
FAIL: go.go-torture/execute/var-2.go compilation,  -Os
FAIL: go.go-torture/execute/var-3.go compilation,  -O0
FAIL: go.go-torture/execute/var-3.go compilation,  -O1
FAIL: go.go-torture/execute/var-3.go compilation,  -O2
FAIL: go.go-torture/execute/var-3.go compilation,  -O2
-fomit-frame-pointer -finline-functions
FAIL: go.go-torture/execute/var-3.go compilation,  -O2
-fomit-frame-pointer -finline-functions -funroll-loops
FAIL: go.go-torture/execute/var-3.go compilation,  -O2 -fbounds-check
FAIL: go.go-torture/execute/var-3.go compilation,  -O3 -g
FAIL: go.go-torture/execute/var-3.go compilation,  -Os
FAIL: go.test/test/235.go compilation,  -O2 -g
FAIL: go.test/test/64bit.go -O (test for excess errors)
FAIL: go.test/test/64bit.go execution
FAIL: go.test/test/args.go compilation,  -O2 -g
FAIL: assign.go  -O   (test for errors, line 19)
FAIL: assign.go  -O   (test for errors, line 24)
FAIL: assign.go  -O   (test for errors, line 29)
FAIL: assign.go  -O   (test for errors, line 34)
FAIL: assign.go  -O   (test for errors, line 38)
FAIL: assign.go  -O   (test for errors, line 42)
FAIL: assign.go  -O   (test for errors, line 48)
FAIL: assign.go  -O   (test for errors, line 49)
FAIL: assign.go  -O  (test for excess errors)
FAIL: go.test/test/bigalg.go compilation,  -O2 -g
FAIL: go.test/test/bigmap.go compilation,  -O2 -g
FAIL: go.test/test/blank.go compilation,  -O2 -g
FAIL: go.test/test/bugs/bug260.go compilation,  -O2 -g
FAIL: go.test/test/chan/doubleselect.go compilation,  -O2 -g
FAIL: go.test/test/chan/fifo.go compilation,  -O2 -g
FAIL: go.test/test/chan/goroutines.go compilation,  -O2 -g
FAIL: go.test/test/chan/nonblock.go compilation,  -O2 -g
FAIL: go.test/test/chan/powser1.go compilation,  -O2 -g
FAIL: go.test/test/chan/powser2.go compilation,  -O2 -g
FAIL: go.test/test/chan/select.go compilation,  -O2 -g
FAIL: go.test/test/chan/select2.go compilation,  -O2 -g
FAIL: go.test/test/chan/select3.go compilation,  -O2 -g
FAIL: go.test/test/chan/sieve1.go compilation,  -O2 -g
FAIL: go.test/test/chan/sieve2.go compilation,  -O2 -g
FAIL: go.test/test/chancap.go compilation,  -O2 -g
FAIL: go.test/test/char_lit.go compilation,  -O2 -g
FAIL: go.test/test/closedchan.go compilation,  -O2 -g
FAIL: go.test/test/closure.go compilation,  -O2 -g
FAIL: go.test/test/cmp1.go compilation,  -O2 -g
FAIL: cmp2.go  -O2 -g  (test for excess errors)
UNRESOLVED: cmp2.go  -O2 -g  compilation failed to produce executable
FAIL: cmp3.go  -O2 -g  (test for excess errors)
UNRESOLVED: cmp3.go  -O2 -g  compilation failed to produce executable
FAIL: cmp4.go  -O2 -g  (test for excess errors)
UNRESOLVED: cmp4.go  -O2 -g  compilation failed to produce executable
FAIL: cmp5.go  -O2 -g  (test for excess errors)
UNRESOLVED: cmp5.go  -O2 -g  compilation failed to produce executable
FAIL: go.test/test/cmplxdivide.go
FAIL: go.test/test/complit.go compilation,  -O2 -g
FAIL: go.test/test/compos.go compilation,  -O2 -g
FAIL: go.test/test/const.go compilation,  -O2 -g
FAIL: go.test/test/const3.go compilation,  -O2 -g
FAIL: go.test/test/convert.go compilation,  -O2 -g
FAIL: go.test/test/copy.go compilation,  -O2 -g
FAIL: go.test/test/ddd.go compilation,  -O2 -g
FAIL: go.test/test/ddd3.go
FAIL: go.test/test/decl.go compilation,  -O2 -g
FAIL: go.test/test/defer.go compilation,  -O2 -g
FAIL: go.test/test/deferprint.go compilation,  -O2 -g
FAIL: go.test/test/env.go compilation,  -O2 -g
FAIL: go.test/test/escape.go compilation,  -O2 -g
FAIL: go.test/test/fixedbugs/bug000.go compilation,  -O2 -g
FAIL: go.test/test/fixedbugs/bug001.go compilation,  -O2 -g
FAIL: go.test/test/fixedbugs/bug002.go compilation,  -O2 -g
FAIL: go.test/test/fixedbugs/bug003.go compilation,  -O2 -g
FAIL: go.test/test/fixedbugs/bug004.go compilation,  -O2 -g
FAIL: go.test/test/fixedbugs/bug005.go compilation,  -O2 -g
FAIL: go.test/test/fixedbugs/bug006.go compilation,  -O2 -g
FAIL: go.test/test/fixedbugs/bug007.go compilation,  -O2 -g
FAIL: go.test/test/fixedbugs/bug008.go compilation,  -O2 -g
FAIL: go.test/test/fixedbugs/bug009.go compilation,  -O2 -g
FAIL: go.test/test/fixedbugs/bug010.go compilation,  -O2 -g
FAIL: go.test/test/fixedbugs/bug011.go compilation,  -O2 -g
FAIL: go.test/test/fixedbugs/bug012.go compilation,  -O2 -g
FAIL: go.test/test/fixedbugs/bug013.go compilation,  -O2 -g
FAIL: go.test/test/fixedbugs/bug017.go compilation,  -O2 -g
FAIL: go.test/test/fixedbugs/bug021.go compilation,  -O2 -g
FAIL: go.test/test/fixedbugs/bug023.go compilation,  -O2 -g
FAIL: go.test/test/fixedbugs/bug024.go compilation,  -O2 -g
FAIL: go.test/test/fixedbugs/bug026.go compilation,  -O2 -g
FAIL: go.test/test/fixedbugs/bug027.go compilation,  -O2 -g
FAIL: go.test/test/fixedbugs/bug028.go compilation,  -O2 -g
FAIL: go.test/test/fixedbugs/bug031.go compilation,  -O2 -g
FAIL: go.test/test/fixedbugs/bug045.go compilation,  -O2 -g
FAIL: go.test/test/fixedbugs/bug047.go compilation,  -O2 -g
FAIL: go.test/test/fixedbugs/bug048.go compilation,  -O2 -g
FAIL: go.test/test/fixedbugs/bug052.go compilation,  -O2 -g
FAIL: go.test/test/fixedbugs/bug053.go compilation,  -O2 -g
FAIL: go.test/test/fixedbugs/bug054.go compilation,  -O2 -g
FAIL: go.test/test/fixedbugs/bug055.go compilation,  -O2 -g
FAIL: go.test/test/fixedbugs/bug056.go compilation,  -O2 -g
FAIL: go.test/test/fixedbugs/bug058.go compilation,  -O2 -g
FAIL: go.test/test/fixedbugs/bug059.go compilation,  -O2 -g
FAIL: go.test/test/fixedbugs/bug060.go compilation,  -O2 -g
FAIL: go.test/test/fixedbugs/bug061.go compilation,  -O2 -g
FAIL: go.test/test/fixedbugs/bug065.go compilation,  -O2 -g
FAIL: go.test/test/fixedbugs/bug067.go compilation,  -O2 -g
FAIL: go.test/test/fixedbugs/bug070.go compilation,  -O2 -g
FAIL: go.test/test/fixedbugs/bug075.go compilation,  -O2 -g
FAIL: go.test/test/fixedbugs/bug076.go compilation,  -O2 -g
FAIL: go.test/test/fixedbugs/bug078.go compilation,  -O2 -g
FAIL: go.test/test/fixedbugs/bug082.go compilation,  -O2 -g
FAIL: go.test/test/fixedbugs/bug084.go compilation,  -O2 -g
FAIL: go.test/test/fixedbugs/bug092.go compilation,  -O2 -g
FAIL: go.test/test/fixedbugs/bug093.go compilation,  -O2 -g
FAIL: go.test/test/fixedbugs/bug097.go compilation,  -O2 -g
FAIL: go.test/test/fixedbugs/bug099.go compilation,  -O2 -g
FAIL: go.test/test/fixedbugs/bug101.go compilation,  -O2 -g
FAIL: go.test/test/fixedbugs/bug102.go compilation,  -O2 -g
FAIL: bug107.go  -O  (test for excess errors)
FAIL: go.test/test/fixedbugs/bug110.go  -O  (test for excess errors)
FAIL: go.test/test/fixedbugs/bug111.go compilation,  -O2 -g
FAIL: bug113.go  -O2 -g  (test for excess errors)
UNRESOLVED: bug113.go  -O2 -g  compilation failed to produce executable
FAIL: go.test/test/fixedbugs/bug114.go compilation,  -O2 -g
FAIL: go.test/test/fixedbugs/bug116.go compilation,  -O2 -g
FAIL: go.test/test/fixedbugs/bug119.go compilation,  -O2 -g
FAIL: go.test/test/fixedbugs/bug120.go compilation,  -O2 -g
FAIL: go.test/test/fixedbugs/bug128.go compilation,  -O2 -g
FAIL: go.test/test/fixedbugs/bug129.go  -O  (test for excess errors)
FAIL: go.test/test/fixedbugs/bug130.go compilation,  -O2 -g
FAIL: go.test/test/fixedbugs/bug141.go compilation,  -O2 -g
FAIL: go.test/test/fixedbugs/bug142.go compilation,  -O2 -g
FAIL: go.test/test/fixedbugs/bug147.go compilation,  -O2 -g
FAIL: bug148.go  -O2 -g  (test for excess errors)
UNRESOLVED: bug148.go  -O2 -g  compilation failed to produce executable
FAIL: go.test/test/fixedbugs/bug152.go compilation,  -O2 -g
FAIL: go.test/test/fixedbugs/bug154.go compilation,  -O2 -g
FAIL: go.test/test/fixedbugs/bug155.go  -O  (test for excess errors)
FAIL: go.test/test/fixedbugs/bug159.go compilation,  -O2 -g
FAIL: go.test/test/fixedbugs/bug160.dir/y.go -O (test for excess errors)
ERROR: ./bug160.exe does not exist in unix_load.
UNRESOLVED: go.test/test/fixedbugs/bug160.go
FAIL: go.test/test/fixedbugs/bug167.go  -O  (test for excess errors)
FAIL: go.test/test/fixedbugs/bug168.go compilation,  -O2 -g
FAIL: go.test/test/fixedbugs/bug177.go compilation,  -O2 -g
FAIL: go.test/test/fixedbugs/bug178.go compilation,  -O2 -g
FAIL: go.test/test/fixedbugs/bug180.go compilation,  -O2 -g
FAIL: go.test/test/fixedbugs/bug184.go compilation,  -O2 -g
FAIL: go.test/test/fixedbugs/bug185.go compilation,  -O2 -g
FAIL: go.test/test/fixedbugs/bug187.go compilation,  -O2 -g
FAIL: bug188.go  -O   (test for errors, line 14)
FAIL: bug188.go  -O  (test for excess errors)
FAIL: go.test/test/fixedbugs/bug191.go
FAIL: bug192.go  -O   (test for errors, line 9)
FAIL: bug192.go  -O   (test for errors, line 11)
FAIL: bug192.go  -O  (test for excess errors)
FAIL: go.test/test/fixedbugs/bug194.go compilation,  -O2 -g
FAIL: go.test/test/fixedbugs/bug196.go compilation,  -O2 -g
FAIL: go.test/test/fixedbugs/bug199.go compilation,  -O2 -g
FAIL: go.test/test/fixedbugs/bug201.go compilation,  -O2 -g
FAIL: go.test/test/fixedbugs/bug202.go compilation,  -O2 -g
FAIL: go.test/test/fixedbugs/bug203.go compilation,  -O2 -g
FAIL: go.test/test/fixedbugs/bug204.go compilation,  -O2 -g
FAIL: go.test/test/fixedbugs/bug206.go compilation,  -O2 -g
FAIL: go.test/test/fixedbugs/bug207.go compilation,  -O2 -g
FAIL: go.test/test/fixedbugs/bug221.go compilation,  -O2 -g
FAIL: go.test/test/fixedbugs/bug225.go compilation,  -O2 -g
FAIL: go.test/test/fixedbugs/bug227.go compilation,  -O2 -g
FAIL: bug229.go  -O   (test for errors, line 17)
FAIL: bug229.go  -O   (test for errors, line 19)
FAIL: bug229.go  -O  (test for excess errors)
FAIL: go.test/test/fixedbugs/bug230.go compilation,  -O2 -g
FAIL: go.test/test/fixedbugs/bug233.go  -O  (test for excess errors)
FAIL: go.test/test/fixedbugs/bug234.go compilation,  -O2 -g
FAIL: go.test/test/fixedbugs/bug236.go compilation,  -O2 -g
FAIL: go.test/test/fixedbugs/bug237.go compilation,  -O2 -g
FAIL: go.test/test/fixedbugs/bug242.go compilation,  -O2 -g
FAIL: go.test/test/fixedbugs/bug243.go compilation,  -O2 -g
FAIL: go.test/test/fixedbugs/bug244.go compilation,  -O2 -g
FAIL: go.test/test/fixedbugs/bug246.go compilation,  -O2 -g
FAIL: go.test/test/fixedbugs/bug247.go compilation,  -O2 -g
FAIL: go.test/test/fixedbugs/bug248.dir/bug2.go -O (test for excess errors)
FAIL: go.test/test/fixedbugs/bug248.go
FAIL: go.test/test/fixedbugs/bug253.go compilation,  -O2 -g
FAIL: go.test/test/fixedbugs/bug254.go compilation,  -O2 -g
FAIL: go.test/test/fixedbugs/bug257.go compilation,  -O2 -g
FAIL: go.test/test/fixedbugs/bug258.go compilation,  -O2 -g
FAIL: go.test/test/fixedbugs/bug259.go compilation,  -O2 -g
FAIL: go.test/test/fixedbugs/bug261.go compilation,  -O2 -g
FAIL: go.test/test/fixedbugs/bug262.go compilation,  -O2 -g
FAIL: go.test/test/fixedbugs/bug263.go compilation,  -O2 -g
FAIL: go.test/test/fixedbugs/bug264.go compilation,  -O2 -g
FAIL: go.test/test/fixedbugs/bug265.go compilation,  -O2 -g
FAIL: go.test/test/fixedbugs/bug266.go compilation,  -O2 -g
FAIL: go.test/test/fixedbugs/bug268.go compilation,  -O2 -g
FAIL: go.test/test/fixedbugs/bug269.go compilation,  -O2 -g
FAIL: go.test/test/fixedbugs/bug271.go compilation,  -O2 -g
FAIL: go.test/test/fixedbugs/bug272.go compilation,  -O2 -g
FAIL: go.test/test/fixedbugs/bug273.go compilation,  -O2 -g
FAIL: go.test/test/fixedbugs/bug276.go compilation,  -O2 -g
FAIL: go.test/test/fixedbugs/bug279.go compilation,  -O2 -g
FAIL: go.test/test/fixedbugs/bug281.go compilation,  -O2 -g
FAIL: go.test/test/fixedbugs/bug285.go compilation,  -O2 -g
FAIL: go.test/test/fixedbugs/bug286.go compilation,  -O2 -g
FAIL: go.test/test/fixedbugs/bug290.go compilation,  -O2 -g
FAIL: go.test/test/fixedbugs/bug291.go compilation,  -O2 -g
FAIL: go.test/test/fixedbugs/bug292.go compilation,  -O2 -g
FAIL: go.test/test/fixedbugs/bug293.go compilation,  -O2 -g
FAIL: go.test/test/fixedbugs/bug294.go compilation,  -O2 -g
FAIL: go.test/test/fixedbugs/bug295.go compilation,  -O2 -g
FAIL: go.test/test/fixedbugs/bug296.go compilation,  -O2 -g
FAIL: go.test/test/fixedbugs/bug303.go compilation,  -O2 -g
FAIL: go.test/test/float_lit.go compilation,  -O2 -g
FAIL: go.test/test/floatcmp.go compilation,  -O2 -g
FAIL: go.test/test/for.go compilation,  -O2 -g
FAIL: go.test/test/func.go compilation,  -O2 -g
FAIL: go.test/test/func2.go  -O  (test for excess errors)
FAIL: go.test/test/func5.go compilation,  -O2 -g
FAIL: go.test/test/gc.go compilation,  -O2 -g
FAIL: go.test/test/gc1.go compilation,  -O2 -g
FAIL: go.test/test/hashmap.go compilation,  -O2 -g
FAIL: go.test/test/helloworld.go compilation,  -O2 -g
FAIL: go.test/test/if.go compilation,  -O2 -g
FAIL: go.test/test/if1.go compilation,  -O2 -g
FAIL: go.test/test/import.go  -O  (test for excess errors)
FAIL: import1.go  -O   (test for errors, line 11)
FAIL: import1.go  -O   (test for errors, line 12)
FAIL: import1.go  -O   (test for errors, line 15)
FAIL: import1.go  -O   (test for errors, line 16)
FAIL: import1.go  -O  (test for excess errors)
FAIL: go.test/test/index.go -O (test for excess errors)
FAIL: go.test/test/index.go execution 0
FAIL: go.test/test/index.go execution 1
FAIL: go.test/test/index.go execution 2
FAIL: go.test/test/indirect.go compilation,  -O2 -g
FAIL: go.test/test/initcomma.go compilation,  -O2 -g
FAIL: go.test/test/initialize.go compilation,  -O2 -g
FAIL: go.test/test/initsyscall.go compilation,  -O2 -g
FAIL: go.test/test/int_lit.go compilation,  -O2 -g
FAIL: go.test/test/intcvt.go compilation,  -O2 -g
FAIL: go.test/test/interface/bigdata.go compilation,  -O2 -g
FAIL: go.test/test/interface/convert.go compilation,  -O2 -g
FAIL: go.test/test/interface/convert1.go compilation,  -O2 -g
FAIL: go.test/test/interface/convert2.go compilation,  -O2 -g
FAIL: go.test/test/interface/embed.go compilation,  -O2 -g
FAIL: go.test/test/interface/embed1.go
FAIL: fail.go  -O2 -g  (test for excess errors)
UNRESOLVED: fail.go  -O2 -g  compilation failed to produce executable
FAIL: go.test/test/interface/fake.go compilation,  -O2 -g
FAIL: go.test/test/interface/receiver.go compilation,  -O2 -g
FAIL: returntype.go  -O2 -g  (test for excess errors)
UNRESOLVED: returntype.go  -O2 -g  compilation failed to produce executable
FAIL: go.test/test/interface/struct.go compilation,  -O2 -g
FAIL: go.test/test/iota.go compilation,  -O2 -g
FAIL: go.test/test/ken/array.go compilation,  -O2 -g
FAIL: go.test/test/ken/chan.go compilation,  -O2 -g
FAIL: go.test/test/ken/chan1.go compilation,  -O2 -g
FAIL: go.test/test/ken/complit.go compilation,  -O2 -g
FAIL: go.test/test/ken/cplx0.go compilation,  -O2 -g
FAIL: go.test/test/ken/cplx1.go compilation,  -O2 -g
FAIL: go.test/test/ken/cplx2.go compilation,  -O2 -g
FAIL: go.test/test/ken/cplx3.go compilation,  -O2 -g
FAIL: go.test/test/ken/cplx4.go compilation,  -O2 -g
FAIL: go.test/test/ken/cplx5.go compilation,  -O2 -g
FAIL: go.test/test/ken/divconst.go compilation,  -O2 -g
FAIL: go.test/test/ken/divmod.go compilation,  -O2 -g
FAIL: go.test/test/ken/embed.go compilation,  -O2 -g
FAIL: go.test/test/ken/for.go compilation,  -O2 -g
FAIL: go.test/test/ken/interbasic.go compilation,  -O2 -g
FAIL: go.test/test/ken/interfun.go compilation,  -O2 -g
FAIL: go.test/test/ken/intervar.go compilation,  -O2 -g
FAIL: go.test/test/ken/label.go compilation,  -O2 -g
FAIL: go.test/test/ken/litfun.go compilation,  -O2 -g
FAIL: go.test/test/ken/mfunc.go compilation,  -O2 -g
FAIL: go.test/test/ken/modconst.go compilation,  -O2 -g
FAIL: go.test/test/ken/ptrfun.go compilation,  -O2 -g
FAIL: go.test/test/ken/ptrvar.go compilation,  -O2 -g
FAIL: go.test/test/ken/range.go compilation,  -O2 -g
FAIL: go.test/test/ken/rob1.go compilation,  -O2 -g
FAIL: go.test/test/ken/rob2.go compilation,  -O2 -g
FAIL: go.test/test/ken/robfor.go compilation,  -O2 -g
FAIL: go.test/test/ken/robfunc.go compilation,  -O2 -g
FAIL: go.test/test/ken/robif.go compilation,  -O2 -g
FAIL: go.test/test/ken/shift.go compilation,  -O2 -g
FAIL: go.test/test/ken/simparray.go compilation,  -O2 -g
FAIL: go.test/test/ken/simpbool.go compilation,  -O2 -g
FAIL: go.test/test/ken/simpconv.go compilation,  -O2 -g
FAIL: go.test/test/ken/simpfun.go compilation,  -O2 -g
FAIL: go.test/test/ken/simpprint.go compilation,  -O2 -g
FAIL: go.test/test/ken/simpswitch.go compilation,  -O2 -g
FAIL: go.test/test/ken/simpvar.go compilation,  -O2 -g
FAIL: go.test/test/ken/slicearray.go compilation,  -O2 -g
FAIL: go.test/test/ken/sliceslice.go compilation,  -O2 -g
FAIL: go.test/test/ken/string.go compilation,  -O2 -g
FAIL: go.test/test/ken/strvar.go compilation,  -O2 -g
FAIL: go.test/test/literal.go compilation,  -O2 -g
FAIL: go.test/test/malloc1.go compilation,  -O2 -g
FAIL: go.test/test/mallocfin.go compilation,  -O2 -g
FAIL: go.test/test/mallocrand.go compilation,  -O2 -g
FAIL: go.test/test/mallocrep.go compilation,  -O2 -g
FAIL: go.test/test/mallocrep1.go compilation,  -O2 -g
FAIL: go.test/test/map.go compilation,  -O2 -g
FAIL: go.test/test/method.go compilation,  -O2 -g
FAIL: go.test/test/method3.go compilation,  -O2 -g
FAIL: go.test/test/named.go compilation,  -O2 -g
FAIL: go.test/test/nil.go compilation,  -O2 -g
FAIL: arrayindex.go  -O2 -g  (test for excess errors)
UNRESOLVED: arrayindex.go  -O2 -g  compilation failed to produce executable
FAIL: arrayindex1.go  -O2 -g  (test for excess errors)
UNRESOLVED: arrayindex1.go  -O2 -g  compilation failed to produce executable
FAIL: arraytoslice.go  -O2 -g  (test for excess errors)
UNRESOLVED: arraytoslice.go  -O2 -g  compilation failed to produce executable
FAIL: arraytoslice1.go  -O2 -g  (test for excess errors)
UNRESOLVED: arraytoslice1.go  -O2 -g  compilation failed to produce
executable
FAIL: arraytoslice2.go  -O2 -g  (test for excess errors)
UNRESOLVED: arraytoslice2.go  -O2 -g  compilation failed to produce
executable
FAIL: slicearray.go  -O2 -g  (test for excess errors)
UNRESOLVED: slicearray.go  -O2 -g  compilation failed to produce executable
FAIL: structfield.go  -O2 -g  (test for excess errors)
UNRESOLVED: structfield.go  -O2 -g  compilation failed to produce executable
FAIL: structfield1.go  -O2 -g  (test for excess errors)
UNRESOLVED: structfield1.go  -O2 -g  compilation failed to produce executable
FAIL: structfield2.go  -O2 -g  (test for excess errors)
UNRESOLVED: structfield2.go  -O2 -g  compilation failed to produce executable
FAIL: structfieldaddr.go  -O2 -g  (test for excess errors)
UNRESOLVED: structfieldaddr.go  -O2 -g  compilation failed to produce
executable
FAIL: go.test/test/nul1.go -O (test for excess errors)
FAIL: go.test/test/nul1.go execution
FAIL: go.test/test/peano.go compilation,  -O2 -g
FAIL: go.test/test/printbig.go compilation,  -O2 -g
FAIL: go.test/test/range.go compilation,  -O2 -g
FAIL: go.test/test/recover.go compilation,  -O2 -g
FAIL: go.test/test/recover1.go compilation,  -O2 -g
FAIL: go.test/test/recover2.go compilation,  -O2 -g
FAIL: go.test/test/recover3.go compilation,  -O2 -g
FAIL: go.test/test/rename.go compilation,  -O2 -g
FAIL: runtime.go  -O   (test for errors, line 19)
FAIL: runtime.go  -O  (test for excess errors)
FAIL: go.test/test/sieve.go  -O  (test for excess errors)
FAIL: go.test/test/sigchld.go compilation,  -O2 -g
FAIL: go.test/test/simassign.go compilation,  -O2 -g
FAIL: go.test/test/solitaire.go  -O  (test for excess errors)
FAIL: go.test/test/stack.go compilation,  -O2 -g
FAIL: go.test/test/string_lit.go compilation,  -O2 -g
FAIL: go.test/test/stringrange.go compilation,  -O2 -g
FAIL: go.test/test/switch.go compilation,  -O2 -g
FAIL: go.test/test/switch1.go compilation,  -O2 -g
FAIL: import.go  -O  (test for excess errors)
FAIL: go.test/test/test0.go compilation,  -O2 -g
FAIL: go.test/test/turing.go compilation,  -O2 -g
FAIL: go.test/test/typeswitch.go compilation,  -O2 -g
FAIL: go.test/test/typeswitch1.go compilation,  -O2 -g
FAIL: typeswitch2.go  -O  (test for excess errors)
FAIL: go.test/test/utf.go compilation,  -O2 -g
FAIL: go.test/test/varinit.go compilation,  -O2 -g
FAIL: go.test/test/vectors.go compilation,  -O2 -g
FAIL: go.test/test/zerodivide.go compilation,  -O2 -g

                === go Summary ===

# of expected passes            664
# of unexpected failures        562
# of expected failures          6
# of unresolved testcases       19
# of untested testcases         493
/opt/bw/src/GCC/gcc-4.6.2-SunOS5.8-sparc/gcc/testsuite/go/../../gccgo 
version 4.6.2 (Blastwave.org Inc Wed Nov  2 14:12:26 GMT 2011)

                === objc tests ===


Running target unix

                === objc Summary ===

# of expected passes            2916
# of expected failures          10
# of unsupported tests          74
/opt/bw/src/GCC/gcc-4.6.2-SunOS5.8-sparc/gcc/xgcc  version 4.6.2
(Blastwave.org Inc Wed Nov  2 14:12:26 GMT 2011)

                === libffi tests ===


Running target unix

                === libffi Summary ===

# of expected passes            1634
# of expected failures          10
# of unsupported tests          15
                === libgomp tests ===


Running target unix

                === libgomp Summary ===

# of expected passes            2612
# of unsupported tests          10
                === libstdc++ tests ===


Running target unix

                === libstdc++ Summary ===

# of expected passes            6880
# of expected failures          84
# of unsupported tests          742

Compiler version: 4.6.2 (Blastwave.org Inc Wed Nov 2 14:12:26 GMT 2011)
Platform: sparc-sun-solaris2.8
configure flags: --host=sparc-sun-solaris2.8 --build=sparc-sun-solaris2.8
--with-as=/usr/ccs/bin/as --without-gnu-ld --with-ld=/usr/ccs/bin/ld
--enable-multilib --enable-nls --enable-threads=posix --prefix=/opt/bw
--enable-shared --libdir=/opt/bw/lib/sparcv8
--with-gmp-include=/opt/bw/include --with-gmp-lib=/opt/bw/lib/sparcv8
--with-mpfr-include=/opt/bw/include --with-mpfr-lib=/opt/bw/lib/sparcv8
--with-mpc-include=/opt/bw/include --with-mpc-lib=/opt/bw/lib/sparcv8
--libexecdir=/opt/bw/lib --with-gxx-include-dir=/opt/bw/include
--with-local-prefix=/opt/bw/include --with-pkgversion='Blastwave.org Inc
Wed Nov  2 14:12:26 GMT 2011'
--with-bugurl=http://www.blastwave.org/support
--enable-languages=c,c++,go,objc,fortran,ada --enable-bootstrap
EOF


-- 
--
http://pgp.mit.edu:11371/pks/lookup?op=vindex&search=0x1D936C72FA35B44B
+-------------------------+-----------------------------------+
| Dennis Clarke           | Solaris and Linux and Open Source |
| dclarke@blastwave.org   | Respect for open standards.       |
+-------------------------+-----------------------------------+


Index Nav: [Date Index] [Subject Index] [Author Index] [Thread Index]
Message Nav: [Date Prev] [Date Next] [Thread Prev] [Thread Next]